Brier Weather Station

:Now::Gauges::Today::Yesterday::This Month::Monthly Records::This Year::Data Summary::NOAA Style Reports::Records::Trends::Sky Cam::Discussion::Air Quality::Mobile Display Site::System Info:

 Latitude N 47° 46' 49"    Longitude W 122° 16' 48"    Elevation 341 ft

Select a Year or Month report

Report for 2019 Jun
                   Monthly Climatological Summary for Jun 2019

Name: Brierweather   City: Brier   State: Wa
Elevation: 341 ft  Lat: N 47° 46' 49"   Lon: W 122° 16' 48"

                  Temperature (°F), Rain (in), Wind Speed (mph)

                                      Heat  Cool        Avg
    Mean                              Deg   Deg         Wind                 Dom
Day Temp  High   Time   Low    Time   Days  Days  Rain  Speed High   Time    Dir
----------------------------------------------------------------------------------
 1  61.0  73.6   3:10p  51.0   5:09a   5.6   1.6  0.00   0.9  10.0   6:16p   WNW
 2  62.3  76.1   3:06p  50.3   5:09a   5.0   2.3  0.00   0.8   9.0   7:08p     W
 3  58.6  67.2   3:08p  54.1  11:54p   6.5   0.0  0.00   0.7   8.0   2:38p    NW
 4  57.9  69.8   4:06p  45.0   5:07a   7.7   0.7  0.00   0.8   8.0   3:30p   WSW
 5  57.7  67.6   3:07p  49.4   5:09a   7.4   0.1  0.00   0.8  10.0   5:17p    NW
 6  54.5  63.8   1:28p  48.3   6:26a  10.5   0.0  0.13   0.6   8.0   2:30p    SW
 7  53.9  63.2   2:31p  47.8   5:36a  11.1   0.0  0.00   0.7   9.0   4:16p   SSE
 8  57.6  66.7   3:19p  51.9   5:35a   7.5   0.1  0.00   0.8   8.0  10:50a     W
 9  58.6  68.9  12:52p  46.1   5:09a   7.2   0.7  0.00   1.1  11.0   2:03p     W
10  62.4  74.0   3:55p  48.6   4:49a   5.0   2.5  0.00   1.4  11.0   2:01p     W
11  68.1  79.9   4:52p  54.3   5:53a   2.5   5.6  0.00   1.5  11.0   8:40a     W
12  75.0  90.3   3:10p  60.0   5:00a   0.8  10.8  0.00   0.6   6.0   8:16a     W
13  66.4  77.7   3:39p  57.3  11:33p   1.7   3.1  0.00   1.1  12.0   7:58p   NNW
14  60.6  69.0   6:18p  54.3  11:58p   4.9   0.5  0.00   0.4   8.0  12:12p   WSW
15  60.3  71.8   5:38p  50.1   4:06a   6.1   1.5  0.00   0.5   8.0   3:55p     W
16  62.6  74.0   2:54p  49.8   5:25a   4.8   2.4  0.00   0.8   8.0  11:00a     W
17  64.5  75.3   3:33p  52.2   5:48a   3.4   2.9  0.00   0.8   7.0   8:44a     W
18  58.9  62.2   5:13p  55.2  11:41p   6.1   0.0  0.02   0.2   6.0   1:17a   NNE
19  57.3  66.4   2:01p  51.1  11:57p   7.7   0.0  0.09   0.8  11.0   5:27p     N
20  57.2  67.5   6:21p  49.6   4:13a   7.9   0.1  0.25   0.4   8.0   6:44p   WSW
21  60.9  70.3   3:33p  52.9   2:51a   5.0   0.9  0.00   0.6  10.0  10:14a   WSW
22  58.5  62.9   6:07p  54.5   2:40a   6.5   0.0  0.00   0.4   8.0   9:14a   WSW
23  55.6  60.8   2:21p  52.4  11:39p   9.4   0.0  0.06   0.4   8.0   7:29p   NNE
24  57.0  66.8   5:08p  51.6   4:36a   8.1   0.1  0.14   0.3   8.0   5:05p   WSW
25  60.2  74.0   4:05p  46.0   5:25a   6.7   1.9  0.00   0.8   9.0   3:38p   WSW
26  60.0  70.0  12:40p  51.1   3:47a   5.5   0.5  0.00   0.6  11.0   4:19p     W
27  62.1  71.7   2:20p  56.4   5:32a   3.9   1.1  0.01   0.8   9.0  10:11a   SSE
28  62.2  71.7   3:49p  56.0   1:49a   4.0   1.2  0.00   0.7  10.0   4:52p   WSW
29  63.0  74.0   2:28p  51.6   5:01a   4.1   2.1  0.00   1.1  11.0   3:34p     W
30  64.7  76.6   4:06p  49.7   5:22a   4.0   3.7  0.00   1.4  11.0  12:42p     W
----------------------------------------------------------------------------------
    60.7  90.3    12    45.0     4   176.6  46.4  0.70   0.8  12.0    13       W

Max >=  80.0:  1
Max <=  32.0:  0
Min <=  32.0:  0
Min <=   0.0:  0
Max Rain: 0.25 on day 20
Days of Rain: 7 (>= 0.01 in)  3 (>= 0.10 in)  0 (>= 1.00 in)
Heat Base: 65.0  Cool Base: 65.0  Method: Integration
:Now::Gauges::Today::Yesterday::This Month::Monthly Records::This Year::Data Summary::NOAA Style Reports::Records::Trends::Sky Cam::Discussion::Air Quality::Mobile Display Site::System Info: