Brier Weather Station

:Now::Gauges::Today::Yesterday::This Month::Monthly Records::This Year::Data Summary::NOAA Style Reports::Records::Trends::Sky Cam::Discussion::Air Quality::Mobile Display Site::System Info:

 Latitude N 47° 46' 49"    Longitude W 122° 16' 48"    Elevation 341 ft

Select a Year or Month report

Report for 2018 Jul
                   Monthly Climatological Summary for Jul 2018

Name: Brierweather   City: Brier   State: Wa
Elevation: 341 ft  Lat: N 47° 46' 49"   Lon: W 122° 16' 48"

                  Temperature (°F), Rain (in), Wind Speed (mph)

                                      Heat  Cool        Avg
    Mean                              Deg   Deg         Wind                 Dom
Day Temp  High   Time   Low    Time   Days  Days  Rain  Speed High   Time    Dir
----------------------------------------------------------------------------------
 1  58.0  62.4   3:05p  54.5  11:30p   7.0   0.0  0.21   0.3   8.0   2:24p   NNE
 2  57.0  66.2   3:49p  49.7  11:47p   8.0   0.0  0.10   0.6   8.0   4:33p     N
 3  59.9  73.0   2:42p  46.6   5:23a   6.8   1.7  0.00   0.9   9.0   3:46p     W
 4  65.1  75.9   1:31p  52.5   4:36a   3.0   3.1  0.00   1.1   8.0   2:12p   WSW
 5  69.4  83.2   3:41p  56.3   5:29a   1.7   6.1  0.00   0.9   9.0   9:57a     W
 6  68.3  78.1   3:58p  58.6   5:08a   1.1   4.4  0.00   1.4  16.0   4:37p   WSW
 7  64.5  73.6   3:46p  58.0  11:57p   2.3   1.8  0.00   0.8   8.0   2:27a   WSW
 8  64.3  75.3   4:29p  51.5   5:12a   3.6   2.9  0.00   1.3  10.0  11:22a     W
 9  63.8  76.0   2:44p  54.3   5:40a   3.0   1.9  0.00   0.7   9.0   2:27p   WSW
10  63.6  74.2   4:01p  57.2   6:11a   3.2   1.8  0.00   0.8  10.0   3:20p     W
11  66.1  76.9   3:18p  53.9   5:55a   2.8   3.8  0.00   1.5  12.0  11:22a     W
12  69.6  84.0   3:08p  53.2   5:54a   3.0   7.5  0.00   1.1  11.0   3:35p     W
13  69.7  82.4   4:09p  55.2   5:36a   1.7   6.4  0.00   1.0   8.0  10:06a     W
14  68.1  81.9   4:01p  54.0   5:49a   2.1   5.3  0.00   1.4  10.0  11:49a     W
15  72.9  87.8   4:08p  55.7   5:29a   1.9   9.7  0.00   1.3  12.0   7:20p     W
16  71.5  87.2   3:48p  55.0   5:45a   2.1   8.5  0.00   1.1  12.0   4:37p     W
17  71.2  86.0   3:22p  57.9   5:42a   1.5   7.7  0.00   0.7   8.0   4:28p   WSW
18  66.0  76.0   2:37p  58.4  11:38p   1.9   2.9  0.00   0.9  11.0   8:47p     W
19  60.7  66.4   3:13p  55.5   2:01a   4.4   0.1  0.00   0.4   7.0   2:40p   WSW
20  62.5  72.7   4:09p  55.3   2:56a   4.0   1.5  0.00   0.8   9.0   1:52p   WSW
21  62.9  76.8   2:41p  49.5   5:48a   4.8   2.7  0.00   1.2  11.0   6:25p     W
22  67.5  82.5   4:17p  52.1   4:28a   3.5   6.0  0.00   1.1   8.0  12:23p     W
23  71.2  86.3   3:07p  55.0   6:04a   2.3   8.5  0.00   1.0   8.0   1:43p     W
24  70.6  85.6   3:14p  55.3   5:42a   2.1   7.6  0.00   1.0   9.0   2:55p     W
25  71.5  85.3   5:09p  55.9   5:27a   2.1   8.6  0.00   1.0   8.0   1:27p     W
26  73.6  88.0   4:09p  57.2   6:19a   1.3   9.9  0.00   0.9   7.0   2:07p   WNW
27  71.4  85.2   3:07p  57.8   6:00a   1.2   7.7  0.00   0.7   8.0   4:04p   WSW
28  69.7  83.0   2:50p  59.9   7:02a   1.2   5.8  0.00   0.5   8.0   3:40p   WSW
29  73.1  87.8   3:26p  58.8   5:44a   1.3   9.4  0.00   0.9   9.0   3:36p     W
30  73.9  88.5   2:03p  61.4   5:50a   0.4   9.3  0.00   0.9   7.0   1:01p   WSW
31  68.3  77.7   3:05p  60.3   5:28a   1.0   4.3  0.00   0.9  11.0  12:55p   WSW
----------------------------------------------------------------------------------
    67.3  88.5    30    46.6     3    86.3 156.9  0.31   0.9  16.0     6       W

Max >=  80.0: 16
Max <=  32.0:  0
Min <=  32.0:  0
Min <=   0.0:  0
Max Rain: 0.21 on day 1
Days of Rain: 2 (>= 0.01 in)  2 (>= 0.10 in)  0 (>= 1.00 in)
Heat Base: 65.0  Cool Base: 65.0  Method: Integration
:Now::Gauges::Today::Yesterday::This Month::Monthly Records::This Year::Data Summary::NOAA Style Reports::Records::Trends::Sky Cam::Discussion::Air Quality::Mobile Display Site::System Info: