Brier Weather Station

:Now::Gauges::Today::Yesterday::This Month::Monthly Records::This Year::Data Summary::NOAA Style Reports::Records::Trends::Sky Cam::Discussion::Air Quality::Mobile Display Site::System Info:

 Latitude N 47° 46' 49"    Longitude W 122° 16' 48"    Elevation 341 ft

Select a Year or Month report

Report for 2020 Dec
                   Monthly Climatological Summary for Dec 2020

Name: Brierweather   City: Brier   State: Wa
Elevation: 341 ft  Lat: N 47° 46' 49"   Lon: W 122° 16' 48"

                  Temperature (°F), Rain (in), Wind Speed (mph)

                                      Heat  Cool        Avg
    Mean                              Deg   Deg         Wind                 Dom
Day Temp  High   Time   Low    Time   Days  Days  Rain  Speed High   Time    Dir
----------------------------------------------------------------------------------
 1  39.7  46.6   2:28p  35.0   7:59a  25.3   0.0  0.00   0.3  10.0   2:31p     N
 2  39.2  52.8   1:08p  32.6   7:35a  25.8   0.0  0.00   0.0   5.0  12:23p   SSW
 3  40.2  49.0   1:57p  33.9   7:01a  24.8   0.0  0.00   0.0   3.0  10:58a   ---
 4  40.0  49.4   1:44p  34.4  11:57p  25.0   0.0  0.00   0.0   3.0   4:44p    SW
 5  40.4  52.0   1:56p  32.9   3:19a  24.5   0.0  0.00   0.0   4.0  10:17a   WSW
 6  46.7  52.5   1:57p  41.5  11:34p  18.3   0.0  0.01   0.1   7.0   5:51a   ENE
 7  48.4  52.9  10:11p  41.5  12:03a  16.6   0.0  0.00   0.1   7.0  11:08p   ENE
 8  49.4  51.5  10:53a  47.0  11:55p  15.6   0.0  0.42   0.5   9.0   4:16p   WNW
 9  44.6  47.3   1:39a  36.6  11:29p  20.4   0.0  0.05   0.0   6.0   7:30a   WSW
10  38.9  42.5   3:22p  35.1   2:08a  26.1   0.0  0.01   0.1   7.0   9:03p   WSW
11  39.9  44.2   2:03p  32.7  11:12p  25.1   0.0  0.00   0.0   5.0   4:38a   NNE
12  33.5  38.8   2:45p  30.2   8:41a  31.5   0.0  0.00   0.0   4.0   1:59a    NE
13  40.0  42.7   5:12p  34.0  12:00a  25.0   0.0  0.10   0.1   7.0   5:18a   ESE
14  43.8  46.4   2:22p  41.3   9:01p  21.2   0.0  0.04   0.0   5.0   3:14p   NNW
15  45.1  47.9   7:36p  42.1  12:17a  19.9   0.0  0.06   0.6   8.0   6:53p    NE
16  46.6  48.8  12:57p  45.1  11:29p  18.4   0.0  0.32   0.6  14.0   3:58p   ENE
17  46.4  49.4   1:33p  44.1   4:36a  18.6   0.0  0.02   0.6  12.0  12:54a    NE
18  46.1  50.4   5:28p  43.9   9:32a  18.9   0.0  0.21   0.4  11.0   7:01p    NE
19  46.3  52.3  11:54p  44.4   8:43a  18.7   0.0  0.18   0.2   8.0  10:20p   ENE
20  49.0  53.3   2:02a  45.7  11:59p  16.0   0.0  0.05   0.3  10.0   1:26a   NNE
21  42.3  54.8  12:16p  33.4   7:25p  22.7   0.0  1.37   0.7  14.0   2:39p     W
22  35.3  41.1  12:40p  30.8  11:59p  29.7   0.0  0.22   0.0   4.0   1:26a   WSW
23  32.1  37.8   2:50p  29.1   5:28a  32.9   0.0  0.01   0.0   5.0  12:42p   NNE
24  31.7  37.9   2:28p  26.8   8:11a  33.3   0.0  0.01   0.0   4.0   9:53a     E
25  38.3  43.6   3:49p  31.0  12:34a  26.7   0.0  0.27   0.2  11.0   5:28a     E
26  44.5  47.4  12:56p  39.9   1:43a  20.5   0.0  0.02   0.6  10.0  11:18a    NE
27  41.2  46.1   3:16p  33.6  11:56p  23.8   0.0  0.08   0.0   4.0  11:52a   NNE
28  37.5  43.6   2:47p  31.9   8:09a  27.5   0.0  0.00   0.3   9.0   1:59p   NNW
29  39.0  40.9  11:22p  36.0   8:09a  26.0   0.0  0.15   0.0   4.0  12:28p   ENE
30  43.0  46.0  11:26p  40.7  12:43a  22.0   0.0  0.28   0.3   9.0   8:54p     E
31  47.4  48.2   1:28p  46.0  12:00a  17.6   0.0  0.09   0.4  11.0   3:32a    NE
----------------------------------------------------------------------------------
    41.8  54.8    21    26.8    24   718.4   0.0  3.97   0.2  14.0    16      NE

Max >=  80.0:  0
Max <=  32.0:  0
Min <=  32.0:  6
Min <=   0.0:  0
Max Rain: 1.37 on day 21
Days of Rain: 22 (>= 0.01 in)  10 (>= 0.10 in)  1 (>= 1.00 in)
Heat Base: 65.0  Cool Base: 65.0  Method: Integration
:Now::Gauges::Today::Yesterday::This Month::Monthly Records::This Year::Data Summary::NOAA Style Reports::Records::Trends::Sky Cam::Discussion::Air Quality::Mobile Display Site::System Info: