Brier Weather Station

:Now::Gauges::Today::Yesterday::This Month::Monthly Records::This Year::Data Summary::Records::Trends::System Info:

 Latitude N 47° 46' 49"    Longitude W 122° 16' 48"    Elevation 341 ft


Report for 2017 Nov
                   Monthly Climatological Summary for Nov 2017

Name: Brierweather   City: Brier   State: Wa
Elevation: 341 ft  Lat: N 47° 46' 49"   Lon: W 122° 16' 48"

                  Temperature (°F), Rain (in), Wind Speed (mph)

                                      Heat  Cool        Avg
    Mean                              Deg   Deg         Wind                 Dom
Day Temp  High   Time   Low    Time   Days  Days  Rain  Speed High   Time    Dir
----------------------------------------------------------------------------------
 1  49.8  53.9   2:37p  45.6  12:00a  15.2   0.0  0.07   0.1   6.0  10:45a    SE
 2  46.2  48.3  11:25a  41.8  10:02p  18.8   0.0  0.13   0.9  12.0   3:32p    NE
 3  35.6  42.4  12:03a  30.5  11:33p  29.4   0.0  0.59   0.6  10.0   1:29a   WNW
 4  34.7  38.6   4:49p  29.3   2:21a  30.3   0.0  0.29   0.1   7.0   3:39p     E
 5  36.1  37.9   4:34p  34.2  11:52p  30.1   0.0  0.49   0.8  12.0   3:13p     W
 6  36.1  43.4   2:43p  30.7  11:53p  28.9   0.0  0.00   0.0   4.0  10:13a    NE
 7  38.0  46.3   2:20p  29.9   4:05a  27.0   0.0  0.00   0.1   7.0  12:19p     E
 8  45.6  54.5   1:03p  38.2   6:52a  19.4   0.0  0.07   0.5  14.0  10:00a   ESE
 9  44.9  48.2   2:13p  38.7   4:53a  20.1   0.0  0.17   0.1   6.0   5:27p   ENE
10  42.0  50.1   2:09p  35.4  11:46p  23.0   0.0  0.01   0.2   7.0   9:43a     W
11  43.7  48.7   2:22p  35.0  12:29a  21.3   0.0  0.10   0.0   4.0  10:14a     W
12  48.2  53.6   1:17p  45.8  12:00a  16.8   0.0  0.57   0.0   5.0   6:36a     E
13  47.5  51.2   1:03p  45.3   5:22p  17.5   0.0  0.44   1.7  17.0   5:52p   ENE
14  49.3  53.3   5:32p  44.7   4:03a  15.7   0.0  0.07   1.2  15.0   9:36p     E
15  45.4  48.6  12:06a  43.4   9:43p  19.6   0.0  0.65   0.2  13.0   5:19a     E
16  43.7  45.0   1:09p  42.6   4:55a  21.3   0.0  0.02   0.8  10.0   7:21a   NNE
17  43.8  48.5   1:17p  39.3   4:17a  21.2   0.0  0.00   0.3   7.0   1:18p   WSW
18  45.9  51.2   1:08p  41.1   8:01p  19.1   0.0  0.00   0.1   5.0   5:50a   ESE
19  44.0  49.3  10:57a  41.1   2:27a  21.0   0.0  0.32   0.3  15.0   2:07p   ENE
20  44.1  48.0  10:47a  34.8  11:52p  20.9   0.0  0.39   0.3   8.0   7:48a     W
21  46.3  56.2   7:05p  34.6  12:36a  18.7   0.0  1.07   0.1   5.0   6:32p    NE
22  58.4  61.5   2:14p  55.4   1:25a   6.6   0.0  0.57   0.2  11.0  11:31p   ESE
23  51.8  58.0  12:00a  46.7  10:25p  13.2   0.0  0.33   0.7   9.0  12:17a    NE
24  47.5  50.5  11:47a  45.6   7:01a  17.5   0.0  0.01   0.5   9.0   4:00a    NE
25  47.2  50.8   1:38p  42.1   6:49a  17.8   0.0  0.15   0.1   7.0   8:47p     E
26  47.7  54.5  11:28a  42.5   9:02p  17.3   0.0  0.35   0.5  16.0  11:53a     N
27  43.9  47.0   2:27p  40.1   5:37p  21.1   0.0  0.00   0.0   5.0  12:04p   SSW
28  43.5  46.6   5:30a  41.7   7:17p  21.5   0.0  0.37   0.1   9.0   5:24a   WNW
29  44.1  48.2   1:57p  38.9   2:51a  20.9   0.0  0.00   0.0   7.0  11:55a     E
30  43.4  45.3   7:38p  41.6   9:57a  21.6   0.0  0.36   0.0   6.0  11:49p     E
----------------------------------------------------------------------------------
    44.6  61.5    22    29.3     4   612.8   0.0  7.59   0.3  17.0    13      NE

Max >=  80.0:  0
Max <=  32.0:  0
Min <=  32.0:  4
Min <=   0.0:  0
Max Rain: 1.07 on day 21
Days of Rain: 24 (>= 0.01 in)  18 (>= 0.10 in)  1 (>= 1.00 in)
Heat Base: 65.0  Cool Base: 65.0  Method: Integration
:Now::Gauges::Today::Yesterday::This Month::Monthly Records::This Year::Data Summary::Records::Trends::System Info: