Brier Weather Station

:Now::Gauges::Today::Yesterday::This Month::Monthly Records::This Year::Data Summary::NOAA Style Reports::Records::Trends::Sky Cam::Discussion::Air Quality::Mobile Display Site::System Info:

 Latitude N 47° 46' 49"    Longitude W 122° 16' 48"    Elevation 341 ft

Select a Year or Month report

Report for 2019 May
                   Monthly Climatological Summary for May 2019

Name: Brierweather   City: Brier   State: Wa
Elevation: 341 ft  Lat: N 47° 46' 49"   Lon: W 122° 16' 48"

                  Temperature (°F), Rain (in), Wind Speed (mph)

                                      Heat  Cool        Avg
    Mean                              Deg   Deg         Wind                 Dom
Day Temp  High   Time   Low    Time   Days  Days  Rain  Speed High   Time    Dir
----------------------------------------------------------------------------------
 1  50.6  64.2   3:10p  36.3   5:57a  14.4   0.0  0.00   0.9   9.0  12:23p   WSW
 2  52.2  59.0   2:32p  45.8   3:11a  12.8   0.0  0.00   0.9  10.0   1:18p   WSW
 3  52.2  60.3   4:05p  45.2   2:18a  12.8   0.0  0.00   0.6   7.0   3:17p     W
 4  54.1  65.2   3:19p  41.2   5:54a  10.9   0.0  0.00   1.1  13.0   3:51p     W
 5  56.0  65.0   5:21p  44.9   6:00a   9.0   0.0  0.00   1.3  10.0  12:39p     W
 6  58.9  70.9   3:38p  44.6   5:00a   7.3   1.2  0.00   1.2  11.0   3:18p     W
 7  58.7  69.3   3:11p  46.8   5:40a   7.0   0.7  0.00   1.2  12.0   3:33p     W
 8  59.7  71.3   3:59p  46.9   5:39a   6.7   1.4  0.00   1.1  11.0   7:41p     W
 9  64.7  78.4   5:22p  50.7   5:58a   4.5   4.2  0.00   1.2  12.0   3:21p     W
10  66.4  81.5   4:00p  48.7   6:06a   4.4   5.9  0.00   0.9  11.0   3:06p     W
11  66.5  82.7   4:00p  50.9   6:12a   4.0   5.6  0.00   0.9   8.0   3:22p   WSW
12  55.8  63.7   4:44p  49.7  11:56p   9.2   0.0  0.00   0.6   8.0   4:29p   WSW
13  53.8  63.7   5:02p  45.2   4:59a  11.2   0.0  0.00   0.7   8.0  10:41a   WSW
14  54.7  61.3   5:43p  48.8  12:45a  10.3   0.0  0.07   0.5  14.0   6:13p     E
15  57.4  68.7   2:17p  49.5   6:07a   7.8   0.2  0.04   1.0  11.0  12:19p     W
16  57.2  63.3   1:30p  49.9   5:14a   7.8   0.0  0.30   0.3   5.0   6:31a   WNW
17  55.5  63.9   4:09p  50.8   8:33a   9.5   0.0  0.48   0.6  12.0   4:11p   WSW
18  59.4  70.1   3:53p  48.8   6:00a   6.4   0.8  0.00   0.8  11.0   1:50p     W
19  59.7  69.9   3:58p  50.8   1:48a   6.2   0.9  0.01   0.9  10.0   1:34p     W
20  54.4  58.4   1:17p  49.0  11:57p  10.6   0.0  0.40   0.2   7.0   1:34p   ENE
21  54.4  61.3   5:28p  48.9   1:29a  10.6   0.0  0.00   0.7  10.0   2:40p     N
22  61.7  72.6   4:04p  49.5   4:58a   5.2   1.9  0.00   0.6   9.0   4:29p     W
23  64.1  74.8   3:55p  51.3   5:45a   3.7   2.8  0.00   1.0   9.0  11:42p     W
24  55.4  60.2  12:00a  52.5   8:29a   9.6   0.0  0.00   0.5   7.0   6:49a    NW
25  53.2  54.7  12:00a  51.6   9:40p  11.9   0.0  0.21   0.2   8.0   8:47a    NE
26  58.6  70.0   4:04p  51.6   1:59a   7.0   0.6  0.00   0.7   9.0   3:21a    NW
27  64.2  77.4   3:55p  50.8   5:39a   4.6   3.8  0.00   0.9   9.0   3:14p   WSW
28  58.8  64.4   4:18p  54.7  11:51p   6.2   0.0  0.00   0.6   8.0  12:57p   WSW
29  59.2  69.5   3:51p  52.5   2:19a   6.4   0.6  0.00   0.6   7.0   3:59p   WSW
30  61.1  73.2   3:54p  50.5   5:09a   5.8   1.9  0.00   0.6   7.0   1:43p   WSW
31  61.9  73.9   3:41p  54.1   5:47a   5.1   2.0  0.00   0.7   7.0  12:46p   WSW
----------------------------------------------------------------------------------
    58.1  82.7    11    36.3     1   248.9  34.5  1.51   0.8  14.0    14       W

Max >=  80.0:  2
Max <=  32.0:  0
Min <=  32.0:  0
Min <=   0.0:  0
Max Rain: 0.48 on day 17
Days of Rain: 7 (>= 0.01 in)  4 (>= 0.10 in)  0 (>= 1.00 in)
Heat Base: 65.0  Cool Base: 65.0  Method: Integration
:Now::Gauges::Today::Yesterday::This Month::Monthly Records::This Year::Data Summary::NOAA Style Reports::Records::Trends::Sky Cam::Discussion::Air Quality::Mobile Display Site::System Info: