Brier Weather Station

:Now::Gauges::Today::Yesterday::This Month::Monthly Records::This Year::Data Summary::NOAA Style Reports::Records::Trends::Sky Cam::Discussion::Air Quality::Mobile Display Site::System Info:

 Latitude N 47° 46' 49"    Longitude W 122° 16' 48"    Elevation 341 ft

Select a Year or Month report

Report for 2019 Aug
                   Monthly Climatological Summary for Aug 2019

Name: Brierweather   City: Brier   State: Wa
Elevation: 341 ft  Lat: N 47° 46' 49"   Lon: W 122° 16' 48"

                  Temperature (°F), Rain (in), Wind Speed (mph)

                                      Heat  Cool        Avg
    Mean                              Deg   Deg         Wind                 Dom
Day Temp  High   Time   Low    Time   Days  Days  Rain  Speed High   Time    Dir
----------------------------------------------------------------------------------
 1  70.9  83.8   4:12p  56.9   4:52a   1.6   7.5  0.00   0.7  10.0  12:36p    SW
 2  68.6  75.4   5:02p  63.5   4:56a   0.2   3.8  0.27   1.0   8.0   2:22a     W
 3  65.7  76.6   4:09p  53.6   6:08a   2.9   3.5  0.00   1.3  11.0   3:39p     W
 4  68.5  80.9   5:22p  54.3   6:01a   2.5   6.0  0.00   1.2  10.0   3:30p     W
 5  70.7  83.2   2:45p  57.7   6:05a   1.5   7.3  0.00   0.9  11.0   3:43p     W
 6  67.5  80.4   3:57p  56.3   5:37a   2.2   4.7  0.00   0.8   7.0  10:52a   WSW
 7  65.7  78.0   5:09p  56.6   5:23a   2.6   3.3  0.00   0.5   7.0   3:24p   WSW
 8  64.3  69.4   2:29p  60.2   1:37a   1.7   1.0  0.00   0.3   7.0  12:29p   WSW
 9  64.6  70.3   4:59p  61.3   8:19a   1.5   1.1  0.00   0.5   8.0   5:22p     W
10  63.9  72.1   4:07p  58.8   7:06a   2.4   1.3  0.51   0.6   9.0   2:51p     W
11  64.2  70.8   4:26p  60.3   7:43a   1.8   1.0  0.00   0.2   7.0   2:20p     E
12  67.4  76.9   5:01p  59.0   5:38a   1.2   3.6  0.00   0.5   8.0   4:24p     W
13  68.5  80.3   3:15p  56.7   6:18a   2.2   5.7  0.00   0.8   9.0   3:36p     W
14  69.0  79.7   2:49p  57.7   6:31a   1.4   5.4  0.00   1.1   9.0   4:36p     W
15  67.3  78.6   5:01p  56.3   5:44a   2.1   4.4  0.00   0.9   9.0   5:40p   WSW
16  64.2  71.2  12:32p  59.6   4:19a   2.0   1.2  0.00   0.5   9.0  12:01p    SW
17  65.6  73.0   4:36p  59.4  11:59p   1.7   2.3  0.00   0.5   7.0   3:46p   WSW
18  64.1  75.3   2:48p  55.9   4:27a   3.1   2.2  0.00   0.7   8.0   4:34p   WSW
19  64.5  73.7   3:55p  57.5  11:59p   2.6   2.0  0.00   0.6   8.0   1:24p   WSW
20  66.8  81.6   3:09p  51.2   6:16a   3.8   5.7  0.00   0.6   8.0   2:59p   SSW
21  63.0  67.2   3:18p  56.9  11:51p   2.2   0.3  0.35   0.2   6.0   6:45p   NNW
22  61.5  70.2   3:04p  54.4   6:36a   4.5   1.0  0.00   0.4   7.0   2:54p   WSW
23  60.5  71.1   3:04p  52.1   5:59a   5.2   0.7  0.00   0.6   8.0  10:16a     W
24  63.4  74.9   3:10p  54.3   5:18a   3.5   1.9  0.00   0.8   9.0   6:41p     W
25  63.3  72.9   4:47p  57.3   2:15a   3.2   1.5  0.00   0.3   8.0   5:06p   WSW
26  62.2  73.7   2:55p  49.8   5:59a   4.9   2.2  0.00   1.2  11.0  11:03a     W
27  68.7  80.5   4:48p  54.7   5:56a   2.0   5.8  0.00   1.3  12.0   8:23a   WNW
28  70.4  83.6   2:54p  56.2   6:42a   1.6   7.0  0.00   1.0   9.0  10:00a     W
29  66.3  79.7   3:08p  57.6   4:54a   1.9   3.2  0.03   0.4  11.0   2:41p   SSE
30  68.3  76.9   2:07p  63.4  11:48p   0.3   3.7  0.00   0.3   7.0  12:20p   SSW
31  67.4  76.6   2:53p  59.5   6:30a   1.6   4.0  0.00   0.3   8.0   2:54p   ESE
----------------------------------------------------------------------------------
    66.0  83.8     1    49.8    26    71.9 104.3  1.16   0.7  12.0    27       W

Max >=  80.0:  8
Max <=  32.0:  0
Min <=  32.0:  0
Min <=   0.0:  0
Max Rain: 0.51 on day 10
Days of Rain: 4 (>= 0.01 in)  3 (>= 0.10 in)  0 (>= 1.00 in)
Heat Base: 65.0  Cool Base: 65.0  Method: Integration
:Now::Gauges::Today::Yesterday::This Month::Monthly Records::This Year::Data Summary::NOAA Style Reports::Records::Trends::Sky Cam::Discussion::Air Quality::Mobile Display Site::System Info: