Brier Weather Station

:Now::Gauges::Today::Yesterday::This Month::Monthly Records::This Year::Data Summary::NOAA Style Reports::Records::Trends::Sky Cam::Discussion::Air Quality::Mobile Display Site::System Info:

 Latitude N 47° 46' 49"    Longitude W 122° 16' 48"    Elevation 341 ft

Select a Year or Month report

Report for 2019 Feb
                   Monthly Climatological Summary for Feb 2019

Name: Brierweather   City: Brier   State: Wa
Elevation: 341 ft  Lat: N 47° 46' 49"   Lon: W 122° 16' 48"

                  Temperature (°F), Rain (in), Wind Speed (mph)

                                      Heat  Cool        Avg
    Mean                              Deg   Deg         Wind                 Dom
Day Temp  High   Time   Low    Time   Days  Days  Rain  Speed High   Time    Dir
----------------------------------------------------------------------------------
 1  46.9  49.0  12:00a  44.5   6:22a  18.1   0.0  0.48   0.1   8.0   9:48a   ENE
 2  43.7  48.0  11:09a  40.1  11:38p  21.3   0.0  0.01   0.3   8.0   3:50p    NW
 3  35.8  41.5  12:19p  30.8   8:13p  29.2   0.0  0.03   0.6   9.0  12:57p     N
 4  25.2  31.5  12:02a  19.2  11:54p  39.8   0.0  0.00   2.0  13.0   9:59a   WNW
 5  21.4  29.8   2:09p  14.6   7:37a  43.6   0.0  0.00   0.3  10.0   2:10p    NW
 6  23.0  33.9   3:35p  15.1   7:18a  42.0   0.0  0.00   0.2   7.0   1:17p     W
 7  26.4  36.5   2:43p  18.0   6:58a  38.6   0.0  0.05   0.1   4.0   3:05p   ENE
 8  31.4  36.1  11:31a  28.3  12:00a  33.6   0.0  0.05   0.0   5.0  11:32a   ENE
 9  29.3  32.2   2:25p  26.4  10:44p  35.7   0.0  0.00   0.5  10.0   7:26p     W
10  25.5  33.2   8:38p  13.4   7:42a  39.4   0.0  0.00   0.2   7.0   2:41p     E
11  30.7  34.2  12:42p  24.5   4:34a  34.3   0.0  0.01   0.1   5.0  12:07a     W
12  34.7  37.0   6:32p  32.8   4:51a  30.3   0.0  0.89   0.1   5.0   3:16p   ENE
13  34.5  37.9   3:41p  29.5  11:59p  30.5   0.0  0.35   0.3  10.0   1:26p   NNW
14  34.3  41.7  12:20p  27.3   4:11a  30.7   0.0  0.39   0.2   6.0   1:06p     W
15  36.9  44.2   3:47p  32.8   8:36p  28.1   0.0  0.06   0.2   8.0   3:54p   WSW
16  36.0  39.7   2:18p  33.6   2:25a  29.0   0.0  0.41   0.0   5.0   6:02p    NW
17  35.2  41.7   3:46p  30.5  10:17p  29.8   0.0  0.01   0.2   9.0   3:32p   NNW
18  35.1  40.2   2:55p  30.5   4:24a  29.9   0.0  0.00   0.0   4.0  11:47a     E
19  37.3  40.4  12:20p  34.5  12:01a  27.7   0.0  0.18   0.1   8.0  11:08p   WSW
20  36.6  40.0   4:08p  32.1   6:23a  28.4   0.0  0.03   0.2   9.0   4:15p     N
21  34.1  42.9   2:41p  28.4   7:31a  30.9   0.0  0.01   0.4   7.0  11:05a   WNW
22  36.5  39.7  11:14a  30.9   3:12a  28.5   0.0  0.16   0.2  12.0  10:53a     E
23  38.3  43.0  12:36p  34.9   2:38a  26.7   0.0  0.25   0.2  10.0   3:52p     E
24  37.1  42.9  12:56p  31.7  11:58p  27.9   0.0  0.04   0.4   8.0   1:57p   WNW
25  34.3  40.2  12:47p  26.9   7:01a  30.7   0.0  0.00   1.9  17.0   2:46p     W
26  33.9  42.2   2:18p  27.2   7:20a  31.1   0.0  0.01   0.7  11.0  12:44p    NE
27  36.6  42.8   1:22p  30.3   3:05a  28.4   0.0  0.00   0.5   8.0  12:07a     W
28  35.5  46.4   4:20p  26.2   6:47a  29.4   0.0  0.00   0.4   7.0  11:44a     E
----------------------------------------------------------------------------------
    33.8  49.0     1    13.4    10   873.6   0.0  3.42   0.4  17.0    25      NW

Max >=  80.0:  0
Max <=  32.0:  2
Min <=  32.0: 20
Min <=   0.0:  0
Max Rain: 0.89 on day 12
Days of Rain: 19 (>= 0.01 in)  8 (>= 0.10 in)  0 (>= 1.00 in)
Heat Base: 65.0  Cool Base: 65.0  Method: Integration
:Now::Gauges::Today::Yesterday::This Month::Monthly Records::This Year::Data Summary::NOAA Style Reports::Records::Trends::Sky Cam::Discussion::Air Quality::Mobile Display Site::System Info: