Brier Weather Station

:Now::Gauges::Today::Yesterday::This Month::Monthly Records::This Year::Data Summary::NOAA Style Reports::Records::Trends::Sky Cam::Discussion::Air Quality::Mobile Display Site::System Info:

 Latitude N 47° 46' 49"    Longitude W 122° 16' 48"    Elevation 341 ft

Select a Year or Month report

Report for 2020 Feb
                   Monthly Climatological Summary for Feb 2020

Name: Brierweather   City: Brier   State: Wa
Elevation: 341 ft  Lat: N 47° 46' 49"   Lon: W 122° 16' 48"

                  Temperature (°F), Rain (in), Wind Speed (mph)

                                      Heat  Cool        Avg
    Mean                              Deg   Deg         Wind                 Dom
Day Temp  High   Time   Low    Time   Days  Days  Rain  Speed High   Time    Dir
----------------------------------------------------------------------------------
 1  44.3  53.1  12:00a  34.6  11:58p  20.7   0.0  0.40   1.0  14.0   7:14a   NNW
 2  35.2  40.0   3:30p  31.4   9:11p  29.8   0.0  0.07   0.0   6.0  12:43p   SSW
 3  35.9  40.5   3:23p  31.6  11:04p  29.1   0.0  0.03   0.5   8.0   3:06p   WNW
 4  34.7  39.9  11:58p  29.5   2:32a  30.3   0.0  0.16   0.2   7.0  12:03p   ESE
 5  45.2  48.7   6:26p  39.8  12:00a  19.7   0.0  1.49   0.0   5.0  11:08a   ---
 6  45.3  47.2  11:37a  43.3  11:23p  19.7   0.0  0.56   0.1   6.0   2:32p   ENE
 7  45.8  50.8  12:59p  42.6   6:57a  19.2   0.0  0.19   1.3  17.0   9:11p   WNW
 8  42.8  45.7   3:32p  36.6  11:12p  22.2   0.0  0.15   0.6  11.0  12:03a   WNW
 9  38.2  46.7   4:07p  31.5   7:34a  26.8   0.0  0.00   0.2   5.0  12:06p    NW
10  39.8  47.1   3:30p  34.1  10:51p  25.2   0.0  0.00   0.4   8.0  11:33a   WNW
11  40.5  46.2   3:17p  33.7   3:36a  24.5   0.0  0.01   0.0   5.0   1:17p   ENE
12  44.1  48.6   3:07p  40.3  11:58p  20.9   0.0  0.00   0.1   4.0  12:05p   WNW
13  41.5  44.5   2:30p  39.4  12:27a  23.5   0.0  0.12   0.2  10.0   3:37p    SW
14  42.7  47.9   3:17p  38.8   8:07a  22.3   0.0  0.05   0.2   7.0  10:13a    SE
15  43.7  47.4  12:42p  41.4   1:15a  21.3   0.0  0.18   0.7   9.0   9:21a   ENE
16  41.2  46.6   2:08p  37.1  11:58p  23.8   0.0  0.01   0.1   8.0  12:58p   WNW
17  38.4  45.3   2:38p  33.5   7:44a  26.6   0.0  0.09   0.2   5.0   9:59a    SW
18  36.2  45.0   4:01p  28.9   7:33a  28.8   0.0  0.00   0.6  10.0   1:21p   WNW
19  38.7  53.7   3:34p  28.5   7:05a  26.3   0.0  0.00   0.2  11.0   1:29p   ENE
20  39.4  54.8   2:45p  29.5   6:36a  25.6   0.0  0.00   0.2   6.0   2:41p   WNW
21  39.6  52.4   3:27p  29.6   6:50a  25.4   0.0  0.00   0.1   6.0   2:16p    SE
22  43.7  48.3   3:20p  39.7  12:12a  21.3   0.0  0.01   0.1   6.0   2:32a     E
23  43.1  49.0   2:33p  39.9   2:05a  21.9   0.0  0.25   1.3  17.0   4:21p   WSW
24  41.7  45.8   3:46p  38.0  11:12p  23.3   0.0  0.00   0.5   7.0   3:00a     W
25  41.2  48.9   3:11p  32.6   6:32a  23.8   0.0  0.00   0.1   7.0   1:09p   SSE
26  45.6  51.6   2:51p  40.6  11:04p  19.4   0.0  0.01   0.2   6.0   2:37p   SSW
27  45.2  54.7   2:38p  37.9  11:42p  19.8   0.0  0.00   0.3   6.0  10:57a   WSW
28  41.1  48.8   3:41p  33.0   6:12a  23.9   0.0  0.03   0.9  16.0   3:31p   ENE
29  42.0  47.8   3:27p  33.8  10:45p  23.0   0.0  0.00   0.6  10.0  12:43a     W
----------------------------------------------------------------------------------
    41.3  54.8    20    28.5    19   688.1   0.0  3.81   0.4  17.0     7     WNW

Max >=  80.0:  0
Max <=  32.0:  0
Min <=  32.0:  8
Min <=   0.0:  0
Max Rain: 1.49 on day 5
Days of Rain: 18 (>= 0.01 in)  9 (>= 0.10 in)  1 (>= 1.00 in)
Heat Base: 65.0  Cool Base: 65.0  Method: Integration
:Now::Gauges::Today::Yesterday::This Month::Monthly Records::This Year::Data Summary::NOAA Style Reports::Records::Trends::Sky Cam::Discussion::Air Quality::Mobile Display Site::System Info: