Brier Weather Station

:Now::Gauges::Today::Yesterday::This Month::Monthly Records::This Year::Data Summary::NOAA Style Reports::Records::Trends::Sky Cam::Discussion::Air Quality::Mobile Display Site::System Info:

 Latitude N 47° 46' 49"    Longitude W 122° 16' 48"    Elevation 341 ft


Report for 2019 Nov
                   Monthly Climatological Summary for Nov 2019

Name: Brierweather   City: Brier   State: Wa
Elevation: 341 ft  Lat: N 47° 46' 49"   Lon: W 122° 16' 48"

                  Temperature (°F), Rain (in), Wind Speed (mph)

                                      Heat  Cool        Avg
    Mean                              Deg   Deg         Wind                 Dom
Day Temp  High   Time   Low    Time   Days  Days  Rain  Speed High   Time    Dir
----------------------------------------------------------------------------------
 1  42.2  52.7   3:12p  33.4   4:28a  22.8   0.0  0.00   0.4   8.0  10:09a   WNW
 2  43.9  54.1   3:16p  36.2   7:49a  21.1   0.0  0.00   0.3   6.0  12:54p     W
 3  42.9  53.1   1:23p  35.7   6:52a  23.0   0.0  0.00   0.4   7.0  11:12a     W
 4  45.6  53.5  12:02p  38.8  11:52p  19.4   0.0  0.00   0.2   7.0  12:45p   WNW
 5  42.6  53.9   2:02p  34.0   6:02a  22.4   0.0  0.00   0.4  12.0   1:14p    NW
 6  46.7  53.1   1:37p  40.2  11:57p  18.3   0.0  0.00   0.6   8.0  12:02a     N
 7  43.6  55.1   1:27p  36.4   6:56a  21.4   0.0  0.00   0.1   5.0   1:53p     W
 8  45.1  57.2   2:51p  34.7   6:40a  19.9   0.0  0.00   0.1   5.0   6:52p   NNE
 9  49.9  51.1   3:09p  48.4  12:00a  15.1   0.0  0.22   0.0   4.0  10:23a     E
10  50.5  52.9  12:55p  46.9   7:16p  14.5   0.0  0.03   0.2   7.0   2:21p   WNW
11  49.0  56.3   2:50p  45.1   6:57a  16.0   0.0  0.00   0.1   5.0  11:21p     W
12  48.6  50.6   1:46p  46.5   6:54a  16.4   0.0  0.19   0.1   5.0  12:44a     W
13  49.1  52.5   3:38p  44.6   7:07a  15.9   0.0  0.00   0.4   8.0  11:22a   NNW
14  48.3  54.3   1:58p  41.9   7:20a  16.7   0.0  0.00   0.0   5.0  11:25p   ENE
15  50.7  55.3   2:27p  47.3   6:16a  14.3   0.0  0.17   0.2  14.0   5:23p    NE
16  49.0  51.9   1:28p  43.9   3:29a  16.0   0.0  0.04   0.0   7.0   9:36p     E
17  52.7  56.0   2:33p  50.8  11:59p  12.3   0.0  0.09   0.2   9.0   8:06a     E
18  48.7  50.9  12:00a  46.7   8:16a  16.3   0.0  0.25   0.1   7.0  10:32p   ENE
19  46.9  50.8  12:09a  39.0  11:59p  18.1   0.0  0.08   0.7   9.0   5:27a     W
20  38.8  48.8   2:16p  33.2   7:43a  26.2   0.0  0.00   0.2   8.0   1:53p   NNE
21  36.6  46.0   1:27p  31.2   6:07a  28.4   0.0  0.00   0.0   4.0  10:35a     W
22  37.9  42.4   2:06p  31.4  12:26a  27.1   0.0  0.00   0.0   3.0   6:54a    SW
23  43.5  51.8  11:41p  36.9   6:50a  21.5   0.0  0.00   0.3  12.0  11:16p   ENE
24  44.6  51.7  12:00a  39.0   7:21a  20.0   0.0  0.11   0.2  11.0  12:08a     W
25  40.6  43.6  12:09p  36.6  10:32p  24.4   0.0  0.14   0.1   9.0   4:48a     N
26  37.9  43.0   2:44p  33.3   7:14a  27.1   0.0  0.03   0.3  10.0   8:22p   NNE
27  38.6  45.7   1:59p  30.4  10:38p  26.4   0.0  0.00   1.0  14.0  12:17p   NNE
28  35.2  41.5   1:18p  28.0  11:56p  29.8   0.0  0.00   0.4   9.0   1:45p   NNW
29  30.2  39.1   2:36p  25.1  11:55p  34.7   0.0  0.00   0.4   8.0  12:38p     W
30  29.7  42.5   1:52p  23.6   6:36a  35.2   0.0  0.00   0.1   7.0   1:25p     E
----------------------------------------------------------------------------------
    43.7  57.2     8    23.6    30   640.7   0.0  1.35   0.3  14.0    15     NNW

Max >=  80.0:  0
Max <=  32.0:  0
Min <=  32.0:  6
Min <=   0.0:  0
Max Rain: 0.25 on day 18
Days of Rain: 11 (>= 0.01 in)  6 (>= 0.10 in)  0 (>= 1.00 in)
Heat Base: 65.0  Cool Base: 65.0  Method: Integration
:Now::Gauges::Today::Yesterday::This Month::Monthly Records::This Year::Data Summary::NOAA Style Reports::Records::Trends::Sky Cam::Discussion::Air Quality::Mobile Display Site::System Info: