Brier Weather Station

:Now::Gauges::Today::Yesterday::This Month::Monthly Records::This Year::Data Summary::NOAA Style Reports::Records::Trends::Sky Cam::Discussion::Air Quality::Mobile Display Site::System Info:

 Latitude N 47° 46' 49"    Longitude W 122° 16' 48"    Elevation 341 ft

Select a Year or Month report

Report for 2018 May
                   Monthly Climatological Summary for May 2018

Name: Brierweather   City: Brier   State: Wa
Elevation: 341 ft  Lat: N 47° 46' 49"   Lon: W 122° 16' 48"

                  Temperature (°F), Rain (in), Wind Speed (mph)

                                      Heat  Cool        Avg
    Mean                              Deg   Deg         Wind                 Dom
Day Temp  High   Time   Low    Time   Days  Days  Rain  Speed High   Time    Dir
----------------------------------------------------------------------------------
 1  52.7  61.6   2:33p  45.5  11:59p  12.3   0.0  0.00   0.9   9.0  12:57p     W
 2  54.9  69.6   2:49p  41.2   5:45a  10.3   0.2  0.00   0.9  11.0   3:24p   WNW
 3  59.1  76.9   2:45p  45.6   5:42a   8.0   2.1  0.00   0.8  13.0   8:18p   WSW
 4  55.0  64.1   2:21p  49.2  11:55p  10.0   0.0  0.00   1.0  10.0   2:31p   WSW
 5  57.2  66.1   3:06p  47.8   3:57a   7.8   0.0  0.01   1.3  11.0  12:36p     W
 6  62.7  75.1   2:56p  50.9   5:26a   4.9   2.6  0.00   0.7   7.0   1:17p     W
 7  59.1  69.2   2:46p  53.1  11:56p   6.2   0.3  0.00   0.9   9.0   1:39p   WSW
 8  61.7  79.0   2:33p  47.9   5:00a   5.9   2.7  0.01   0.7   9.0   4:29p     W
 9  59.4  69.3   1:57p  50.6  11:40p   5.9   0.3  0.01   1.3  17.0   2:27p   WSW
10  54.3  63.2   2:42p  49.1   4:18a  10.7   0.0  0.03   1.5  16.0   7:09p     W
11  56.5  68.3   2:22p  49.9  11:59p   8.6   0.1  0.00   0.9  10.0   5:23p   NNW
12  59.9  72.4   3:09p  45.5   5:32a   7.0   1.9  0.00   1.4  14.0  12:10p    NW
13  65.0  79.2   3:54p  49.2   5:21a   4.4   4.5  0.00   1.1  10.0   1:27p     W
14  68.2  85.5   2:05p  52.8   5:34a   3.2   6.4  0.00   1.1  10.0   3:29p     W
15  61.6  72.9   3:03p  53.1   5:35a   4.9   1.5  0.00   0.7   8.0  12:40p   WSW
16  60.7  71.1   2:58p  54.3   5:37a   5.0   0.8  0.00   1.0   8.0   2:34p   WSW
17  58.8  67.1   1:29p  54.4   5:34a   6.2   0.0  0.00   0.5   8.0   1:59p   WSW
18  57.9  63.5   5:54p  54.1   6:04a   7.1   0.0  0.00   0.3   5.0  12:50p   WSW
19  60.8  72.5   1:55p  53.7   4:47a   5.3   1.1  0.15   0.8   7.0   1:24p     W
20  56.4  63.0   3:17p  53.1   6:47a   8.6   0.0  0.01   0.5   8.0   8:14p   WNW
21  58.2  69.4   2:03p  48.1   3:00a   7.2   0.5  0.00   1.1  10.0   2:18p     W
22  61.9  74.3   2:50p  47.4   5:40a   5.5   2.4  0.00   1.3  10.0   1:40p     W
23  63.3  76.9   2:43p  50.3   5:44a   4.7   3.0  0.00   1.2  10.0   1:56p     W
24  59.5  69.4   3:49p  53.0  11:42p   5.8   0.3  0.00   0.8   7.0  12:40p     W
25  56.1  63.4   6:28p  47.4   5:16a   8.9   0.0  0.00   0.9   8.0   1:26p   NNW
26  56.9  65.8   2:24p  48.8   4:47a   8.1   0.0  0.00   0.6   7.0   9:41a   WNW
27  59.6  74.1   2:05p  45.3   5:35a   7.1   1.7  0.00   1.1   8.0   2:43p     W
28  57.8  70.0   2:20p  47.7   4:44a   7.7   0.5  0.00   1.1  11.0   8:04p   WNW
29  54.7  62.4   2:33p  47.5  11:59p  10.3   0.0  0.08   0.6   9.0   7:31p    NW
30  53.6  64.1   3:14p  45.1   3:22a  11.4   0.0  0.00   1.2  12.0   3:58p     W
31  53.7  63.6   3:56p  46.1   5:16a  11.3   0.0  0.00   0.6   9.0   1:48p   WSW
----------------------------------------------------------------------------------
    58.6  85.5    14    41.2     2   230.3  32.9  0.30   0.9  17.0     9       W

Max >=  80.0:  1
Max <=  32.0:  0
Min <=  32.0:  0
Min <=   0.0:  0
Max Rain: 0.15 on day 19
Days of Rain: 7 (>= 0.01 in)  1 (>= 0.10 in)  0 (>= 1.00 in)
Heat Base: 65.0  Cool Base: 65.0  Method: Integration
:Now::Gauges::Today::Yesterday::This Month::Monthly Records::This Year::Data Summary::NOAA Style Reports::Records::Trends::Sky Cam::Discussion::Air Quality::Mobile Display Site::System Info: