Brier Weather Station

:Now::Gauges::Today::Yesterday::This Month::Monthly Records::This Year::Data Summary::NOAA Style Reports::Records::Trends::Sky Cam::Discussion::Air Quality::Mobile Display Site::System Info:

 Latitude N 47° 46' 49"    Longitude W 122° 16' 48"    Elevation 341 ft

Select a Year or Month report

Report for 2018 Sep
                   Monthly Climatological Summary for Sep 2018

Name: Brierweather   City: Brier   State: Wa
Elevation: 341 ft  Lat: N 47° 46' 49"   Lon: W 122° 16' 48"

                  Temperature (°F), Rain (in), Wind Speed (mph)

                                      Heat  Cool        Avg
    Mean                              Deg   Deg         Wind                 Dom
Day Temp  High   Time   Low    Time   Days  Days  Rain  Speed High   Time    Dir
----------------------------------------------------------------------------------
 1  60.6  71.3   2:39p  53.5  11:18p   4.8   0.4  0.00   0.6   9.0   3:48p     W
 2  60.0  74.3   2:13p  46.6   6:41a   6.7   1.8  0.00   0.8  10.0   3:38p     W
 3  62.2  74.1   3:11p  53.4   6:08a   4.3   1.5  0.00   0.9   8.0   2:38p   WNW
 4  59.6  71.5   2:28p  46.8   6:30a   6.9   1.5  0.00   1.2  11.0   3:30p     W
 5  62.5  77.2   2:04p  49.0   6:18a   5.7   3.2  0.00   1.0   9.0  11:06a     W
 6  65.0  85.1   2:58p  49.7   6:46a   5.2   5.2  0.00   0.5   7.0   3:36p     W
 7  61.7  75.4   2:37p  52.5   2:40a   5.0   1.7  0.06   0.6  11.0   2:43p   WSW
 8  61.0  68.3   5:05p  53.9   1:28a   4.4   0.4  0.03   0.3   8.0  11:12a   WSW
 9  63.2  75.9   2:38p  55.3  12:25a   3.6   1.8  0.11   0.8  13.0   3:06p   WSW
10  61.3  69.8   2:11p  54.6   5:14a   4.1   0.5  0.02   0.6  10.0   1:25p    SW
11  60.2  69.2   3:15p  56.1   2:53a   5.0   0.2  0.00   0.6   9.0   9:37a   WSW
12  59.4  67.7   1:45p  56.0   4:41a   5.7   0.1  0.00   0.7  10.0   4:17p   WSW
13  60.0  68.2   1:31p  55.0   4:31a   5.3   0.3  0.00   0.5  10.0   1:27p   WSW
14  58.0  63.8   4:24p  54.5  11:58p   7.0   0.0  0.52   0.1   6.0   2:36p   ENE
15  56.0  65.3   3:16p  49.2   3:55a   9.0   0.0  0.06   0.2   7.0   3:10p     E
16  56.4  62.4   3:10p  53.3   2:11a   8.6   0.0  0.36   0.4  12.0   3:24p   NNW
17  55.3  63.5   1:15p  45.6  11:56p   9.7   0.0  0.00   1.0  10.0   1:03p     W
18  51.9  64.2   3:09p  41.7   6:29a  13.0   0.0  0.00   0.8  11.0   3:39p     W
19  54.8  66.9   2:51p  43.2   7:16a  10.3   0.1  0.00   0.4   7.0  10:39a   WSW
20  58.5  63.8   1:02p  53.7  12:26a   6.5   0.0  0.00   0.3   8.0  12:47p   ESE
21  63.4  72.8  12:57p  59.3   1:38a   2.6   1.0  0.06   0.5   9.0   3:01p     E
22  59.5  68.1   3:22p  52.8  11:41p   5.5   0.1  0.84   0.9  11.0   2:41p   NNW
23  53.7  62.7   1:06p  47.1   6:49a  11.3   0.0  0.01   0.2   7.0   5:06p     N
24  53.5  64.1   1:08p  43.8   7:12a  11.5   0.0  0.00   0.8  10.0  12:55p     W
25  53.7  64.8   3:25p  43.4   5:44a  11.3   0.0  0.00   1.0  12.0  10:20a   WNW
26  54.6  66.9   3:20p  45.7   7:14a  10.5   0.1  0.00   0.5   9.0   9:34a   WNW
27  57.8  69.1   3:18p  47.8   7:17a   7.9   0.7  0.00   0.9  13.0  10:04a    NW
28  60.6  74.0   3:13p  50.1   6:01a   5.9   1.5  0.00   0.9   9.0  12:34p     W
29  58.3  67.9   3:47p  49.1   6:24a   7.0   0.3  0.02   0.3   6.0   1:54p   WSW
30  59.2  63.8  12:21p  55.5   7:06a   5.8   0.0  0.04   0.1   8.0   6:47p     E
----------------------------------------------------------------------------------
    58.7  85.1     6    41.7    18   210.1  22.4  2.13   0.6  13.0     9       W

Max >=  80.0:  1
Max <=  32.0:  0
Min <=  32.0:  0
Min <=   0.0:  0
Max Rain: 0.84 on day 22
Days of Rain: 12 (>= 0.01 in)  4 (>= 0.10 in)  0 (>= 1.00 in)
Heat Base: 65.0  Cool Base: 65.0  Method: Integration
:Now::Gauges::Today::Yesterday::This Month::Monthly Records::This Year::Data Summary::NOAA Style Reports::Records::Trends::Sky Cam::Discussion::Air Quality::Mobile Display Site::System Info: