Brier Weather Station

:Now::Gauges::Today::Yesterday::This Month::Monthly Records::This Year::Data Summary::NOAA Style Reports::Records::Trends::Sky Cam::Discussion::Air Quality::Mobile Display Site::System Info:

 Latitude N 47° 46' 49"    Longitude W 122° 16' 48"    Elevation 341 ft

Select a Year or Month report

Report for 2020 Jun
                   Monthly Climatological Summary for Jun 2020

Name: Brierweather   City: Brier   State: Wa
Elevation: 341 ft  Lat: N 47° 46' 49"   Lon: W 122° 16' 48"

                  Temperature (°F), Rain (in), Wind Speed (mph)

                                      Heat  Cool        Avg
    Mean                              Deg   Deg         Wind                 Dom
Day Temp  High   Time   Low    Time   Days  Days  Rain  Speed High   Time    Dir
----------------------------------------------------------------------------------
 1  56.9  65.8   2:50p  49.1  12:39a   8.1   0.0  0.00   0.9   9.0   3:42p   WNW
 2  54.3  63.8  12:56p  45.7   5:10a  10.7   0.0  0.05   0.4   8.0   3:52p     W
 3  56.7  65.1   2:53p  47.7   5:23a   8.3   0.0  0.00   1.2  11.0   9:45a     W
 4  57.1  66.0   5:14p  51.4   5:56a   7.9   0.0  0.00   0.7   9.0   5:56p   WNW
 5  56.6  65.9   3:05p  47.9   5:15a   8.4   0.0  0.00   0.7   8.0   7:17p   WNW
 6  56.3  64.1   1:04p  51.0  11:59p   8.7   0.0  0.26   0.7   9.0   2:17p   WSW
 7  55.9  64.8   4:49p  49.8   3:07a   9.1   0.0  0.22   0.6   9.0   4:21p   WSW
 8  56.9  63.5   2:06p  52.0   4:28a   8.1   0.0  0.00   0.7  12.0   5:51p   WSW
 9  55.9  63.1   4:20p  50.6   4:14a   9.1   0.0  0.17   0.2   7.0   2:17p   ENE
10  63.3  74.2   2:36p  55.6  12:00a   3.8   2.1  0.03   0.6  12.0   2:41p   WSW
11  61.5  68.6   6:14p  57.2   8:57a   4.1   0.6  0.12   0.3   7.0   3:52p    SE
12  56.0  58.3  12:01a  53.0  11:53p   9.0   0.0  0.23   0.1   5.0  11:21a    SW
13  54.9  62.7   3:52p  50.0  11:56p  10.1   0.0  0.65   0.4   8.0   3:56p   WSW
14  55.4  65.0   2:18p  46.9   2:51a   9.6   0.0  0.01   0.4   8.0   2:16p    SW
15  55.7  64.0   2:20p  52.3   5:31a   9.3   0.0  0.06   0.3   8.0   1:56p    NE
16  56.4  64.8   3:09p  50.3   2:21a   8.6   0.0  0.06   0.8  11.0   3:45p     W
17  59.1  71.1   3:04p  46.5   4:36a   7.0   1.1  0.00   0.7   8.0  10:21p     W
18  61.8  72.7   2:53p  48.4   5:48a   5.3   2.1  0.00   1.0   8.0  12:07p     W
19  66.2  78.4   1:57p  52.8   5:24a   3.4   4.7  0.00   0.5   8.0   2:02p     W
20  65.6  73.5   5:01p  60.6  11:58p   1.4   2.0  0.01   0.8  12.0   5:29p   WSW
21  59.6  66.3   2:53p  54.2  11:58p   5.4   0.0  0.00   0.6   8.0   5:01p   WNW
22  62.5  74.4   3:06p  48.3   4:56a   5.2   2.7  0.00   0.9   8.0   3:01p     W
23  67.0  80.1   1:01p  53.8   5:17a   2.8   4.8  0.00   0.8  12.0   2:53p     W
24  65.7  74.0   2:47p  58.9  11:58p   1.3   2.0  0.00   0.7   7.0   9:23a   WSW
25  66.0  75.9   4:09p  56.4   1:58a   2.6   3.6  0.00   1.1   8.0   1:08p     W
26  65.4  79.7   2:22p  53.0   5:53a   3.1   3.5  0.00   0.9  11.0   8:19p   NNW
27  55.5  60.2  12:00a  52.9  11:43p   9.5   0.0  0.17   0.3   9.0  12:56a   NNE
28  58.8  69.2   6:32p  52.1   1:52a   6.8   0.6  0.02   0.6   9.0   1:53p     W
29  60.6  71.9   3:26p  51.3   3:24a   5.6   1.2  0.00   0.9  11.0   4:18p   WSW
30  58.4  65.7   2:27p  55.2  10:35a   6.6   0.0  0.02   0.4   8.0  12:28a   WSW
----------------------------------------------------------------------------------
    59.4  80.1    23    45.7     2   198.9  31.0  2.08   0.6  12.0     8       W

Max >=  80.0:  1
Max <=  32.0:  0
Min <=  32.0:  0
Min <=   0.0:  0
Max Rain: 0.65 on day 13
Days of Rain: 15 (>= 0.01 in)  7 (>= 0.10 in)  0 (>= 1.00 in)
Heat Base: 65.0  Cool Base: 65.0  Method: Integration
:Now::Gauges::Today::Yesterday::This Month::Monthly Records::This Year::Data Summary::NOAA Style Reports::Records::Trends::Sky Cam::Discussion::Air Quality::Mobile Display Site::System Info: