Brier Weather Station

:Now::Gauges::Today::Yesterday::This Month::Monthly Records::This Year::Data Summary::NOAA Style Reports::Records::Trends::Sky Cam::Discussion::Air Quality::Mobile Display Site::System Info:

 Latitude N 47° 46' 49"    Longitude W 122° 16' 48"    Elevation 341 ft

Select a Year or Month report

Report for 2020 May
                   Monthly Climatological Summary for May 2020

Name: Brierweather   City: Brier   State: Wa
Elevation: 341 ft  Lat: N 47° 46' 49"   Lon: W 122° 16' 48"

                  Temperature (°F), Rain (in), Wind Speed (mph)

                                      Heat  Cool        Avg
    Mean                              Deg   Deg         Wind                 Dom
Day Temp  High   Time   Low    Time   Days  Days  Rain  Speed High   Time    Dir
----------------------------------------------------------------------------------
 1  53.5  65.2   2:56p  40.0   6:02a  11.5   0.0  0.00   0.5   8.0  12:09p     S
 2  52.1  57.1  10:47a  46.4  11:53p  12.9   0.0  0.29   0.4  11.0  11:20a     N
 3  49.7  58.9   3:14p  42.2  11:55p  15.3   0.0  0.00   0.9  12.0  12:59p   WSW
 4  52.8  67.1   3:03p  37.4   6:03a  12.3   0.1  0.00   0.6   8.0   6:24p   WSW
 5  59.5  69.8   6:54p  50.4   5:52a   6.5   1.1  0.00   0.9   9.0   1:12p     W
 6  52.6  59.4   3:08p  45.5  11:59p  12.4   0.0  0.06   1.3  16.0   4:43p   WNW
 7  53.2  63.7   3:49p  40.0   5:24a  11.8   0.0  0.00   1.5  13.0   4:20p     W
 8  61.5  77.5   5:39p  44.5   6:10a   6.8   3.2  0.00   1.0  10.0   1:12p   WNW
 9  66.7  82.4   1:37p  48.9   5:28a   4.8   6.5  0.00   0.8   8.0   1:05p     W
10  69.3  83.4   1:39p  52.9   5:30a   3.0   7.3  0.00   0.7   9.0   4:32p   WNW
11  62.8  77.8  12:53p  51.7   9:19p   4.7   2.5  0.14   0.7  12.0   3:44p   WSW
12  57.1  67.3   3:58p  50.8   5:52a   8.0   0.1  0.01   1.0  15.0   4:44p   WSW
13  57.5  65.6   3:39p  52.8  11:59p   7.5   0.0  0.00   1.0  12.0   3:05p   WSW
14  55.6  63.6   5:47p  49.7   2:46a   9.4   0.0  0.06   0.5   8.0  12:48p   WSW
15  58.1  67.7   2:55p  51.0  11:52p   7.2   0.3  0.00   0.5   8.0   2:47p   SSW
16  56.4  63.0   6:37p  49.3   1:13a   8.6   0.0  0.38   0.3  10.0  10:46p     S
17  57.5  65.7   1:56p  50.9  10:55p   7.5   0.0  0.13   0.5   9.0   6:21p   WSW
18  56.1  66.4   4:00p  47.1   4:48a   9.0   0.1  0.00   0.9   9.0   2:44p     W
19  57.5  65.1   2:53p  48.7   1:43a   7.5   0.0  0.00   0.4   6.0   3:08p   WSW
20  54.0  58.7   1:36p  50.3  11:51p  11.0   0.0  0.16   0.2   7.0   7:50p   WSW
21  49.8  57.3   1:36p  46.3   7:06a  15.2   0.0  0.58   0.2   8.0  11:34a     E
22  51.8  60.6   1:27p  46.8   1:18a  13.2   0.0  0.16   0.3   8.0  11:12a     E
23  53.4  61.1   3:44p  48.1   6:28a  11.6   0.0  0.13   0.2   6.0   1:41p    SW
24  58.0  68.6   5:04p  47.1   5:14a   7.4   0.4  0.00   0.6   8.0   2:47p   WSW
25  56.5  60.6   3:14p  52.5  11:59p   8.5   0.0  0.19   0.1   5.0  11:11a   WSW
26  56.2  65.5   5:09p  50.6   6:25a   8.8   0.0  0.05   0.5   7.0   2:58a   WNW
27  59.1  70.8   2:16p  44.5   5:17a   7.4   1.5  0.00   1.1  11.0  12:15p     W
28  65.8  77.2   3:23p  53.6  12:59a   3.1   3.9  0.00   1.0   9.0   2:03p     W
29  63.2  73.9   3:43p  53.2   5:47a   3.6   1.8  0.00   1.1  10.0  12:28p   WNW
30  53.2  55.7  12:07a  51.4  10:09a  11.8   0.0  1.13   0.2   7.0  12:10p   WSW
31  52.0  57.2   5:13p  48.9   7:22a  13.0   0.0  0.31   0.4   8.0   6:31p    NE
----------------------------------------------------------------------------------
    56.9  83.4    10    37.4     4   281.3  28.8  3.78   0.7  16.0     6       W

Max >=  80.0:  2
Max <=  32.0:  0
Min <=  32.0:  0
Min <=   0.0:  0
Max Rain: 1.13 on day 30
Days of Rain: 15 (>= 0.01 in)  11 (>= 0.10 in)  1 (>= 1.00 in)
Heat Base: 65.0  Cool Base: 65.0  Method: Integration
:Now::Gauges::Today::Yesterday::This Month::Monthly Records::This Year::Data Summary::NOAA Style Reports::Records::Trends::Sky Cam::Discussion::Air Quality::Mobile Display Site::System Info: