Brier Weather Station

:Now::Gauges::Today::Yesterday::This Month::Monthly Records::This Year::Data Summary::NOAA Style Reports::Records::Trends::Sky Cam::Discussion::Air Quality::Mobile Display Site::System Info:

 Latitude N 47° 46' 49"    Longitude W 122° 16' 48"    Elevation 341 ft

Select a Year or Month report

Report for 2020 Apr
                   Monthly Climatological Summary for Apr 2020

Name: Brierweather   City: Brier   State: Wa
Elevation: 341 ft  Lat: N 47° 46' 49"   Lon: W 122° 16' 48"

                  Temperature (°F), Rain (in), Wind Speed (mph)

                                      Heat  Cool        Avg
    Mean                              Deg   Deg         Wind                 Dom
Day Temp  High   Time   Low    Time   Days  Days  Rain  Speed High   Time    Dir
----------------------------------------------------------------------------------
 1  41.9  48.9   2:46p  34.6  11:57p  23.1   0.0  0.06   1.0  11.0   2:48p     W
 2  41.0  49.5   2:35p  34.3  12:08a  24.0   0.0  0.01   0.7  10.0   2:49p     W
 3  40.9  46.1  11:54a  37.5   1:29a  24.1   0.0  0.15   0.7  12.0   1:25p     W
 4  42.5  51.9   5:28p  32.7   6:38a  22.5   0.0  0.00   0.8   9.0   2:19p   WNW
 5  47.0  53.3   3:17p  43.1   1:11a  18.0   0.0  0.00   1.7  12.0   2:40p     W
 6  47.9  57.9   5:20p  35.8   6:50a  17.1   0.0  0.00   0.9   8.0  10:55a     W
 7  45.4  55.6   3:14p  36.6   6:39a  19.6   0.0  0.00   0.6   9.0   5:11p     W
 8  47.4  58.4   3:14p  35.1   6:52a  17.6   0.0  0.00   1.3  11.0   4:20p     W
 9  51.5  64.8   3:14p  37.6   6:05a  13.5   0.0  0.00   1.0   9.0   4:02p     W
10  52.5  64.8   3:22p  40.1   6:39a  12.5   0.0  0.00   0.7  10.0   4:12p   WSW
11  50.0  57.4   3:07p  40.1  11:58p  15.0   0.0  0.00   1.5  15.0   4:26p     W
12  46.2  57.0   2:45p  32.8   6:23a  18.8   0.0  0.00   1.8  17.0   3:00p     W
13  48.4  62.3   5:04p  31.9   6:50a  16.6   0.0  0.00   0.9  11.0   2:07p   WNW
14  52.0  64.0   4:41p  37.1   6:35a  13.0   0.0  0.00   0.6   7.0   9:28a    SW
15  54.3  63.0   5:34p  46.8  11:58p  10.7   0.0  0.00   1.4  15.0   4:48p     W
16  53.3  67.9   3:04p  39.4   5:44a  11.9   0.3  0.00   0.9  10.0   3:53p     W
17  54.1  68.0   2:51p  37.7   6:39a  11.1   0.2  0.00   0.7   9.0   2:30p     W
18  51.2  57.1   4:09p  44.8  11:47p  13.8   0.0  0.25   0.2   6.0   1:07a   WSW
19  50.9  61.7   3:06p  41.9   5:04a  14.0   0.0  0.00   0.6  10.0   4:00p     W
20  52.5  65.5   3:08p  40.5   5:52a  12.5   0.0  0.00   0.8   8.0   3:34p     W
21  51.0  56.0   6:01p  46.1   1:27a  14.0   0.0  0.00   0.2   8.0  12:46p     E
22  50.7  53.2   7:09p  48.0  12:26a  14.3   0.0  0.57   0.1   5.0  10:07p   WSW
23  52.3  59.0   4:11p  48.8   4:47a  12.7   0.0  0.16   0.1   7.0   2:24p   SSW
24  53.9  60.0   2:50p  46.4   6:15a  11.1   0.0  0.00   0.3   6.0  12:06p    SW
25  55.4  62.5   2:55p  47.9  11:58p   9.6   0.0  0.31   1.0  17.0   2:06p   WSW
26  53.5  60.3   3:59p  45.5   1:32a  11.5   0.0  0.03   0.5  18.0   9:02p     S
27  54.3  63.3   2:39p  48.6  12:22a  10.7   0.0  0.12   1.3  18.0   1:06p     W
28  52.0  60.9   3:22p  42.4   5:56a  12.9   0.0  0.00   0.5   7.0  10:27a     W
29  57.6  70.8   3:57p  49.2   6:10a   8.0   0.6  0.00   1.2  14.0   4:33p   WSW
30  54.2  59.4   3:12p  48.6  11:59p  10.8   0.0  0.00   1.4  13.0  10:15a   WSW
----------------------------------------------------------------------------------
    50.2  70.8    29    31.9    13   445.0   1.1  1.66   0.9  18.0    26       W

Max >=  80.0:  0
Max <=  32.0:  0
Min <=  32.0:  1
Min <=   0.0:  0
Max Rain: 0.57 on day 22
Days of Rain: 9 (>= 0.01 in)  6 (>= 0.10 in)  0 (>= 1.00 in)
Heat Base: 65.0  Cool Base: 65.0  Method: Integration
:Now::Gauges::Today::Yesterday::This Month::Monthly Records::This Year::Data Summary::NOAA Style Reports::Records::Trends::Sky Cam::Discussion::Air Quality::Mobile Display Site::System Info: