Brier Weather Station

:Now::Gauges::Today::Yesterday::This Month::Monthly Records::This Year::Data Summary::NOAA Style Reports::Records::Trends::Sky Cam::Discussion::Air Quality::Mobile Display Site::System Info:

 Latitude N 47° 46' 49"    Longitude W 122° 16' 48"    Elevation 341 ft


Report for 2019 Dec
                   Monthly Climatological Summary for Dec 2019

Name: Brierweather   City: Brier   State: Wa
Elevation: 341 ft  Lat: N 47° 46' 49"   Lon: W 122° 16' 48"

                  Temperature (°F), Rain (in), Wind Speed (mph)

                                      Heat  Cool        Avg
    Mean                              Deg   Deg         Wind                 Dom
Day Temp  High   Time   Low    Time   Days  Days  Rain  Speed High   Time    Dir
----------------------------------------------------------------------------------
 1  37.0  43.8  12:45p  27.7  12:29a  28.0   0.0  0.00   0.2   9.0   3:12a   ENE
 2  42.0  48.5   3:01p  36.8   7:39a  23.0   0.0  0.00   0.0   5.0  11:30a   ESE
 3  47.7  52.4   1:06p  40.6  12:47a  17.3   0.0  0.00   0.0   5.0   8:07a     E
 4  47.9  50.1  12:42a  44.8   9:56p  17.1   0.0  0.00   0.4   7.0  12:20a     W
 5  44.9  48.9   2:58p  41.1   6:42p  20.1   0.0  0.00   0.1   5.0  12:01a   WNW
 6  46.9  53.4   1:31p  42.1   8:26a  18.0   0.0  0.00   0.0   4.0  12:09p    NE
 7  47.2  48.3   2:38p  45.7   9:44a  17.8   0.0  0.18   0.0   4.0  10:36a    NE
 8  46.8  49.2  11:52a  41.4  11:09p  18.2   0.0  0.01   0.0   4.0  12:49p     W
 9  41.4  43.1  12:05a  39.2  11:40p  23.6   0.0  0.00   0.1   4.0   7:50a   NNE
10  41.5  44.9  11:53p  39.2  12:00a  23.5   0.0  0.08   0.1   7.0   7:30a   ENE
11  45.4  47.2   4:53p  44.0   8:47a  19.6   0.0  0.22   0.0   7.0  10:57p     E
12  46.6  48.1   1:31a  44.6   5:21p  18.4   0.0  0.25   0.5  13.0   1:53a    NE
13  44.1  47.3   2:11p  37.9  10:14p  20.9   0.0  0.00   0.1   6.0  10:17a   WSW
14  41.1  43.0   2:12p  38.5   9:51p  23.9   0.0  0.09   0.0   2.0   9:13a   ---
15  39.0  41.8   2:05p  35.6  10:39p  26.0   0.0  0.09   0.0   2.0   2:24a   ---
16  40.0  43.5   2:49p  36.8  11:52p  25.0   0.0  0.00   0.0   5.0   1:38p     E
17  39.9  46.1   1:47p  36.0   6:52a  25.1   0.0  0.01   0.0   3.0   9:50a   SSW
18  41.5  45.2   1:19p  38.3   5:31a  23.5   0.0  0.10   0.0   6.0   1:14p   ENE
19  44.3  52.0  10:03p  40.2  12:02a  20.7   0.0  0.73   0.3  11.0  11:36p   ENE
20  49.0  52.2   1:46a  45.2   6:01p  16.0   0.0  1.84   0.4   8.0  12:46a     N
21  43.1  50.7  12:02a  41.1   5:53p  21.9   0.0  0.73   0.2   6.0   1:40a     W
22  40.5  42.5  12:46p  37.7   6:39a  24.5   0.0  0.05   0.2   8.0   1:40p   WNW
23  40.8  42.9  12:49p  34.8  11:43p  24.2   0.0  0.05   0.0   2.0   9:19a   ---
24  37.1  39.6   2:54p  34.7   4:39a  27.9   0.0  0.00   0.0   4.0   9:05a     E
25  35.7  41.9   1:35p  30.5  11:37p  29.3   0.0  0.00   0.0   2.0  12:54p   ---
26  33.7  37.9  10:37p  27.9   5:21a  31.3   0.0  0.00   0.0   5.0  12:15p   ---
27  39.3  43.1   3:06p  35.8  11:28p  25.7   0.0  0.01   0.0   3.0   2:09p   ---
28  41.1  45.6   1:49p  35.9  12:00a  23.9   0.0  0.00   0.0   5.0  11:22a   ENE
29  42.9  48.7   2:04p  39.5   7:32a  22.1   0.0  0.01   0.0   3.0  11:20a     E
30  44.2  47.0   8:34p  41.3  12:02a  20.8   0.0  0.01   0.1   7.0   8:28p     E
31  48.2  52.4  10:36p  45.7   1:34a  16.8   0.0  0.06   1.5  16.0   6:10p   NNE
----------------------------------------------------------------------------------
    42.6  53.4     6    27.7     1   694.1   0.0  4.52   0.1  16.0    31     NNE

Max >=  80.0:  0
Max <=  32.0:  0
Min <=  32.0:  3
Min <=   0.0:  0
Max Rain: 1.84 on day 20
Days of Rain: 18 (>= 0.01 in)  7 (>= 0.10 in)  1 (>= 1.00 in)
Heat Base: 65.0  Cool Base: 65.0  Method: Integration
:Now::Gauges::Today::Yesterday::This Month::Monthly Records::This Year::Data Summary::NOAA Style Reports::Records::Trends::Sky Cam::Discussion::Air Quality::Mobile Display Site::System Info: