Brier Weather Station

:Now::Gauges::Today::Yesterday::This Month::Monthly Records::This Year::Data Summary::NOAA Style Reports::Records::Trends::Sky Cam::Discussion::Air Quality::Mobile Display Site::System Info:

 Latitude N 47° 46' 49"    Longitude W 122° 16' 48"    Elevation 341 ft


Report for 2019 Oct
                   Monthly Climatological Summary for Oct 2019

Name: Brierweather   City: Brier   State: Wa
Elevation: 341 ft  Lat: N 47° 46' 49"   Lon: W 122° 16' 48"

                  Temperature (°F), Rain (in), Wind Speed (mph)

                                      Heat  Cool        Avg
    Mean                              Deg   Deg         Wind                 Dom
Day Temp  High   Time   Low    Time   Days  Days  Rain  Speed High   Time    Dir
----------------------------------------------------------------------------------
 1  46.1  59.7   3:17p  34.7   7:01a  18.9   0.0  0.00   0.4   6.0   1:23p   WSW
 2  49.9  63.0   3:33p  37.5   7:05a  15.1   0.0  0.00   0.2   6.0  12:24p   WSW
 3  54.5  61.7   2:56p  49.7   6:06a  10.5   0.0  0.03   0.6  14.0   3:39p     W
 4  53.9  60.4   3:34p  48.9   7:08a  11.1   0.0  0.03   0.6  11.0   4:54p   WNW
 5  52.2  60.9   2:53p  44.5  11:53p  12.8   0.0  0.01   0.2   6.0   4:12p     N
 6  49.4  61.1   3:23p  39.9   7:29a  15.6   0.0  0.00   0.4   8.0   2:05p     W
 7  54.8  62.5  12:42p  45.4  12:42a  10.2   0.0  0.13   0.9  13.0   2:31p   NNW
 8  45.7  50.0   3:45p  38.4  11:53p  19.3   0.0  0.31   0.2   9.0   2:09p     N
 9  39.8  49.2   3:43p  32.2   7:07a  25.2   0.0  0.01   0.6  10.0   4:04p     W
10  41.2  54.7   3:31p  30.8   7:26a  23.8   0.0  0.00   0.4   7.0   3:26p     W
11  45.6  61.6   3:29p  34.7   6:26a  19.4   0.0  0.00   0.1   7.0   1:21p   NNW
12  48.2  58.5   3:00p  38.7   2:41a  16.8   0.0  0.00   0.3   7.0   2:23p     W
13  50.8  57.9   3:58p  44.1  11:59p  14.2   0.0  0.00   0.2   6.0  12:57p   WNW
14  49.3  58.8   3:48p  42.2   2:07a  15.7   0.0  0.00   0.2   7.0   2:45p     W
15  51.9  59.3   3:51p  43.5   3:13a  13.1   0.0  0.00   0.1   8.0   6:52p     E
16  53.5  58.5   4:13p  49.4   6:33a  11.5   0.0  0.23   0.4   7.0   2:25p   ENE
17  52.9  57.3   1:35p  49.0  11:59p  12.1   0.0  0.10   0.9  15.0  12:21p    NE
18  49.9  52.0   2:38p  47.2   3:35a  15.1   0.0  0.01   0.5   9.0  10:28a   ENE
19  46.6  49.9  12:17a  42.4  11:06p  18.4   0.0  0.63   0.0   3.0  12:31a   ENE
20  47.9  50.3  12:27p  44.0  12:00a  17.1   0.0  0.08   0.1   5.0  12:49p     E
21  53.3  58.5  11:51p  49.2   1:10a  11.7   0.0  0.32   0.4   9.0  11:44p   ENE
22  53.3  58.5  12:02a  44.6  11:51p  11.7   0.0  0.08   0.2   9.0   1:08a     N
23  45.8  53.0   1:05p  38.6   6:51a  19.2   0.0  0.00   0.4   9.0   2:31p     W
24  50.2  59.8   2:54p  41.3   4:13a  14.8   0.0  0.00   0.1   3.0  11:26a     W
25  50.9  56.4   3:44p  45.2  11:58p  14.1   0.0  0.26   0.3  10.0  12:25p   WNW
26  46.7  52.7   4:18p  38.9  11:58p  18.3   0.0  0.00   1.4  14.0   2:00p     W
27  40.3  51.3   3:33p  32.1   8:08a  24.7   0.0  0.00   0.4   8.0   3:54p     W
28  39.1  49.5   3:54p  32.0   5:24a  25.9   0.0  0.00   0.4   8.0   3:21p     W
29  35.4  45.4   2:35p  27.0   8:06a  29.6   0.0  0.00   0.2   9.0   1:55p     E
30  36.5  48.6   2:44p  27.9   6:56a  28.5   0.0  0.00   0.5   9.0   2:53p     W
31  38.9  49.2   1:51p  32.4   2:33a  26.1   0.0  0.00   0.1   5.0   1:22p     W
----------------------------------------------------------------------------------
    47.6  63.0     2    27.0    29   540.5   0.0  2.23   0.4  15.0    17     WNW

Max >=  80.0:  0
Max <=  32.0:  0
Min <=  32.0:  4
Min <=   0.0:  0
Max Rain: 0.63 on day 19
Days of Rain: 14 (>= 0.01 in)  7 (>= 0.10 in)  0 (>= 1.00 in)
Heat Base: 65.0  Cool Base: 65.0  Method: Integration
:Now::Gauges::Today::Yesterday::This Month::Monthly Records::This Year::Data Summary::NOAA Style Reports::Records::Trends::Sky Cam::Discussion::Air Quality::Mobile Display Site::System Info: