Brier Weather Station

:Now::Gauges::Today::Yesterday::This Month::Monthly Records::This Year::Data Summary::NOAA Style Reports::Records::Trends::Sky Cam::Discussion::Air Quality::Mobile Display Site::System Info:

 Latitude N 47° 46' 49"    Longitude W 122° 16' 48"    Elevation 341 ft

Select a Year or Month report

Report for 2019 Sep
                   Monthly Climatological Summary for Sep 2019

Name: Brierweather   City: Brier   State: Wa
Elevation: 341 ft  Lat: N 47° 46' 49"   Lon: W 122° 16' 48"

                  Temperature (°F), Rain (in), Wind Speed (mph)

                                      Heat  Cool        Avg
    Mean                              Deg   Deg         Wind                 Dom
Day Temp  High   Time   Low    Time   Days  Days  Rain  Speed High   Time    Dir
----------------------------------------------------------------------------------
 1  67.4  77.5   3:02p  60.6  12:34a   1.2   3.6  0.00   0.6   9.0  12:54p   WSW
 2  64.6  74.4   3:10p  55.9   6:08a   2.8   2.4  0.00   1.0  11.0   2:34p     W
 3  66.1  78.3   2:52p  54.7   6:26a   3.1   4.1  0.00   0.7   9.0   7:50p   WNW
 4  63.9  72.6   2:08p  56.1   2:30a   2.8   1.7  0.00   0.7   9.0   2:54p     W
 5  65.7  75.8   4:20p  53.4   6:41a   3.0   3.6  0.00   0.9   8.0   9:28a     W
 6  67.1  79.2   2:47p  57.3   6:33a   1.8   4.0  0.00   0.6   9.0  12:34p   WSW
 7  63.7  67.6   5:10p  60.4  11:45p   1.5   0.3  0.47   0.4   7.0  10:53a     W
 8  61.2  66.8   1:21p  58.7   2:31a   3.9   0.0  0.29   0.1   7.0  11:47a   WSW
 9  61.5  65.4   4:36p  57.6  11:46p   3.5   0.0  0.01   0.2   8.0   3:05p    SW
10  61.2  69.2   3:05p  54.8  11:55p   4.4   0.6  0.19   0.4   7.0   6:07p   WSW
11  60.9  70.6   4:40p  52.1   3:56a   5.2   1.1  0.00   0.2   8.0   3:32p    SW
12  64.5  77.0   3:10p  53.5   4:14a   3.8   3.3  0.11   0.5  12.0   2:53p    SW
13  64.5  69.9   3:35p  60.4   5:19a   1.4   1.0  0.00   0.2   8.0   4:08p   WSW
14  63.1  65.8   5:54p  59.4  10:56p   2.0   0.1  0.08   0.4   8.0  11:52a   ENE
15  58.2  59.6  12:00a  55.0  11:47p   6.8   0.0  0.57   0.2   8.0   4:43a   ENE
16  58.4  67.5   2:53p  51.8   4:47a   6.7   0.1  0.01   0.4  10.0   1:45p   WSW
17  57.0  60.8   4:27p  54.4  11:56p   8.0   0.0  0.21   0.1   8.0   8:09a     E
18  57.4  64.1   3:14p  51.2  11:45p   7.6   0.0  0.14   0.7   9.0   1:27p     W
19  57.7  67.8   3:54p  48.0   6:36a   7.6   0.3  0.01   0.3   6.0  10:29a   WSW
20  59.7  65.3   4:44p  54.3  10:31p   5.3   0.0  0.00   0.1   4.0  10:55a   ENE
21  59.9  66.7   2:47p  52.9   2:57a   5.1   0.1  0.00   0.2   6.0   2:06p   WSW
22  60.6  62.5   4:11p  57.9  11:59p   4.4   0.0  0.31   0.0   5.0   2:32p   NNE
23  57.5  59.7   9:27p  55.0   6:56a   7.5   0.0  0.14   0.3   9.0   9:40p   ENE
24  60.3  66.0   4:29p  57.0  11:19p   4.7   0.0  0.03   0.2   6.0   1:41a    NE
25  59.7  66.9   3:58p  51.7   7:22a   5.5   0.2  0.01   0.3  10.0  12:08a     W
26  60.3  65.0   4:51p  55.2  11:54p   4.7   0.0  0.07   0.7  10.0  12:43p   NNW
27  52.6  59.7   1:07p  45.5  10:25p  12.4   0.0  0.41   0.3   8.0   1:37p   ENE
28  49.7  58.2   4:37p  43.9   5:43a  15.3   0.0  0.13   0.9  13.0   4:49p   WSW
29  48.0  55.4   4:36p  40.1  11:48p  17.0   0.0  0.08   0.3   9.0   3:07p   NNW
30  45.7  57.1   3:52p  36.4   6:09a  19.3   0.0  0.00   0.5   9.0  12:16p   WNW
----------------------------------------------------------------------------------
    59.9  79.2     6    36.4    30   178.3  26.5  3.27   0.4  13.0    28       W

Max >=  80.0:  0
Max <=  32.0:  0
Min <=  32.0:  0
Min <=   0.0:  0
Max Rain: 0.57 on day 15
Days of Rain: 19 (>= 0.01 in)  11 (>= 0.10 in)  0 (>= 1.00 in)
Heat Base: 65.0  Cool Base: 65.0  Method: Integration
:Now::Gauges::Today::Yesterday::This Month::Monthly Records::This Year::Data Summary::NOAA Style Reports::Records::Trends::Sky Cam::Discussion::Air Quality::Mobile Display Site::System Info: