Brier Weather Station

:Now::Gauges::Today::Yesterday::This Month::Monthly Records::This Year::Data Summary::NOAA Style Reports::Records::Trends::Sky Cam::Discussion::Air Quality::Mobile Display Site::System Info:

 Latitude N 47° 46' 49"    Longitude W 122° 16' 48"    Elevation 341 ft


Report for 2019 Jul
                   Monthly Climatological Summary for Jul 2019

Name: Brierweather   City: Brier   State: Wa
Elevation: 341 ft  Lat: N 47° 46' 49"   Lon: W 122° 16' 48"

                  Temperature (°F), Rain (in), Wind Speed (mph)

                                      Heat  Cool        Avg
    Mean                              Deg   Deg         Wind                 Dom
Day Temp  High   Time   Low    Time   Days  Days  Rain  Speed High   Time    Dir
----------------------------------------------------------------------------------
 1  65.8  79.9   2:59p  52.5   5:21a   3.4   4.2  0.00   0.9   9.0   3:06p     W
 2  58.6  59.7   1:46a  57.5  11:12p   6.4   0.0  0.07   0.1   6.0  11:53a     W
 3  60.5  67.4   6:23p  56.3  11:50p   4.7   0.3  0.04   0.1   4.0   3:49p   WSW
 4  60.5  71.5   5:09p  53.7   2:18a   5.6   1.1  0.00   0.6   7.0  12:03p   WSW
 5  61.4  68.4   4:14p  54.8   1:45a   4.0   0.4  0.01   0.2   7.0  11:59a   SSW
 6  62.9  70.2   1:23p  54.9   3:07a   3.3   1.2  0.00   0.6   9.0   2:15p   WSW
 7  61.8  67.2   2:51p  57.8  11:51p   3.5   0.3  0.06   0.3   8.0  11:20a    SW
 8  63.5  74.2   4:10p  57.2   3:52a   3.4   1.9  0.00   0.6   8.0   3:04p   WSW
 9  64.8  75.1   2:16p  53.4   5:12a   3.4   3.2  0.11   0.4   6.0  11:01a    SW
10  65.1  69.5   1:40p  61.8   5:33a   1.1   1.2  0.25   0.1   7.0  12:40p     E
11  65.9  74.1   3:31p  59.5  11:52p   1.3   2.2  0.00   0.3   6.0   1:36p   WSW
12  66.1  77.5   3:57p  55.7   4:34a   2.6   3.7  0.00   0.9   8.0   6:40p     W
13  66.3  77.3   3:51p  57.1   3:34a   1.9   3.3  0.00   0.7   9.0   3:58p     W
14  66.8  76.2   3:00p  57.8   4:08a   1.9   3.6  0.00   0.6   9.0   2:59p   WNW
15  65.5  72.0   3:04p  59.2   5:43a   1.3   1.8  0.00   0.3   8.0   4:29p   WSW
16  67.7  78.4   4:13p  59.5   4:41a   1.2   3.9  0.00   0.6   9.0   4:13p     W
17  63.7  69.1   2:00p  57.8  11:55p   2.1   0.8  0.11   1.0  12.0   1:32p     N
18  60.5  70.2   1:06p  55.1  11:23p   5.0   0.5  0.26   0.6  11.0   6:41p   NNE
19  60.3  69.7   3:10p  52.2   6:12a   5.4   0.8  0.03   0.8  12.0   4:08p     W
20  62.7  75.9   4:03p  48.1   5:50a   5.3   3.0  0.00   1.2  11.0  11:07a     W
21  68.9  86.2   2:28p  52.7   6:12a   3.1   7.0  0.00   0.9   9.0   4:38p     W
22  66.3  78.7   4:07p  53.2   5:57a   3.0   4.3  0.00   0.9   9.0   6:50p   WNW
23  62.8  69.5   4:03p  56.6   5:30a   3.2   1.0  0.00   0.4   7.0   7:09p     W
24  65.3  75.8   2:51p  55.5   6:19a   2.6   2.9  0.00   0.7  10.0   7:10p   WSW
25  67.2  79.0   4:51p  52.5   5:56a   3.0   5.3  0.00   1.1   9.0   1:12p     W
26  69.6  85.6   5:36p  55.5   6:05a   2.0   6.6  0.00   0.7   9.0   2:23p   WSW
27  65.1  70.0   5:33p  57.5  11:59p   1.4   1.4  0.13   0.4   9.0   8:56a   NNE
28  64.1  75.6   4:15p  51.4   5:40a   4.0   3.1  0.00   1.2  10.0   3:17p     W
29  65.9  79.0   4:55p  52.5   5:57a   3.6   4.6  0.00   0.7   8.0   5:57p     W
30  63.9  73.9   5:18p  56.5   1:45a   3.0   1.8  0.00   0.5   7.0   2:25p     W
31  67.5  80.6   4:18p  53.9   5:38a   3.0   5.5  0.00   0.7   9.0  12:22p   WSW
----------------------------------------------------------------------------------
    64.4  86.2    21    48.1    20    98.7  80.9  1.07   0.6  12.0    17       W

Max >=  80.0:  3
Max <=  32.0:  0
Min <=  32.0:  0
Min <=   0.0:  0
Max Rain: 0.26 on day 18
Days of Rain: 10 (>= 0.01 in)  5 (>= 0.10 in)  0 (>= 1.00 in)
Heat Base: 65.0  Cool Base: 65.0  Method: Integration
:Now::Gauges::Today::Yesterday::This Month::Monthly Records::This Year::Data Summary::NOAA Style Reports::Records::Trends::Sky Cam::Discussion::Air Quality::Mobile Display Site::System Info: