Brier Weather Station

:Now::Gauges::Today::Yesterday::This Month::Monthly Records::This Year::Data Summary::NOAA Style Reports::Records::Trends::Sky Cam::Discussion::Air Quality::Mobile Display Site::System Info:

 Latitude N 47° 46' 49"    Longitude W 122° 16' 48"    Elevation 341 ft

Select a Year or Month report

Report for 2019 Apr
                   Monthly Climatological Summary for Apr 2019

Name: Brierweather   City: Brier   State: Wa
Elevation: 341 ft  Lat: N 47° 46' 49"   Lon: W 122° 16' 48"

                  Temperature (°F), Rain (in), Wind Speed (mph)

                                      Heat  Cool        Avg
    Mean                              Deg   Deg         Wind                 Dom
Day Temp  High   Time   Low    Time   Days  Days  Rain  Speed High   Time    Dir
----------------------------------------------------------------------------------
 1  51.2  64.4   4:20p  38.7   7:15a  13.8   0.0  0.00   1.1  10.0   3:12p     W
 2  54.2  66.7   2:12p  41.2   6:39a  10.9   0.1  0.00   0.9   7.0  12:50p     W
 3  52.8  58.0  12:48p  46.9  11:48p  12.2   0.0  0.04   1.1  17.0   1:14p   WSW
 4  51.7  63.6   4:55p  37.7   6:40a  13.3   0.0  0.02   0.5   8.0   5:07p   WSW
 5  50.8  58.6  11:48a  46.3  11:58p  14.2   0.0  0.36   0.5  11.0   3:07p   ENE
 6  48.2  54.3  12:05p  42.6   4:03a  16.8   0.0  0.25   0.7  15.0  11:32a     W
 7  46.9  53.2   4:45p  43.5  10:42p  18.1   0.0  0.18   0.1   5.0  12:57p   WSW
 8  49.2  60.7   3:01p  41.4   4:18a  15.7   0.0  0.03   0.5   8.0   5:05p   WSW
 9  49.8  56.5   3:06p  45.1   5:48a  15.2   0.0  0.20   1.0  10.0  10:28a     W
10  47.7  53.4   2:57p  44.8   3:56a  17.3   0.0  0.10   0.5  13.0   2:03p   WNW
11  48.4  52.6   5:16p  44.8   6:57a  16.6   0.0  0.21   0.1   7.0   5:17p   ESE
12  50.2  55.6   3:22p  46.2   6:48a  14.8   0.0  0.05   0.3   8.0   6:48a    NW
13  46.1  51.0   3:01p  42.2  11:53p  18.9   0.0  0.45   0.7  11.0  10:21a    NE
14  43.5  51.5   2:15p  38.5   2:22a  21.5   0.0  0.30   0.4   9.0   1:59p   WSW
15  47.2  54.8   3:11p  40.6  12:00a  17.8   0.0  0.00   1.2  11.0   4:42p     W
16  48.7  56.4   3:30p  40.5   2:36a  16.3   0.0  0.07   0.6  10.0   3:19p   WSW
17  53.7  61.8   5:40p  48.2   4:37a  11.3   0.0  0.00   0.6  11.0   1:26a   ENE
18  55.8  64.4   3:44p  50.4   5:03a   9.2   0.0  0.16   0.2   8.0   1:42p   ESE
19  53.0  55.7   3:05a  49.5  11:26p  12.0   0.0  0.24   0.2   6.0  12:08p   NNE
20  50.1  58.7   6:12p  43.1   6:49a  14.9   0.0  0.01   0.6  10.0   9:47a   NNW
21  50.2  60.2   4:47p  40.1   6:22a  14.8   0.0  0.00   0.6   8.0   1:15p    SW
22  49.1  55.5   1:20p  41.9   1:58a  15.9   0.0  0.10   0.1   7.0   3:40p   ENE
23  51.8  55.3   1:45p  47.9  11:59p  13.2   0.0  0.02   1.0  11.0   1:31p     N
24  50.4  59.7   2:51p  41.2   4:07a  14.6   0.0  0.00   1.1  11.0   5:18p     W
25  50.3  59.5   2:05p  39.0   5:23a  14.7   0.0  0.00   1.2  11.0  10:40a   WNW
26  52.1  61.8   3:11p  41.0   6:06a  12.9   0.0  0.00   1.0  10.0   4:58p     W
27  48.8  55.0   2:19p  41.5  11:59p  16.2   0.0  0.02   1.9  16.0   8:44a     W
28  47.3  57.4   4:39p  34.7   5:27a  17.6   0.0  0.00   1.2  13.0   3:44p     W
29  50.9  62.7   5:01p  38.8   6:06a  14.1   0.0  0.00   1.5  13.0   2:43p     W
30  51.6  64.8   2:53p  36.8   5:30a  13.4   0.0  0.00   1.2  11.0   2:13p   WNW
----------------------------------------------------------------------------------
    50.1  66.7     2    34.7    28   448.2   0.1  2.81   0.8  17.0     3       W

Max >=  80.0:  0
Max <=  32.0:  0
Min <=  32.0:  0
Min <=   0.0:  0
Max Rain: 0.45 on day 13
Days of Rain: 19 (>= 0.01 in)  11 (>= 0.10 in)  0 (>= 1.00 in)
Heat Base: 65.0  Cool Base: 65.0  Method: Integration
:Now::Gauges::Today::Yesterday::This Month::Monthly Records::This Year::Data Summary::NOAA Style Reports::Records::Trends::Sky Cam::Discussion::Air Quality::Mobile Display Site::System Info: