Brier Weather Station

:Now::Gauges::Today::Yesterday::This Month::Monthly Records::This Year::Data Summary::NOAA Style Reports::Records::Trends::Sky Cam::Discussion::Air Quality::Mobile Display Site::System Info:

 Latitude N 47° 46' 49"    Longitude W 122° 16' 48"    Elevation 341 ft


Report for 2018 Dec
                   Monthly Climatological Summary for Dec 2018

Name: Brierweather   City: Brier   State: Wa
Elevation: 341 ft  Lat: N 47° 46' 49"   Lon: W 122° 16' 48"

                  Temperature (°F), Rain (in), Wind Speed (mph)

                                      Heat  Cool        Avg
    Mean                              Deg   Deg         Wind                 Dom
Day Temp  High   Time   Low    Time   Days  Days  Rain  Speed High   Time    Dir
----------------------------------------------------------------------------------
 1  41.3  44.7   1:28p  36.5   7:24a  23.7   0.0  0.03   0.0   2.0  12:03a   ---
 2  40.7  43.5  12:28p  34.9   9:46p  24.3   0.0  0.05   0.0   3.0  12:31p   WNW
 3  35.8  42.1   2:28p  31.1  11:54p  29.2   0.0  0.00   0.1   5.0  10:27a   NNW
 4  32.7  41.8   1:49p  27.7   7:52a  32.3   0.0  0.01   0.2   7.0   2:12p    NW
 5  31.4  40.8   2:03p  26.7  11:34p  33.6   0.0  0.00   0.1   6.0  10:46a   NNW
 6  29.5  41.4   2:12p  23.5   7:57a  35.5   0.0  0.00   0.1   5.0   1:44p   NNE
 7  31.1  40.2   2:26p  23.9   5:41a  33.9   0.0  0.00   0.0   5.0  12:59p   ---
 8  38.4  44.3   2:48p  32.0  12:20a  26.6   0.0  0.00   0.0   5.0  12:50p   ENE
 9  42.4  45.6   4:21a  37.6  12:31a  22.6   0.0  0.44   0.2   8.0   1:14p     S
10  44.2  47.1   1:21p  41.6  12:00a  20.8   0.0  0.01   0.1  10.0  12:48p   WSW
11  44.9  48.9   2:43p  40.5  11:43p  20.1   0.0  0.32   0.3  12.0   7:27p   NNW
12  41.9  45.8   5:42p  33.8   7:00a  23.1   0.0  0.07   0.3   7.0  11:11a   ENE
13  46.1  49.8  12:25p  43.9   2:52a  18.9   0.0  0.09   0.2   7.0   4:08a     E
14  45.2  53.9   4:45p  39.4   5:33a  19.8   0.0  0.00   1.0  23.0   7:40p    NW
15  44.9  49.2  12:35p  40.6   8:06a  20.1   0.0  0.03   0.6   9.0   1:25a     E
16  47.4  50.9  12:46p  43.3   1:30a  17.6   0.0  0.53   0.6  13.0   4:20a   ENE
17  46.1  50.0   2:40p  42.9   7:29a  18.9   0.0  0.27   0.1   7.0   2:46p    NE
18  47.5  51.0  12:28p  45.1   9:06p  17.5   0.0  0.23   1.1  19.0   1:14p     N
19  45.5  47.5   1:21p  43.1   8:53p  19.5   0.0  0.01   0.5  14.0   2:29a     E
20  46.2  53.0  10:57a  39.0  11:32p  18.8   0.0  0.30   1.1  19.0  11:42a     W
21  36.9  41.2   2:13p  32.8   5:53a  28.1   0.0  0.00   0.0   5.0   8:04a    SW
22  40.4  45.7   2:56p  35.7   2:01a  24.6   0.0  0.28   0.2   8.0   6:00p    SW
23  43.0  46.3   2:27p  40.3  12:51a  22.0   0.0  0.23   0.1   7.0   9:18a     E
24  42.9  47.8   2:10p  38.7  11:59p  22.1   0.0  0.02   0.5   8.0   2:06p   WNW
25  38.0  42.5  12:50p  32.0   3:30a  27.0   0.0  0.01   0.0   4.0  11:52a   ENE
26  39.5  41.0   3:18p  37.7   3:27a  25.5   0.0  0.05   0.0   5.0  11:23a     E
27  39.8  42.5   1:24p  36.2   8:33a  25.2   0.0  0.20   0.0   2.0   1:22a     E
28  40.9  46.7  11:55p  37.1   3:28a  24.1   0.0  0.40   0.2   8.0   6:40p     E
29  48.0  50.9  10:51a  40.9  10:50p  17.0   0.0  0.66   1.3  13.0   6:03a   NNE
30  39.3  45.1   2:41p  32.4  11:05p  25.7   0.0  0.06   0.3   8.0   4:10a   WSW
31  32.4  38.8   2:10p  29.1   7:40a  32.6   0.0  0.00   0.0   4.0   2:03p     N
----------------------------------------------------------------------------------
    40.8  53.9    14    23.5     6   750.7   0.0  4.30   0.3  23.0    14       N

Max >=  80.0:  0
Max <=  32.0:  0
Min <=  32.0:  8
Min <=   0.0:  0
Max Rain: 0.66 on day 29
Days of Rain: 23 (>= 0.01 in)  11 (>= 0.10 in)  0 (>= 1.00 in)
Heat Base: 65.0  Cool Base: 65.0  Method: Integration
:Now::Gauges::Today::Yesterday::This Month::Monthly Records::This Year::Data Summary::NOAA Style Reports::Records::Trends::Sky Cam::Discussion::Air Quality::Mobile Display Site::System Info: