Brier Weather Station

:Now::Gauges::Today::Yesterday::This Month::Monthly Records::This Year::Data Summary::NOAA Style Reports::Records::Trends::Sky Cam::Discussion::Air Quality::Mobile Display Site::System Info:

 Latitude N 47° 46' 49"    Longitude W 122° 16' 48"    Elevation 341 ft


Report for 2018 Nov
                   Monthly Climatological Summary for Nov 2018

Name: Brierweather   City: Brier   State: Wa
Elevation: 341 ft  Lat: N 47° 46' 49"   Lon: W 122° 16' 48"

                  Temperature (°F), Rain (in), Wind Speed (mph)

                                      Heat  Cool        Avg
    Mean                              Deg   Deg         Wind                 Dom
Day Temp  High   Time   Low    Time   Days  Days  Rain  Speed High   Time    Dir
----------------------------------------------------------------------------------
 1  57.6  59.9   4:15p  55.9   1:28a   7.4   0.0  0.15   1.1  15.0   8:24p    NE
 2  55.5  58.3   4:05p  51.6  10:55p   9.5   0.0  0.27   0.4  11.0  12:22a   NNE
 3  52.6  54.0  11:49a  50.9  12:57a  12.4   0.0  0.21   0.5   9.0   8:06p   ENE
 4  53.5  57.6   1:01p  50.0   8:51p  12.0   0.0  0.04   0.5  12.0   6:55a    NE
 5  50.8  55.6   1:48p  45.2   8:43p  14.2   0.0  0.06   0.1   6.0  10:37a   WSW
 6  47.2  52.3  12:30p  42.5   9:55p  17.8   0.0  0.02   0.2   7.0  11:23a   WSW
 7  43.1  49.5   1:04p  34.3  11:59p  21.9   0.0  0.02   0.4   7.0  11:30a    NW
 8  37.0  47.7   2:16p  31.4   6:08a  28.0   0.0  0.00   0.1   7.0   2:28p   NNW
 9  38.4  42.0   2:31p  31.7   1:42a  26.6   0.0  0.04   0.0   3.0  10:28a   ---
10  42.1  47.8   2:24p  35.8  11:58p  22.9   0.0  0.02   0.5  10.0  12:09p   NNW
11  37.8  47.4   2:18p  31.2   6:53a  27.2   0.0  0.00   0.4   8.0  10:11a    NW
12  40.3  54.5   2:41p  32.2   6:19a  24.7   0.0  0.00   0.0   3.0  10:16a   ENE
13  44.9  54.4   1:27p  33.9   6:16a  20.1   0.0  0.00   0.1   6.0  10:43a   ESE
14  50.5  53.2   2:38p  47.4   7:57a  14.5   0.0  0.00   0.5   9.0   7:01a   ENE
15  51.8  54.4  12:18p  49.6   7:18a  13.2   0.0  0.00   0.1   7.0  11:32a   WSW
16  49.9  52.3  11:18a  43.5   9:33p  15.1   0.0  0.08   0.4   9.0  12:54p    NW
17  41.9  50.5   1:35p  34.8  11:46p  23.1   0.0  0.00   0.3   7.0  11:47a   WNW
18  38.7  51.1   1:44p  31.6   7:36a  26.3   0.0  0.00   0.2   8.0  11:45a     W
19  38.3  51.4   2:03p  31.2   6:44a  26.7   0.0  0.00   0.0   2.0  12:48p   ---
20  39.4  50.0  12:56p  31.6   6:40a  25.6   0.0  0.00   0.0   3.0  12:22p   ---
21  46.7  49.6   2:40p  43.6  12:00a  18.3   0.0  0.10   0.1   7.0   6:26a   WSW
22  46.8  50.0  12:15p  44.1   9:09p  18.2   0.0  0.50   0.2   9.0   6:07p   ENE
23  43.8  47.6   1:31p  38.2   9:09p  21.3   0.0  0.20   0.3  14.0   1:42p   ENE
24  41.5  47.2   1:19p  35.3  11:54p  23.5   0.0  0.02   0.0   4.0   1:29p    SW
25  41.3  47.6   2:27p  33.3   5:15a  23.7   0.0  0.00   0.0   6.0  10:47a     E
26  48.5  51.6   8:28p  44.3   2:32a  16.5   0.0  1.10   0.0   6.0  11:29a   ESE
27  51.7  55.6  12:36p  48.1   8:08p  13.3   0.0  0.37   0.5   9.0  11:19a   ENE
28  48.0  49.6  12:21a  45.7  11:16p  17.0   0.0  0.14   0.1   6.0  12:22a     E
29  45.9  48.5   1:51p  42.3   9:03p  19.1   0.0  0.00   0.1   7.0  12:31p     N
30  45.0  48.0  12:55p  41.8  11:44p  20.0   0.0  0.15   0.1   9.0   2:25p   WSW
----------------------------------------------------------------------------------
    45.7  59.9     1    31.2    11   580.1   0.0  3.49   0.2  15.0     1     NNE

Max >=  80.0:  0
Max <=  32.0:  0
Min <=  32.0:  6
Min <=   0.0:  0
Max Rain: 1.10 on day 26
Days of Rain: 18 (>= 0.01 in)  10 (>= 0.10 in)  1 (>= 1.00 in)
Heat Base: 65.0  Cool Base: 65.0  Method: Integration
:Now::Gauges::Today::Yesterday::This Month::Monthly Records::This Year::Data Summary::NOAA Style Reports::Records::Trends::Sky Cam::Discussion::Air Quality::Mobile Display Site::System Info: