Brier Weather Station

:Now::Gauges::Today::Yesterday::This Month::Monthly Records::This Year::Data Summary::NOAA Style Reports::Records::Trends::Sky Cam::Discussion::Air Quality::Mobile Display Site::System Info:

 Latitude N 47° 46' 49"    Longitude W 122° 16' 48"    Elevation 341 ft


Report for 2018 Aug
                   Monthly Climatological Summary for Aug 2018

Name: Brierweather   City: Brier   State: Wa
Elevation: 341 ft  Lat: N 47° 46' 49"   Lon: W 122° 16' 48"

                  Temperature (°F), Rain (in), Wind Speed (mph)

                                      Heat  Cool        Avg
    Mean                              Deg   Deg         Wind                 Dom
Day Temp  High   Time   Low    Time   Days  Days  Rain  Speed High   Time    Dir
----------------------------------------------------------------------------------
 1  64.1  72.6   3:13p  57.2  11:54p   2.7   1.8  0.00   0.7   9.0   2:33p   WSW
 2  61.4  65.2   5:11p  56.6  12:19a   3.6   0.0  0.00   0.3   7.0   8:27a   ENE
 3  63.1  72.7   2:18p  56.8   5:51a   3.4   1.6  0.04   0.7   8.0   3:05p     W
 4  64.7  76.1   3:06p  55.0   3:59a   3.5   3.2  0.00   1.0  10.0   3:43p     W
 5  67.9  81.1   2:05p  54.6   5:54a   2.6   5.5  0.00   0.9  10.0   3:48p     W
 6  69.3  83.2   3:05p  56.0   6:11a   2.3   6.5  0.00   0.8   9.0   1:09p     W
 7  71.0  86.1   3:08p  56.0   5:53a   2.0   8.1  0.00   1.1  11.0   4:35p     W
 8  73.9  89.0   2:51p  57.7   5:42a   1.4  10.3  0.00   0.8   8.0  12:51p     W
 9  73.8  88.1   1:53p  60.7   6:13a   0.5   9.4  0.00   0.8   8.0   4:35p     W
10  70.7  83.2   2:24p  58.5   5:32a   1.3   7.0  0.00   0.8  11.0   5:34p   WSW
11  64.9  73.2   4:01p  59.5  11:54p   1.1   1.0  0.17   0.8  14.0  12:30p   WSW
12  63.4  69.7   3:15p  57.0  11:46p   2.4   0.8  0.00   0.8   8.0   4:08p   WSW
13  64.2  74.9   2:55p  55.0   2:12a   3.3   2.6  0.00   1.0  10.0   2:33p    NW
14  67.9  80.4   4:32p  56.1   5:39a   2.6   5.5  0.00   0.7   8.0   3:09p     W
15  68.5  82.5   2:19p  56.3   6:29a   2.3   5.8  0.00   0.7   8.0   3:35p     W
16  62.3  71.5   4:50p  54.7   5:59a   3.9   1.1  0.00   0.5   6.0  11:51a   WSW
17  62.1  72.6   4:48p  53.4   4:53a   4.6   1.7  0.00   0.8   9.0  10:41a   WSW
18  64.2  76.6   2:45p  51.3   6:17a   4.0   3.3  0.00   0.7  10.0   1:36p     W
19  64.9  74.9   3:12p  55.0   6:34a   2.9   2.9  0.00   0.7   9.0   2:27p     W
20  66.3  78.7   5:00p  54.9   6:16a   2.5   3.9  0.00   0.7  12.0  10:48a   WNW
21  70.4  85.8   1:46p  58.3   6:35a   1.9   7.3  0.00   0.5   8.0   3:40p     W
22  70.1  87.0   3:13p  55.3   6:37a   2.4   7.5  0.00   0.5   6.0  12:58p   WSW
23  62.3  71.3   2:23p  57.6   1:48a   3.6   0.9  0.00   0.6  13.0   3:27p   WSW
24  61.7  71.3   1:54p  53.8  11:53p   4.2   0.9  0.00   0.5   9.0   2:01p   WSW
25  56.7  61.4   4:38p  50.1   5:09a   8.3   0.0  0.00   0.2   7.0  11:27a    SW
26  59.5  64.6   3:59p  56.6   6:15a   5.4   0.0  0.04   0.5   9.0   2:55p   WSW
27  61.5  72.9   2:44p  54.2  11:51p   5.2   1.7  0.01   1.0  11.0  10:05a    NW
28  64.0  80.3   1:23p  50.1   6:00a   5.2   4.2  0.00   0.6   7.0   1:32p     W
29  63.1  77.2   1:15p  53.2   5:48a   4.0   2.1  0.00   0.8  11.0   5:16p   NNE
30  64.6  74.6   3:11p  59.5  12:22a   2.2   1.9  0.00   0.5   8.0   1:10p   WSW
31  62.7  72.4   2:04p  57.6   7:17a   3.3   1.1  0.00   0.8   8.0  12:51p   WSW
----------------------------------------------------------------------------------
    65.3  89.0     8    50.1    25    98.6 109.6  0.26   0.7  14.0    11       W

Max >=  80.0: 11
Max <=  32.0:  0
Min <=  32.0:  0
Min <=   0.0:  0
Max Rain: 0.17 on day 11
Days of Rain: 4 (>= 0.01 in)  1 (>= 0.10 in)  0 (>= 1.00 in)
Heat Base: 65.0  Cool Base: 65.0  Method: Integration
:Now::Gauges::Today::Yesterday::This Month::Monthly Records::This Year::Data Summary::NOAA Style Reports::Records::Trends::Sky Cam::Discussion::Air Quality::Mobile Display Site::System Info: