Brier Weather Station

:Now::Gauges::Today::Yesterday::This Month::Monthly Records::This Year::Data Summary::NOAA Style Reports::Records::Trends::Sky Cam::Discussion::Air Quality::Mobile Display Site::System Info:

 Latitude N 47° 46' 49"    Longitude W 122° 16' 48"    Elevation 341 ft


Report for 2018 Jun
                   Monthly Climatological Summary for Jun 2018

Name: Brierweather   City: Brier   State: Wa
Elevation: 341 ft  Lat: N 47° 46' 49"   Lon: W 122° 16' 48"

                  Temperature (°F), Rain (in), Wind Speed (mph)

                                      Heat  Cool        Avg
    Mean                              Deg   Deg         Wind                 Dom
Day Temp  High   Time   Low    Time   Days  Days  Rain  Speed High   Time    Dir
----------------------------------------------------------------------------------
 1  56.4  64.3   4:01p  50.4   6:15a   8.6   0.0  0.00   0.6  13.0  12:08p   SSW
 2  61.1  76.6   2:58p  49.1   5:48a   6.0   2.1  0.00   1.1  11.0   5:38p   WSW
 3  54.6  62.0  11:21a  50.6   5:27a  10.4   0.0  0.02   0.6   9.0   2:03p    NW
 4  54.1  64.2   3:26p  48.5   6:21a  10.9   0.0  0.08   0.5   9.0   7:27p    NW
 5  56.6  68.6   3:00p  44.8   5:04a   8.7   0.3  0.00   1.0  15.0  12:35p   WSW
 6  59.4  73.7   2:26p  46.7   5:34a   6.8   1.2  0.00   1.1   9.0   6:12p   WSW
 7  58.4  66.1   3:39p  50.4   3:22a   6.7   0.0  0.00   0.5   9.0   2:58p    SW
 8  57.3  62.3  11:28a  51.5  11:33p   7.7   0.0  0.27   0.3   6.0  10:44p   ESE
 9  53.3  63.8   3:14p  48.7  11:55p  11.7   0.0  0.08   0.5  10.0   3:07p     W
10  52.0  63.7   2:43p  45.8   3:36a  13.0   0.0  0.13   1.0  14.0  11:30a   WSW
11  55.3  67.2   4:05p  43.3   4:09a   9.8   0.1  0.00   0.7  14.0   2:37p   WNW
12  55.7  64.5   2:46p  43.5   5:01a   9.3   0.0  0.00   0.8   9.0  11:56a     W
13  55.0  60.9   1:26p  51.1   5:15a  10.0   0.0  0.45   0.3   9.0   6:00a     N
14  56.3  64.3   5:40p  51.0   6:06a   8.7   0.0  0.18   0.3   6.0   1:01p    SW
15  58.0  70.3   3:28p  46.1   5:15a   7.8   0.7  0.00   1.6  10.0   8:22a     W
16  62.6  74.6   6:44p  49.7   5:52a   4.9   2.6  0.00   1.3  11.0  10:55a   WNW
17  68.0  82.7   3:55p  53.1   5:17a   3.2   6.2  0.00   1.2  11.0  12:23p     W
18  71.2  85.5   3:56p  54.6   5:27a   2.3   8.5  0.00   0.7   8.0  12:26p   WSW
19  69.7  84.1   4:03p  57.2   5:43a   1.5   6.2  0.00   0.7   7.0   2:38p   WSW
20  71.6  83.6  12:46p  59.4   5:30a   0.6   7.2  0.00   0.9   6.0  12:24p     W
21  62.8  70.8   3:39p  56.3  11:21p   2.8   0.6  0.00   1.1  11.0   3:42p   WSW
22  60.0  66.5   6:44p  53.7   2:09a   5.1   0.1  0.05   0.7   7.0   1:22p   WSW
23  60.4  70.1   2:50p  54.7   5:17a   5.4   0.8  0.01   0.5   7.0   3:31a     W
24  62.0  73.7   1:13p  51.0   3:50a   4.9   1.9  0.00   1.6  13.0   8:53p     W
25  58.0  65.8   3:50p  53.2   9:42a   7.0   0.0  0.33   0.9  10.0   5:48p     N
26  59.9  70.5   3:02p  53.8   5:33a   5.7   0.6  0.01   0.9   9.0   5:24p     W
27  58.1  66.7   4:28p  46.6   4:48a   7.0   0.1  0.00   0.7   8.0   9:07a   WSW
28  58.0  64.1   3:37p  51.4   2:10a   7.0   0.0  0.00   0.3   6.0   7:43a     W
29  61.5  67.7   4:15p  55.4   3:45a   3.9   0.4  0.00   0.2   5.0  11:50a     N
30  59.7  62.6   4:19p  55.6   4:29a   5.3   0.0  0.00   0.1   7.0  10:51a    SW
----------------------------------------------------------------------------------
    59.6  85.5    18    43.3    11   202.7  39.6  1.61   0.8  15.0     5       W

Max >=  80.0:  4
Max <=  32.0:  0
Min <=  32.0:  0
Min <=   0.0:  0
Max Rain: 0.45 on day 13
Days of Rain: 11 (>= 0.01 in)  5 (>= 0.10 in)  0 (>= 1.00 in)
Heat Base: 65.0  Cool Base: 65.0  Method: Integration
:Now::Gauges::Today::Yesterday::This Month::Monthly Records::This Year::Data Summary::NOAA Style Reports::Records::Trends::Sky Cam::Discussion::Air Quality::Mobile Display Site::System Info: