Brier Weather Station

:Now::Gauges::Today::Yesterday::This Month::Monthly Records::This Year::Data Summary::NOAA Style Reports::Records::Trends::Sky Cam::Discussion::Air Quality::Mobile Display Site::System Info:

 Latitude N 47° 46' 49"    Longitude W 122° 16' 48"    Elevation 341 ft


Report for 2018 Apr
                   Monthly Climatological Summary for Apr 2018

Name: Brierweather   City: Brier   State: Wa
Elevation: 341 ft  Lat: N 47° 46' 49"   Lon: W 122° 16' 48"

                  Temperature (°F), Rain (in), Wind Speed (mph)

                                      Heat  Cool        Avg
    Mean                              Deg   Deg         Wind                 Dom
Day Temp  High   Time   Low    Time   Days  Days  Rain  Speed High   Time    Dir
----------------------------------------------------------------------------------
 1  42.1  47.4   1:19p  34.3  11:06p  22.9   0.0  0.33   0.6  10.0   1:49p   WNW
 2  42.2  51.2   1:31p  33.1   7:37a  22.8   0.0  0.01   0.6  10.0  12:34p     W
 3  43.7  49.0   3:15p  38.2   6:37a  21.3   0.0  0.00   0.3   7.0  11:07a   SSE
 4  44.0  47.1   5:57p  40.1   6:39a  21.0   0.0  0.45   0.1   6.0  10:02a   ENE
 5  48.9  53.8   4:34p  44.2   5:07a  16.1   0.0  0.17   0.0   5.0   3:10p   ENE
 6  54.1  64.0   5:21p  48.5  11:23p  10.9   0.0  0.01   0.2   8.0   3:04p     E
 7  51.1  55.8   3:27a  46.3  11:16p  13.9   0.0  0.68   0.7  12.0  12:48p     E
 8  48.0  53.6   5:25p  45.4   2:56a  17.0   0.0  0.09   1.3  15.0   5:58p     E
 9  51.1  60.7   1:44p  40.5   6:34a  13.9   0.0  0.00   0.8   9.0   5:39p     W
10  52.0  60.4   2:27p  45.2   3:10a  13.0   0.0  0.20   1.3  17.0   1:32p   WSW
11  47.7  53.8  11:14a  40.9  11:20p  17.3   0.0  0.43   0.3  12.0  11:43a   SSE
12  43.5  50.8   5:55p  39.1   6:16a  21.5   0.0  0.25   0.3   8.0  11:23a   WSW
13  47.0  51.5  12:38p  41.8   4:52a  18.0   0.0  0.23   1.0  14.0   8:38p   ENE
14  48.0  52.2   2:09p  45.1  11:37p  17.0   0.0  1.24   0.2   8.0  12:24a   ENE
15  46.3  50.7   2:56p  43.0   6:51a  18.7   0.0  0.21   1.4  11.0   2:03p     W
16  44.7  48.1   3:03p  41.2   6:36a  20.3   0.0  0.51   0.9  11.0   6:55p   NNE
17  46.5  55.2   2:55p  39.4   5:40a  18.5   0.0  0.06   0.8  11.0  11:53a   WSW
18  47.4  56.7   1:57p  39.9   4:57a  17.6   0.0  0.01   1.4  12.0   8:09p     W
19  49.2  61.1   2:15p  36.6   6:24a  15.8   0.0  0.00   0.9  11.0   2:33p   WNW
20  51.4  62.1   1:45p  39.6   5:35a  13.6   0.0  0.00   0.5  10.0   3:54p    SW
21  49.3  58.5  12:30p  41.4  11:15p  15.7   0.0  0.00   1.0  10.0   1:44a   WNW
22  48.1  58.2   2:47p  39.5   6:02a  16.9   0.0  0.00   1.5  12.0   1:09p   WNW
23  52.3  66.2   1:33p  37.4   6:19a  12.7   0.0  0.00   1.3  12.0   2:42p     W
24  58.2  75.2  12:29p  40.7   6:08a   8.8   2.0  0.00   1.1  12.0   3:09p     W
25  59.2  71.6   3:02p  46.1   5:27a   7.1   1.3  0.00   1.5  11.0   1:30p     W
26  62.1  77.9   2:08p  45.4   6:10a   6.2   3.2  0.00   1.4   9.0   2:14p     W
27  53.8  60.6   4:27p  47.2   4:36a  11.2   0.0  0.00   0.8  14.0   6:04p     W
28  49.9  53.7   2:25p  47.8   6:28a  15.1   0.0  0.34   0.1   7.0   6:40p     N
29  51.7  58.1   4:04p  47.1   5:53a  13.3   0.0  0.03   0.5   9.0  12:05p   WSW
30  50.9  56.5   5:28p  46.8  11:25p  14.1   0.0  0.00   0.4   7.0   6:51p   WSW
----------------------------------------------------------------------------------
    49.5  77.9    26    33.1     2   472.2   6.5  5.25   0.8  17.0    10       W

Max >=  80.0:  0
Max <=  32.0:  0
Min <=  32.0:  0
Min <=   0.0:  0
Max Rain: 1.24 on day 14
Days of Rain: 18 (>= 0.01 in)  12 (>= 0.10 in)  1 (>= 1.00 in)
Heat Base: 65.0  Cool Base: 65.0  Method: Integration
:Now::Gauges::Today::Yesterday::This Month::Monthly Records::This Year::Data Summary::NOAA Style Reports::Records::Trends::Sky Cam::Discussion::Air Quality::Mobile Display Site::System Info: