Brier Weather Station

:Now::Gauges::Today::Yesterday::This Month::Monthly Records::This Year::Data Summary::NOAA Style Reports::Records::Trends::Sky Cam::Discussion::Air Quality::Mobile Display Site::System Info:

 Latitude N 47° 46' 49"    Longitude W 122° 16' 48"    Elevation 341 ft

Select a Year or Month report

Report for 2018 Feb
                   Monthly Climatological Summary for Feb 2018

Name: Brierweather   City: Brier   State: Wa
Elevation: 341 ft  Lat: N 47° 46' 49"   Lon: W 122° 16' 48"

                  Temperature (°F), Rain (in), Wind Speed (mph)

                                      Heat  Cool        Avg
    Mean                              Deg   Deg         Wind                 Dom
Day Temp  High   Time   Low    Time   Days  Days  Rain  Speed High   Time    Dir
----------------------------------------------------------------------------------
 1  44.0  46.2  12:09p  42.7  12:15a  21.0   0.0  0.43   0.0   5.0  11:57a   ESE
 2  48.9  52.7   2:30p  44.0  12:00a  16.1   0.0  0.07   0.8  16.0  11:31a     W
 3  48.8  50.3  12:46p  47.4   5:14a  16.2   0.0  0.49   0.2   7.0   7:39p    NE
 4  50.4  55.0   2:47p  47.7  12:24a  14.6   0.0  0.03   0.4   9.0   2:34p     W
 5  47.1  50.1   1:12p  45.6  10:57p  17.9   0.0  0.08   0.3   8.0   3:21a   WSW
 6  45.6  46.9  12:44p  44.5   7:11a  19.4   0.0  0.08   0.0   5.0  10:14a   ENE
 7  48.5  51.5  12:59p  45.9   3:00a  16.5   0.0  0.01   0.0   7.0  11:55p     E
 8  47.8  51.3   3:11p  41.6  10:21p  17.2   0.0  0.09   0.6  12.0   3:26a   WSW
 9  41.4  45.6  11:13a  35.5  11:11p  23.6   0.0  0.05   0.1   6.0   2:08p   SSW
10  36.0  43.0   2:41p  30.3   7:22a  29.0   0.0  0.01   0.4  11.0   2:40a   WNW
11  36.2  43.1   1:22p  31.0  11:24p  28.8   0.0  0.00   0.9  14.0   2:37p    NW
12  35.0  42.5   2:44p  28.7  11:02p  30.0   0.0  0.00   0.9  11.0   6:29a   WNW
13  35.5  45.8   3:00p  26.1   6:44a  29.4   0.0  0.27   0.2   6.0  10:48a     W
14  38.5  42.0   3:24p  35.3  11:07p  26.5   0.0  0.16   0.6  11.0   1:21p   WNW
15  39.4  43.7   2:50p  33.1   7:34a  25.6   0.0  0.00   0.1   5.0  11:36a   WSW
16  42.4  45.8   4:46p  40.0  12:00a  22.6   0.0  0.34   0.2   8.0   6:27p     N
17  44.6  50.7   1:31p  39.5  11:50p  20.4   0.0  0.12   1.7  17.0  10:56a   WSW
18  35.2  40.0  12:19a  31.0  11:58p  29.8   0.0  0.00   2.7  21.0   2:08p     W
19  30.4  34.9   3:26p  26.2  10:42p  34.6   0.0  0.01   1.9  14.0   4:26a   WNW
20  29.8  36.5   1:48p  24.4   4:33a  35.2   0.0  0.00   0.4   8.0  12:04p     W
21  28.7  35.2   3:33p  20.9   5:47a  36.3   0.0  0.00   0.3   7.0   6:13p     E
22  30.0  36.9   4:16p  24.5  11:58p  35.0   0.0  0.00   1.2  13.0   2:42p   WNW
23  29.8  37.2   3:32p  20.2   6:22a  35.2   0.0  0.00   0.4  10.0   3:33p   ESE
24  38.3  43.0  12:38p  33.5   6:23a  26.7   0.0  0.08   1.2  14.0  10:51a    NW
25  38.0  42.7   9:57a  32.4  10:10p  27.0   0.0  0.10   1.3  14.0   8:49a   WNW
26  35.2  42.7   2:33p  30.9   5:24a  29.8   0.0  0.14   0.3   7.0  12:33p   WSW
27  40.5  45.6   4:16p  32.5  12:00a  24.5   0.0  0.09   0.5  10.0  11:42a     W
28  41.0  45.3  12:14p  37.7  12:28a  24.0   0.0  0.41   0.4  10.0   6:15p   ESE
----------------------------------------------------------------------------------
    39.5  55.0     4    20.2    23   712.9   0.0  3.06   0.6  21.0    18       W

Max >=  80.0:  0
Max <=  32.0:  0
Min <=  32.0: 11
Min <=   0.0:  0
Max Rain: 0.49 on day 3
Days of Rain: 20 (>= 0.01 in)  9 (>= 0.10 in)  0 (>= 1.00 in)
Heat Base: 65.0  Cool Base: 65.0  Method: Integration
:Now::Gauges::Today::Yesterday::This Month::Monthly Records::This Year::Data Summary::NOAA Style Reports::Records::Trends::Sky Cam::Discussion::Air Quality::Mobile Display Site::System Info: