Brier Weather Station

:Now::Gauges::Today::Yesterday::This Month::Monthly Records::This Year::Data Summary::Records::Trends::System Info:

 Latitude N 47° 46' 49"    Longitude W 122° 16' 48"    Elevation 341 ft

Select a Year or Month report
V/Λ2018 > Jan Feb Mar Apr May Jun Jul Aug Sep Oct Nov Dec
V/Λ2017 > Jan Feb Mar Apr May Jun Jul Aug Sep Oct Nov Dec
V/Λ2016 > Jan Feb Mar Apr May Jun Jul Aug Sep Oct Nov Dec
V/Λ2015 > Jan Feb Mar Apr May Jun Jul Aug Sep Oct Nov Dec
V/Λ2014 > Jan Feb Mar Apr May Jun Jul Aug Sep Oct Nov Dec
V/Λ2013 > Jan Feb Mar Apr May Jun Jul Aug Sep Oct Nov Dec

Report for 2017 Dec
                   Monthly Climatological Summary for Dec 2017

Name: Brierweather   City: Brier   State: Wa
Elevation: 341 ft  Lat: N 47° 46' 49"   Lon: W 122° 16' 48"

                  Temperature (°F), Rain (in), Wind Speed (mph)

                                      Heat  Cool        Avg
    Mean                              Deg   Deg         Wind                 Dom
Day Temp  High   Time   Low    Time   Days  Days  Rain  Speed High   Time    Dir
----------------------------------------------------------------------------------
 1  44.5  47.4  12:38p  42.8  11:59p  20.5   0.0  0.06   0.4   8.0   2:34a    NE
 2  42.6  44.2  12:24p  41.0   6:11a  22.4   0.0  0.48   0.0   4.0  12:51a    NE
 3  39.6  42.7   1:41p  34.1  10:13p  25.4   0.0  0.04   0.1   5.0   2:49a   NNW
 4  35.3  41.2   2:16p  31.6   7:59a  29.7   0.0  0.00   0.0   4.0   1:48p     W
 5  35.7  41.9   2:42p  30.2   5:23a  29.3   0.0  0.00   0.5  10.0  11:55a   NNW
 6  39.3  49.8   1:41p  33.2   3:15a  25.7   0.0  0.00   0.3   7.0  12:30p   WNW
 7  35.9  46.6   2:01p  30.9  11:45p  29.1   0.0  0.00   0.0   4.0   4:03p    NW
 8  33.1  42.1   1:36p  28.8   6:51a  31.8   0.0  0.00   0.0   3.0   1:09p   ---
 9  32.7  40.9   1:42p  28.2   7:48a  32.3   0.0  0.00   0.0   3.0  11:08a     W
10  36.3  48.0   1:06p  30.8   8:01a  28.7   0.0  0.00   0.0   6.0   1:01p   ENE
11  32.8  42.5   1:15p  27.3   7:32a  32.2   0.0  0.00   0.1   5.0   1:03p    SW
12  35.8  43.9   1:55p  29.4   4:10a  29.2   0.0  0.00   0.0   3.0   1:16p   WSW
13  38.5  46.4   2:15p  33.0   4:34a  26.5   0.0  0.00   0.4  11.0  12:44p   NNE
14  37.5  47.3   2:44p  33.4  11:29p  27.5   0.0  0.00   0.0   3.0  10:06a   NNW
15  39.6  44.3   2:12p  33.6  12:00a  25.4   0.0  0.04   0.1   9.0   8:46p     N
16  39.8  43.5   3:10p  33.8   4:52a  25.2   0.0  0.09   0.0   5.0  10:28p     N
17  45.8  49.2  10:26p  42.3   2:42a  19.1   0.0  0.00   1.2  17.0   6:56p   NNE
18  45.2  49.2   2:07a  41.1  11:11p  19.8   0.0  0.69   0.5  13.0  12:34a   WNW
19  42.0  48.5  11:36a  39.0   4:42p  23.0   0.0  0.73   0.8  16.0  11:59a     W
20  36.4  41.4   2:29p  28.8  11:20p  28.6   0.0  0.11   1.2  12.0   5:22a     W
21  31.5  37.9  11:50p  26.1   7:19a  33.5   0.0  0.00   0.0   3.0  12:05p   ENE
22  36.5  39.7   2:34p  32.5   8:16p  28.5   0.0  0.09   0.4   9.0  11:39a     W
23  30.9  36.4   2:18p  24.8  11:33p  34.1   0.0  0.00   0.6  10.0   2:22a   NNW
24  30.0  35.5   1:20p  24.8   1:44a  35.0   0.0  0.00   0.0   4.0  11:40a   WSW
25  32.3  34.3   3:14p  31.3   1:33a  32.7   0.0  0.01   0.0   3.0   1:23a   ---
26  32.6  35.5   1:59p  30.8   8:04a  32.4   0.0  0.04   0.0   2.0  12:38p   ---
27  33.8  36.7   1:44p  30.6   4:54a  31.2   0.0  0.10   0.0   3.0   1:36p    NE
28  43.8  46.9   1:40p  36.6  12:02a  21.2   0.0  0.10   0.5   9.0   2:45p     E
29  46.1  52.4   7:51p  43.3   6:01a  18.9   0.0  0.75   0.8  17.0   8:52p   WSW
30  42.0  45.9  12:41p  37.5  10:01p  23.0   0.0  0.01   0.6  16.0  12:42a     W
31  35.8  40.3   2:17p  30.9  11:59p  29.2   0.0  0.00   0.8   9.0   2:30p    NW
----------------------------------------------------------------------------------
    37.5  52.4    29    24.8    23   851.1   0.0  3.34   0.3  17.0    17      NW

Max >=  80.0:  0
Max <=  32.0:  0
Min <=  32.0: 16
Min <=   0.0:  0
Max Rain: 0.75 on day 29
Days of Rain: 15 (>= 0.01 in)  7 (>= 0.10 in)  0 (>= 1.00 in)
Heat Base: 65.0  Cool Base: 65.0  Method: Integration
:Now::Gauges::Today::Yesterday::This Month::Monthly Records::This Year::Data Summary::Records::Trends::System Info: