Brier Weather Station

:Now::Gauges::Today::Yesterday::This Month::Monthly Records::This Year::Data Summary::NOAA Style Reports::Records::Trends::Sky Cam::Discussion::Air Quality::Mobile Display Site::System Info:

 Latitude N 47° 46' 49"    Longitude W 122° 16' 48"    Elevation 341 ft

Select a Year or Month report

Report for 2017 Oct
                   Monthly Climatological Summary for Oct 2017

Name: Brierweather   City: Brier   State: Wa
Elevation: 341 ft  Lat: N 47° 46' 49"   Lon: W 122° 16' 48"

                  Temperature (°F), Rain (in), Wind Speed (mph)

                                      Heat  Cool        Avg
    Mean                              Deg   Deg         Wind                 Dom
Day Temp  High   Time   Low    Time   Days  Days  Rain  Speed High   Time    Dir
----------------------------------------------------------------------------------
 1  52.7  59.8   3:19p  44.6  11:59p  12.3   0.0  0.01   0.6   9.0   1:59p     W
 2  49.8  60.8   3:23p  41.9   3:43a  15.2   0.0  0.00   0.6  10.0   4:26p   WNW
 3  50.4  64.0   3:22p  40.4   6:15a  14.6   0.0  0.00   0.7  10.0  10:48a     W
 4  50.3  65.6   3:21p  40.2   7:03a  14.7   0.0  0.00   0.5   8.0   2:06p     W
 5  51.3  67.1   3:23p  39.8   7:11a  13.8   0.1  0.00   0.4   7.0   1:35p     W
 6  52.0  62.4   4:33p  41.0   7:40a  13.0   0.0  0.14   1.0  15.0   7:33p     W
 7  50.9  58.0   1:48p  44.6   7:26a  14.1   0.0  0.22   0.1   7.0  10:56a   ENE
 8  50.3  58.7   3:30p  41.7  11:57p  14.7   0.0  0.11   0.4   9.0  11:34a     W
 9  48.6  61.9   3:26p  38.9   4:59a  16.4   0.0  0.00   0.3   7.0   2:37p    NW
10  48.7  53.1  11:08a  44.0   7:27a  16.3   0.0  0.05   0.1   7.0   3:28p   SSE
11  47.8  54.4   3:21p  43.8   5:53a  17.2   0.0  0.00   0.3   8.0  11:42a   WSW
12  46.8  48.4   2:02p  45.4   9:33p  18.2   0.0  0.37   0.1   7.0   3:28a     E
13  44.3  51.1   4:54p  36.2  11:55p  20.7   0.0  0.33   0.4  10.0   7:09a     W
14  43.9  54.2   3:56p  33.3   4:49a  21.1   0.0  0.00   0.1   7.0   1:19p     E
15  47.6  59.5   3:50p  38.6   7:08a  17.4   0.0  0.00   0.6   8.0  11:37a     W
16  49.7  60.8   2:18p  38.5   7:24a  15.3   0.0  0.00   0.5  14.0   1:16p    NW
17  50.9  53.4  12:00a  43.3  11:15p  14.1   0.0  0.17   0.6   9.0   5:30a   ENE
18  51.6  60.1   4:52p  43.7  12:00a  13.4   0.0  1.09   0.8  13.0   4:39p    NE
19  51.8  54.0  12:29p  49.2  11:25p  13.2   0.0  0.62   0.3   8.0   2:27a   ENE
20  47.8  51.2   2:13p  45.0  11:06p  17.2   0.0  0.39   0.3  10.0   2:35p    NE
21  48.1  57.6  10:00p  43.6  12:56a  16.9   0.0  0.55   0.4  10.0   9:08p    NE
22  53.3  58.4   2:51p  46.6  11:34p  11.7   0.0  0.00   0.7  15.0   2:44a     W
23  52.8  62.1   3:31p  46.3  11:41p  12.2   0.0  0.00   0.2   7.0  12:17p     E
24  49.9  60.7   3:24p  42.0   7:46a  15.1   0.0  0.00   0.5   9.0  12:05p     W
25  49.4  56.4   2:28p  40.9   4:22a  15.6   0.0  0.00   0.3   7.0   5:04p   WNW
26  51.3  57.1   2:33p  44.0  11:44p  13.7   0.0  0.00   0.9   9.0  10:26a   NNW
27  51.0  61.1   2:26p  43.0   5:48a  14.0   0.0  0.00   0.4   9.0   2:50p   WNW
28  49.8  61.6   1:52p  41.3   8:10a  15.2   0.0  0.00   0.0   3.0   9:47a    SE
29  47.8  57.8   3:16p  41.3   5:19a  17.2   0.0  0.00   0.1   7.0   3:32p   WNW
30  46.3  59.1   2:42p  37.5  11:55p  18.7   0.0  0.00   0.4  10.0   2:29p     W
31  42.7  54.3   3:31p  33.0   7:36a  22.3   0.0  0.00   0.0   5.0  11:50a     E
----------------------------------------------------------------------------------
    49.3  67.1     5    33.0    31   485.5   0.1  4.05   0.4  15.0     6     WNW

Max >=  80.0:  0
Max <=  32.0:  0
Min <=  32.0:  0
Min <=   0.0:  0
Max Rain: 1.09 on day 18
Days of Rain: 12 (>= 0.01 in)  10 (>= 0.10 in)  1 (>= 1.00 in)
Heat Base: 65.0  Cool Base: 65.0  Method: Integration
:Now::Gauges::Today::Yesterday::This Month::Monthly Records::This Year::Data Summary::NOAA Style Reports::Records::Trends::Sky Cam::Discussion::Air Quality::Mobile Display Site::System Info: