Brier Weather Station

:Now::Gauges::Today::Yesterday::This Month::Monthly Records::This Year::Data Summary::NOAA Style Reports::Records::Trends::Sky Cam::Discussion::Air Quality::Mobile Display Site::System Info:

 Latitude N 47° 46' 49"    Longitude W 122° 16' 48"    Elevation 341 ft


Report for 2017 Sep
                   Monthly Climatological Summary for Sep 2017

Name: Brierweather   City: Brier   State: Wa
Elevation: 341 ft  Lat: N 47° 46' 49"   Lon: W 122° 16' 48"

                  Temperature (°F), Rain (in), Wind Speed (mph)

                                      Heat  Cool        Avg
    Mean                              Deg   Deg         Wind                 Dom
Day Temp  High   Time   Low    Time   Days  Days  Rain  Speed High   Time    Dir
----------------------------------------------------------------------------------
 1  65.6  80.0   4:59p  50.6   6:46a   3.9   4.5  0.00   1.0  10.0   2:37p     W
 2  70.6  88.1   2:39p  55.0   6:31a   2.5   8.1  0.00   0.9  12.0   2:15p     W
 3  71.9  85.2   1:19p  59.4   6:24a   1.0   7.8  0.00   0.8   9.0   4:47p     W
 4  71.4  84.9   3:05p  57.5   6:06a   1.6   8.0  0.00   0.8  14.0  10:46a   NNW
 5  73.5  85.6   1:57p  65.4  11:51p   0.0   8.5  0.00   0.3   6.0   2:21p     W
 6  70.0  81.6   1:30p  60.6   4:18a   1.0   6.0  0.00   0.2   5.0   1:37p    SW
 7  66.8  74.8   1:49p  60.2   6:53a   0.9   2.7  0.00   0.3   7.0   6:57p     W
 8  66.3  71.2   2:22p  62.3  12:00a   0.3   1.6  0.00   0.2   7.0   2:29p   WSW
 9  62.1  67.1  12:54p  57.7   5:15a   3.0   0.2  0.00   0.5  11.0   1:15p    SW
10  61.5  73.9   2:21p  51.1   6:45a   5.2   1.6  0.00   0.6   7.0  11:32a   WNW
11  63.6  81.1   2:12p  48.2   6:07a   5.5   4.1  0.00   0.7   8.0   3:22p   WNW
12  63.6  74.2   1:21p  55.0   5:27a   3.1   1.7  0.00   1.2  13.0  10:31p     W
13  58.9  70.5   3:07p  51.3   5:08a   6.5   0.4  0.00   0.7   8.0   3:22p     W
14  59.3  72.5   3:06p  48.8   7:11a   7.0   1.3  0.00   1.2  13.0   4:53p     W
15  57.2  72.8   2:59p  42.6   6:37a   9.4   1.6  0.00   0.7   8.0  12:05p   WSW
16  59.0  76.8   2:49p  45.9   5:29a   8.4   2.4  0.00   0.2   7.0  12:53p     E
17  55.4  63.9  11:47a  48.8   2:31a   9.6   0.0  0.22   0.5  13.0   2:21p    NE
18  53.2  63.7   1:22p  46.6   5:19a  11.8   0.0  0.08   0.6  13.0   3:12p   WSW
19  53.0  59.1   1:21p  50.3   2:13a  12.0   0.0  0.44   0.4   8.0   1:13a   WSW
20  50.8  58.7   5:06p  45.4   7:33a  14.2   0.0  0.01   0.7  11.0   1:30p     W
21  53.0  61.5   1:19p  47.0  12:58a  12.0   0.0  0.01   0.3   7.0   3:25p   WSW
22  55.7  66.0   3:48p  48.3   7:29a   9.3   0.0  0.00   0.7  10.0  11:41a     W
23  58.5  69.0   3:21p  50.9  11:58p   6.9   0.4  0.00   0.5   7.0   1:57p   WSW
24  56.8  70.7   3:26p  45.8   6:41a   8.9   0.8  0.00   0.5   8.0   2:58p     W
25  59.3  66.1   2:27p  54.7   5:54a   5.7   0.0  0.02   0.2   7.0   1:13p    SE
26  59.3  69.5   3:28p  51.2   7:26a   6.4   0.7  0.00   1.0  12.0   3:33p     W
27  61.9  79.0   4:21p  50.4   6:23a   5.7   2.6  0.00   0.6   8.0  11:43a     W
28  66.1  85.2   3:20p  51.6   7:04a   4.6   5.7  0.00   0.5   9.0   3:12p   WSW
29  60.3  67.5   3:24p  55.9  11:55p   4.8   0.1  0.02   0.6  12.0   3:42p    NE
30  55.8  63.5   2:55p  49.6  11:49p   9.2   0.0  0.20   0.3   7.0  11:50a   SSE
----------------------------------------------------------------------------------
    61.3  88.1     2    42.6    15   180.4  70.8  1.00   0.6  14.0     4       W

Max >=  80.0:  8
Max <=  32.0:  0
Min <=  32.0:  0
Min <=   0.0:  0
Max Rain: 0.44 on day 19
Days of Rain: 8 (>= 0.01 in)  3 (>= 0.10 in)  0 (>= 1.00 in)
Heat Base: 65.0  Cool Base: 65.0  Method: Integration
:Now::Gauges::Today::Yesterday::This Month::Monthly Records::This Year::Data Summary::NOAA Style Reports::Records::Trends::Sky Cam::Discussion::Air Quality::Mobile Display Site::System Info: