Brier Weather Station

:Now::Gauges::Today::Yesterday::This Month::Monthly Records::This Year::Data Summary::Records::Trends::System Info:

 Latitude N 47° 46' 49"    Longitude W 122° 16' 48"    Elevation 341 ft


Report for 2017 Aug
                   Monthly Climatological Summary for Aug 2017

Name: Brierweather   City: Brier   State: Wa
Elevation: 341 ft  Lat: N 47° 46' 49"   Lon: W 122° 16' 48"

                  Temperature (°F), Rain (in), Wind Speed (mph)

                                      Heat  Cool        Avg
    Mean                              Deg   Deg         Wind                 Dom
Day Temp  High   Time   Low    Time   Days  Days  Rain  Speed High   Time    Dir
----------------------------------------------------------------------------------
 1  69.3  85.0   2:31p  53.2   6:00a   2.9   7.2  0.00   1.2  11.0   3:11p   WNW
 2  72.3  86.8   1:59p  58.7   5:35a   1.2   8.5  0.00   1.0  11.0   2:03p   WNW
 3  75.3  90.0   2:11p  63.5  12:56a   0.1  10.4  0.00   0.8   9.0   3:06p     W
 4  75.3  91.1   2:56p  59.1   6:06a   0.8  11.1  0.00   0.6   7.0   1:46p   WSW
 5  68.0  80.4   4:20p  58.0   5:38a   1.5   4.5  0.00   0.7   7.0   1:50p   WSW
 6  66.4  76.0   3:28p  56.5   6:06a   2.3   3.7  0.00   0.9   8.0   1:24p     W
 7  68.1  80.7   5:09p  55.9   6:13a   2.2   5.3  0.00   1.0   8.0   1:37p     W
 8  70.0  84.5   2:22p  57.1   6:18a   1.6   6.6  0.00   0.8   9.0   1:31p     W
 9  71.3  87.0   2:18p  58.1   6:07a   1.4   7.8  0.00   0.7   8.0   1:27p     W
10  71.0  84.8   2:02p  58.5   6:15a   1.2   7.2  0.00   0.8   9.0   2:59p     W
11  69.0  82.9   1:46p  57.7   6:00a   1.7   5.7  0.00   0.8   8.0   1:49p   WSW
12  65.0  73.5   1:46p  58.6   6:13a   2.3   2.3  0.01   0.9  10.0   3:01p   WSW
13  61.9  66.2   1:47p  58.5  11:25p   3.2   0.1  0.09   0.9  11.0   3:25p   NNE
14  61.1  72.4   1:54p  52.3   4:07a   4.8   1.0  0.00   0.8   8.0   3:01p     W
15  62.1  76.3   2:51p  48.5   6:16a   5.6   2.7  0.00   1.2   9.0   2:05p     W
16  64.3  79.2   2:10p  50.3   6:04a   4.2   3.4  0.00   0.9   9.0   5:23p    NW
17  64.9  76.7   2:43p  57.7  11:57p   2.6   2.5  0.00   0.9   9.0   5:51p     W
18  63.6  77.5   2:11p  52.2   4:03a   4.1   2.7  0.00   1.0   9.0  10:01p     W
19  62.9  75.0   2:36p  52.4   6:22a   4.2   2.2  0.00   1.0   8.0  12:54a     W
20  62.6  76.4   2:33p  50.6   6:08a   4.8   2.3  0.00   0.9  11.0   5:37p   WNW
21  65.9  80.0   3:18p  52.4   6:31a   3.2   4.1  0.00   0.9  11.0  12:21p     W
22  69.8  87.3   2:23p  54.7   5:59a   2.5   7.3  0.00   0.8   8.0  12:22p     W
23  64.7  76.5   1:50p  55.1   5:24a   3.0   2.8  0.00   1.0  10.0  11:26a     W
24  61.1  69.6   2:56p  53.8  11:10p   4.5   0.6  0.00   0.9   9.0   4:37a    NW
25  60.4  74.6   2:16p  48.3   5:52a   6.3   1.7  0.00   1.1  11.0   3:35p     W
26  64.6  78.9   3:08p  48.8   6:08a   4.6   4.2  0.00   1.2  10.0   2:41p     W
27  68.9  85.8   2:05p  53.0   6:15a   2.9   6.7  0.00   1.2  11.0   9:08a     W
28  70.8  86.8   2:37p  56.4   6:13a   2.1   7.9  0.00   0.7   8.0   1:22p     W
29  70.8  86.8   2:27p  57.8   5:45a   1.7   7.4  0.00   0.4   7.0   2:51p   SSW
30  65.1  75.0   2:31p  58.5   1:38a   1.9   2.0  0.00   0.5   9.0  11:11a    SW
31  64.9  75.3   1:13p  57.7  11:59p   2.1   2.0  0.00   0.8   9.0   2:01p     W
----------------------------------------------------------------------------------
    66.8  91.1     4    48.3    25    87.5 143.9  0.10   0.9  11.0     1       W

Max >=  80.0: 15
Max <=  32.0:  0
Min <=  32.0:  0
Min <=   0.0:  0
Max Rain: 0.09 on day 13
Days of Rain: 2 (>= 0.01 in)  0 (>= 0.10 in)  0 (>= 1.00 in)
Heat Base: 65.0  Cool Base: 65.0  Method: Integration
:Now::Gauges::Today::Yesterday::This Month::Monthly Records::This Year::Data Summary::Records::Trends::System Info: