Brier Weather Station

:Now::Gauges::Today::Yesterday::This Month::Monthly Records::This Year::Data Summary::Records::Trends::System Info:

 Latitude N 47° 46' 49"    Longitude W 122° 16' 48"    Elevation 341 ft

Select a Year or Month report

Report for 2017 Jul
                   Monthly Climatological Summary for Jul 2017

Name: Brierweather   City: Brier   State: Wa
Elevation: 341 ft  Lat: N 47° 46' 49"   Lon: W 122° 16' 48"

                  Temperature (°F), Rain (in), Wind Speed (mph)

                                      Heat  Cool        Avg
    Mean                              Deg   Deg         Wind                 Dom
Day Temp  High   Time   Low    Time   Days  Days  Rain  Speed High   Time    Dir
----------------------------------------------------------------------------------
 1  61.8  71.4   3:12p  55.5   2:23a   4.4   1.2  0.00   0.8   8.0  12:08p   WSW
 2  62.0  74.1   3:55p  51.3   3:56a   5.1   2.1  0.00   0.9  14.0  11:42p    NW
 3  60.6  69.6   1:22p  54.9  11:30p   4.9   0.5  0.00   1.0  13.0  12:10a    NW
 4  61.8  74.4   4:01p  47.8   5:53a   5.7   2.5  0.00   1.1   8.0  12:44p     W
 5  66.0  83.0   3:00p  47.9   5:36a   4.6   5.7  0.00   1.2  10.0   2:26p     W
 6  66.8  79.7   4:07p  51.7   5:29a   3.4   5.2  0.00   1.0   8.0   1:17p     W
 7  62.9  73.8   3:49p  52.2   5:03a   4.0   1.9  0.00   1.2  13.0  10:57a   WSW
 8  65.2  77.1   4:16p  52.7   6:13a   3.5   3.7  0.00   1.4  11.0   3:25p     W
 9  65.5  75.9   4:05p  53.8   4:49a   2.9   3.4  0.00   1.2  11.0   5:50p     W
10  63.0  73.4   2:32p  53.7   5:54a   3.6   1.5  0.00   1.1   9.0   7:48p     W
11  61.9  72.6   3:35p  55.1   5:02a   4.6   1.5  0.00   1.1   7.0  12:16p     W
12  63.0  77.0   2:35p  50.0   5:25a   4.9   2.9  0.00   1.0   8.0  12:29p   WSW
13  60.9  71.9   2:40p  53.1   4:12a   4.7   0.6  0.00   0.8   9.0   4:41p   WSW
14  63.0  78.3   3:57p  47.7   5:04a   5.3   3.4  0.00   1.0   8.0  12:39p     W
15  62.5  75.0   2:56p  50.1   5:41a   4.7   2.2  0.00   1.2  11.0   2:27p   WSW
16  62.1  72.4   2:11p  53.8  11:57p   4.0   1.1  0.00   1.0  10.0   7:16p     W
17  61.6  73.7   4:01p  48.1   5:27a   5.6   2.2  0.00   1.4  13.0   3:13p     W
18  64.9  78.9   2:25p  49.5   5:44a   4.4   4.2  0.00   1.0  10.0   3:52p     W
19  63.2  76.5   2:15p  50.1   5:25a   4.5   2.6  0.00   0.9   8.0  11:46a   WSW
20  65.0  74.9   3:19p  56.5  12:51a   2.4   2.4  0.00   1.0  10.0   4:15p   WSW
21  63.6  76.7   3:03p  51.5   5:30a   4.0   2.6  0.00   0.8  10.0  12:54p   WSW
22  70.0  83.9   2:08p  62.1   1:53a   0.4   5.4  0.00   1.3  11.0   5:16p   WSW
23  65.4  75.0   3:12p  59.3   5:30a   1.9   2.3  0.00   1.4  11.0  11:46a   WNW
24  65.4  78.0   3:00p  51.1   6:01a   3.5   4.0  0.00   1.4  10.0  10:12a     W
25  68.5  82.6   3:09p  53.1   5:38a   2.9   6.4  0.00   1.3  10.0  11:00a     W
26  67.0  81.7   2:40p  53.9   5:47a   2.7   4.7  0.00   0.9  10.0   6:10p   WNW
27  60.4  67.6   2:18p  53.9  11:58p   4.9   0.3  0.00   0.5   7.0   2:25p     W
28  63.3  76.1   2:53p  51.8   3:11a   4.4   2.7  0.00   1.1  10.0   5:35p     W
29  65.5  80.6   3:19p  50.5   5:43a   3.9   4.4  0.00   0.9   9.0   8:01p     W
30  65.8  77.5   2:24p  56.0   4:26a   2.6   3.3  0.00   1.1   9.0   1:02p     W
31  65.9  79.5   5:44p  50.1   5:30a   4.0   4.9  0.00   1.2  11.0   4:31p     W
----------------------------------------------------------------------------------
    64.0  83.9    22    47.7    14   122.4  91.8  0.00   1.1  14.0     2       W

Max >=  80.0:  5
Max <=  32.0:  0
Min <=  32.0:  0
Min <=   0.0:  0
Max Rain: 0.00 on day 0
Days of Rain: 0 (>= 0.01 in)  0 (>= 0.10 in)  0 (>= 1.00 in)
Heat Base: 65.0  Cool Base: 65.0  Method: Integration
:Now::Gauges::Today::Yesterday::This Month::Monthly Records::This Year::Data Summary::Records::Trends::System Info: