Brier Weather Station

:Now::Gauges::Today::Yesterday::This Month::Monthly Records::This Year::Data Summary::Records::Trends::System Info:

 Latitude N 47° 46' 49"    Longitude W 122° 16' 48"    Elevation 341 ft

Select a Year or Month report

Report for 2017 Jun
                   Monthly Climatological Summary for Jun 2017

Name: Brierweather   City: Brier   State: Wa
Elevation: 341 ft  Lat: N 47° 46' 49"   Lon: W 122° 16' 48"

                  Temperature (°F), Rain (in), Wind Speed (mph)

                                      Heat  Cool        Avg
    Mean                              Deg   Deg         Wind                 Dom
Day Temp  High   Time   Low    Time   Days  Days  Rain  Speed High   Time    Dir
----------------------------------------------------------------------------------
 1  61.3  69.4  12:43p  57.0   5:41a   4.2   0.5  0.06   0.9  14.0   5:47p   WSW
 2  62.2  72.2   1:47p  55.1   3:41a   4.3   1.4  0.00   1.1  11.0  10:58a     W
 3  57.2  65.3   3:42p  52.5  10:11p   7.8   0.0  0.00   1.0   9.0   1:11p     W
 4  56.5  67.2   2:49p  50.5  11:57p   8.5   0.1  0.00   0.9  10.0   4:04p     W
 5  57.8  70.8   3:39p  42.4   5:18a   8.1   0.8  0.00   1.5  12.0  12:18p     W
 6  66.2  81.8   3:32p  50.1   4:42a   4.1   5.3  0.00   1.1   9.0   4:03p     W
 7  66.9  80.6   3:39p  53.4   3:33a   3.1   5.0  0.00   0.5   7.0  12:57p   WSW
 8  58.1  65.2   3:22p  51.8  11:50p   6.9   0.0  0.37   0.9  15.0   3:32p   WSW
 9  54.9  65.6   1:48p  46.1   5:33a  10.1   0.0  0.00   0.5   9.0   3:16p   SSW
10  55.6  65.3   3:06p  46.3   5:59a   9.3   0.0  0.00   0.9   9.0   1:25p     W
11  58.7  69.7   3:47p  47.3   5:33a   6.8   0.5  0.00   1.1  11.0   4:51p   WSW
12  56.2  64.0   3:21p  47.9   3:27a   8.8   0.0  0.00   0.3   6.0  11:05a   WSW
13  54.6  61.1   4:53p  50.7   7:44a  10.4   0.0  0.21   0.2   7.0  12:30p     N
14  56.5  63.7   5:05p  50.7   4:14a   8.5   0.0  0.00   0.5   9.0   1:31p    SW
15  56.2  60.6   5:58p  50.6  12:27a   8.8   0.0  0.28   0.6  11.0   8:13p     E
16  58.7  67.5   2:27p  48.7  11:57p   6.4   0.1  0.00   0.9  11.0   1:45a   WNW
17  56.3  65.7  12:56p  47.6  12:31a   8.7   0.0  0.01   0.6   8.0  10:27a    SW
18  59.8  67.5   6:54p  55.2   1:54a   5.4   0.3  0.02   0.3   5.0   3:34p     W
19  62.2  71.0   2:04p  56.6   5:14a   3.5   0.7  0.00   1.2  10.0  12:07p     W
20  60.0  64.8  12:53p  53.0  11:59p   5.0   0.0  0.01   0.6  11.0   4:18p   NNE
21  57.3  68.6   3:04p  49.3  11:55p   7.8   0.2  0.00   1.2  11.0   3:38p     W
22  59.5  72.4   2:07p  44.9   5:28a   7.2   1.7  0.00   1.5  13.0   3:54p     W
23  63.7  77.7   2:33p  47.4   4:49a   5.2   3.9  0.00   1.6  12.0  12:55p     W
24  70.1  86.4   5:40p  53.9   2:25a   3.0   8.0  0.00   1.4  12.0   3:04p     W
25  74.6  92.6   1:30p  58.2   6:05a   1.0  10.5  0.00   1.1   9.0   4:14p     W
26  65.7  75.6   2:36p  58.2   5:32a   1.7   2.5  0.00   0.9  10.0  10:28a   WSW
27  61.2  70.9   3:58p  53.2   3:21a   4.9   1.1  0.00   0.8   8.0   3:26p   WSW
28  60.3  67.5   5:41p  53.8   3:58a   4.9   0.2  0.00   0.7  11.0   1:18p    SW
29  63.5  76.4   2:49p  51.2   3:31a   4.5   3.0  0.00   1.0  10.0   3:41p   WSW
30  67.1  80.7   3:09p  52.9   5:29a   3.2   5.4  0.00   1.3   9.0   3:30p     W
----------------------------------------------------------------------------------
    60.6  92.6    25    42.4     5   182.1  51.2  0.96   0.9  15.0     8       W

Max >=  80.0:  5
Max <=  32.0:  0
Min <=  32.0:  0
Min <=   0.0:  0
Max Rain: 0.37 on day 8
Days of Rain: 7 (>= 0.01 in)  3 (>= 0.10 in)  0 (>= 1.00 in)
Heat Base: 65.0  Cool Base: 65.0  Method: Integration
:Now::Gauges::Today::Yesterday::This Month::Monthly Records::This Year::Data Summary::Records::Trends::System Info: