Brier Weather Station

:Now::Gauges::Today::Yesterday::This Month::Monthly Records::This Year::Data Summary::Records::Trends::System Info:

 Latitude N 47° 46' 49"    Longitude W 122° 16' 48"    Elevation 341 ft


Report for 2017 May
                   Monthly Climatological Summary for May 2017

Name: Brierweather   City: Brier   State: Wa
Elevation: 341 ft  Lat: N 47° 46' 49"   Lon: W 122° 16' 48"

                  Temperature (°F), Rain (in), Wind Speed (mph)

                                      Heat  Cool        Avg
    Mean                              Deg   Deg         Wind                 Dom
Day Temp  High   Time   Low    Time   Days  Days  Rain  Speed High   Time    Dir
----------------------------------------------------------------------------------
 1  47.0  51.2   5:16p  42.5  11:56p  18.0   0.0  0.13   0.1   7.0   5:05p     S
 2  51.6  63.0  12:15p  37.9   5:38a  13.4   0.0  0.08   0.6   9.0  10:35a   SSW
 3  59.7  72.1   4:38p  54.6  12:18a   6.3   1.0  0.33   0.8   8.0   2:45p   WSW
 4  61.3  74.8   1:47p  53.9   6:09a   5.1   1.5  0.46   1.3  10.0   2:45p     W
 5  54.8  60.5  12:33a  47.6  10:58p  10.2   0.0  0.33   1.5  12.0   2:05p   NNW
 6  49.4  58.9   2:15p  41.0   5:49a  15.6   0.0  0.00   1.3  11.0   3:07p     W
 7  50.8  61.5   2:59p  40.0   4:22a  14.2   0.0  0.00   1.3  13.0   1:47p     W
 8  52.8  64.9   2:40p  42.7   2:00a  12.2   0.0  0.00   1.1  13.0   4:47p     W
 9  55.6  68.9   2:06p  41.9   5:48a   9.8   0.3  0.00   1.2  10.0   1:18p     W
10  59.8  72.2   2:30p  49.0   3:52a   6.5   1.4  0.00   0.9  11.0   3:15p   WSW
11  53.3  60.7  10:16a  44.7  10:40p  11.7   0.0  0.24   0.6  22.0  12:20p    SW
12  48.6  55.8   4:02p  42.1   4:21a  16.4   0.0  0.08   0.6  14.0  12:25p   SSW
13  49.6  58.5   3:57p  44.8   7:10a  15.4   0.0  0.35   0.7  15.0   5:17p    SW
14  50.0  57.9   1:03p  45.5   4:20a  15.0   0.0  0.14   0.3   9.0   1:25p   ESE
15  48.8  53.2   9:54a  46.3  11:57p  16.2   0.0  0.44   0.4   9.0  12:23p   SSW
16  46.9  53.3   2:55p  41.3  10:08a  18.1   0.0  0.59   0.6   9.0  11:23a   ENE
17  51.5  57.7   3:18p  45.0   2:07a  13.5   0.0  0.00   0.3   8.0  11:52a     E
18  55.3  63.7   3:27p  48.0   4:49a   9.7   0.0  0.00   0.5   8.0   5:34p     W
19  58.7  71.7   2:40p  45.5   3:31a   7.5   1.2  0.00   1.1  11.0   5:33p   WSW
20  61.5  70.9   1:50p  51.5   6:20a   4.8   1.3  0.00   1.5  13.0   5:11p   WNW
21  62.3  75.3   3:52p  48.8   5:56a   5.3   2.6  0.00   1.5  13.0  12:54p     W
22  65.7  81.0   2:09p  51.0   5:34a   4.1   4.7  0.00   1.1  11.0  11:56a     W
23  61.8  76.8  12:05p  50.9   5:00a   5.6   2.4  0.00   1.5  19.0   4:52p     N
24  53.5  61.4   6:37p  43.3   4:59a  11.5   0.0  0.00   0.8  14.0   1:37a   WNW
25  56.5  69.0   2:52p  42.8   5:06a   8.9   0.4  0.00   1.3  12.0   3:27p     W
26  63.1  78.0   3:44p  46.6   5:15a   5.7   3.8  0.00   1.1  10.0   2:22p     W
27  66.9  81.9   3:47p  50.1   5:05a   4.0   5.9  0.00   1.0  11.0   4:49p     W
28  67.8  81.6   3:17p  52.9   5:30a   3.0   5.8  0.00   1.2   9.0  11:48a     W
29  62.1  74.5   4:01p  51.0   5:01a   5.1   2.2  0.00   0.9  10.0  10:50a   WSW
30  55.5  59.2   4:31p  53.5   4:51a   9.5   0.0  0.07   0.3   8.0   5:18p   WSW
31  60.1  72.7   3:41p  50.6   4:53a   6.2   1.3  0.01   0.7  10.0   3:17p     S
----------------------------------------------------------------------------------
    56.2  81.9    27    37.9     2   308.5  35.8  3.25   0.9  22.0    11       W

Max >=  80.0:  3
Max <=  32.0:  0
Min <=  32.0:  0
Min <=   0.0:  0
Max Rain: 0.59 on day 16
Days of Rain: 13 (>= 0.01 in)  9 (>= 0.10 in)  0 (>= 1.00 in)
Heat Base: 65.0  Cool Base: 65.0  Method: Integration
:Now::Gauges::Today::Yesterday::This Month::Monthly Records::This Year::Data Summary::Records::Trends::System Info: