Brier Weather Station

:Now::Gauges::Today::Yesterday::This Month::Monthly Records::This Year::Data Summary::Records::Trends::System Info:

 Latitude N 47° 46' 49"    Longitude W 122° 16' 48"    Elevation 341 ft

Select a Year or Month report

Report for 2017 Jan
                   Monthly Climatological Summary for Jan 2017

Name: Brierweather   City: Brier   State: Wa
Elevation: 341 ft  Lat: N 47 46' 49"   Lon: W 122 16' 48"

                  Temperature (F), Rain (in), Wind Speed (mph)

                                      Heat  Cool        Avg
    Mean                              Deg   Deg         Wind                 Dom
Day Temp  High   Time   Low    Time   Days  Days  Rain  Speed High   Time    Dir
----------------------------------------------------------------------------------
 1  32.4  36.4   2:48p  29.1   7:52a  32.6   0.0  0.00   0.4  11.0   2:59p     N
 2  30.5  35.3   1:48p  22.8  11:52p  34.5   0.0  0.00   0.4   8.0   3:06p   NNE
 3  25.8  31.9   2:41p  20.1   6:41a  39.2   0.0  0.00   0.6  13.0   4:22p   NNW
 4  26.3  35.7   2:10p  20.0   2:35a  38.7   0.0  0.00   0.7  12.0   3:23p   NNW
 5  23.9  34.1   2:21p  17.4   7:44a  41.1   0.0  0.00   0.0   2.0  12:12p   ---
 6  26.1  35.8   3:57p  18.0   7:11a  38.9   0.0  0.00   0.0   3.0  11:35a   ---
 7  30.2  38.6   1:46p  19.8   5:10a  34.8   0.0  0.00   0.1   6.0   1:31p   ESE
 8  36.8  44.7  10:59a  31.1   2:26a  28.2   0.0  0.39   0.2  10.0  10:54a     E
 9  38.1  41.2   2:21a  32.1  11:29p  26.9   0.0  0.04   0.2  10.0   2:13a    NE
10  34.3  38.2   1:09p  29.8  11:58p  30.7   0.0  0.08   1.7  16.0   2:01p     W
11  29.2  34.3   1:29p  22.2  11:22p  35.8   0.0  0.00   1.1  13.0   5:05a   WNW
12  25.6  35.0   1:53p  19.1   6:56a  39.4   0.0  0.00   0.0   3.0   1:32p     E
13  28.4  36.3   2:34p  21.4   3:30a  36.5   0.0  0.00   0.1   4.0   3:05p    SW
14  29.9  41.1   2:25p  22.5   7:26a  35.1   0.0  0.00   0.2   6.0  12:17p   WNW
15  30.7  40.7   2:24p  23.4   8:19a  34.3   0.0  0.00   0.0   3.0   3:33p     W
16  37.5  46.3   7:42p  27.6   8:11a  27.5   0.0  0.00   0.0   4.0   1:33p    SW
17  41.5  45.7  11:59p  37.4   7:08a  23.5   0.0  1.11   0.1   6.0  10:04a   WSW
18  45.8  50.5  12:37p  43.7   8:17p  19.2   0.0  1.13   0.1   7.0  11:14p     E
19  43.9  47.9   1:06p  37.7  11:59p  21.1   0.0  0.15   0.1  10.0  12:10p   NNE
20  38.6  46.0   2:25p  32.3   7:35a  26.4   0.0  0.01   0.0   2.0   7:24p   ---
21  42.7  49.6   2:01p  37.2   7:38a  22.3   0.0  0.01   0.1   4.0  12:17p   WSW
22  39.8  45.1  10:49a  32.8  11:57p  25.2   0.0  0.13   0.1   5.0   8:37a    SW
23  35.8  45.0   3:18p  30.8  11:37p  29.2   0.0  0.00   0.5  11.0  12:23p   WNW
24  35.5  42.2   3:18p  29.9   2:41a  29.5   0.0  0.00   0.0   2.0   8:07a   ---
25  39.0  42.7   1:20p  35.3   4:56a  26.0   0.0  0.02   0.0   3.0  11:14a   WSW
26  39.7  46.5   2:00p  34.7   7:05a  25.3   0.0  0.00   0.0   5.0   2:05p   WSW
27  41.0  49.8   2:59p  33.0   7:57a  24.0   0.0  0.00   0.0   5.0   2:49p    SE
28  39.8  49.8   2:17p  32.6   7:50a  25.2   0.0  0.00   0.0   2.0   5:43a   ---
29  43.7  47.4   2:57p  37.3   1:59a  21.3   0.0  0.00   0.4  21.0  12:46p    SE
30  41.8  45.1  12:35p  35.9   6:49a  23.2   0.0  0.00   0.8  11.0  12:48p   NNW
31  37.8  42.7   3:23p  28.3  11:49p  27.2   0.0  0.00   1.7  13.0  11:35a     W
----------------------------------------------------------------------------------
    35.2  50.5    18    17.4     5   922.8   0.0  3.07   0.3  21.0    29     WNW

Max >=  80.0:  0
Max <=  32.0:  1
Min <=  32.0: 18
Min <=   0.0:  0
Max Rain: 1.13 on day 18
Days of Rain: 10 (>= 0.01 in)  5 (>= 0.10 in)  2 (>= 1.00 in)
Heat Base: 65.0  Cool Base: 65.0  Method: Integration
:Now::Gauges::Today::Yesterday::This Month::Monthly Records::This Year::Data Summary::Records::Trends::System Info: