Brier Weather Station

:Now::Gauges::Today::Yesterday::This Month::Monthly Records::This Year::Data Summary::Records::Trends::System Info:

 Latitude N 47° 46' 49"    Longitude W 122° 16' 48"    Elevation 341 ft

Select a Year or Month report

Report for 2016 Dec
                   Monthly Climatological Summary for Dec 2016

Name: Brierweather   City: Brier   State: Wa
Elevation: 341 ft  Lat: N 47 46' 49"   Lon: W 122 16' 48"

                  Temperature (F), Rain (in), Wind Speed (mph)

                                      Heat  Cool        Avg
    Mean                              Deg   Deg         Wind                 Dom
Day Temp  High   Time   Low    Time   Days  Days  Rain  Speed High   Time    Dir
----------------------------------------------------------------------------------
 1  40.1  44.8   1:09p  33.1   7:18a  24.9   0.0  0.02   0.0   4.0  11:31a    SW
 2  45.4  47.7  12:53p  43.1  12:01a  19.6   0.0  0.24   0.3  13.0   5:41p     W
 3  45.5  47.0   2:59p  42.7   7:13a  19.5   0.0  0.02   0.6  14.0   8:49p     W
 4  39.8  45.9   2:15p  31.7  11:00p  25.2   0.0  0.17   1.8  18.0   7:52a     W
 5  36.3  38.9   1:08p  32.3  11:48p  28.7   0.0  0.23   0.1   5.0   1:46a   NNW
 6  32.0  37.4   1:29p  27.6  11:56p  33.0   0.0  0.00   0.5  12.0  12:24p   NNW
 7  27.5  34.7   2:43p  22.8   7:17a  37.5   0.0  0.00   0.3   7.0   3:27p     N
 8  28.3  36.9   1:56p  21.6   7:56a  36.7   0.0  0.00   0.0   7.0   9:25p   ESE
 9  33.0  34.6  11:01p  30.5  12:00a  32.0   0.0  0.16   0.0   4.0  11:01a   ESE
10  38.0  41.3  11:42p  34.3  12:00a  26.9   0.0  0.21   0.3  10.0   8:49p   NNE
11  40.6  41.7   3:03p  39.1   5:54a  24.4   0.0  0.04   0.7  13.0  12:46a   WNW
12  38.9  41.1  12:04p  35.5  11:44p  26.1   0.0  0.06   0.3   9.0   2:02p     W
13  34.6  38.2   2:07p  29.9  11:58p  30.4   0.0  0.00   0.5  10.0  10:51a   NNW
14  31.1  35.1   1:05p  26.7   7:06a  33.9   0.0  0.00   0.6   8.0   5:05p   WNW
15  33.3  36.8   1:11p  31.0   5:18a  31.7   0.0  0.00   0.4   7.0  11:10a    NW
16  27.8  31.5   2:40p  21.3  11:58p  37.2   0.0  0.00   1.0  12.0   5:52a    NW
17  26.6  31.7   3:11p  20.1   1:46a  38.4   0.0  0.00   0.0   5.0  12:24p    NE
18  33.5  38.5  11:45p  27.7  12:00a  31.5   0.0  0.00   0.0   5.0  11:39p    SE
19  40.0  42.4   2:28p  35.5   5:36a  25.0   0.0  0.38   0.4   9.0   2:07a    NE
20  42.5  48.3   4:50a  32.7  11:57p  22.5   0.0  0.03   0.6  15.0   5:28a   WSW
21  35.7  43.9  12:19p  30.9   3:41a  29.3   0.0  0.00   0.0   4.0  12:25p     S
22  38.1  43.6   1:43p  32.6   4:46a  26.9   0.0  0.22   0.1   6.0   7:33p   WSW
23  35.5  39.1  12:00a  33.5   4:30p  29.5   0.0  0.76   0.0   5.0   9:10a    NE
24  35.4  38.1  12:42p  32.5   8:13p  29.6   0.0  0.11   0.0   3.0   1:14p   NNW
25  33.4  35.5   1:33p  32.0   9:05a  31.6   0.0  0.00   0.0   3.0   6:16a     N
26  36.0  39.5  11:53p  30.9   4:32a  29.0   0.0  0.24   0.1   8.0   4:42p   SSE
27  39.4  43.9   1:20p  33.8  11:51p  25.6   0.0  0.01   0.6  10.0   1:16p   WSW
28  38.7  45.2   1:52p  32.6  12:57a  26.3   0.0  0.00   0.1   5.0   9:29a   WSW
29  41.3  43.9   2:08p  38.2  12:17a  23.7   0.0  0.29   0.0   6.0  12:22p    SE
30  37.4  42.6   1:50p  30.5  11:30p  27.6   0.0  0.09   0.2   7.0  12:17p    NW
31  34.2  37.6   1:58p  30.8  12:14a  30.8   0.0  0.12   0.2   8.0  11:18p    NW
----------------------------------------------------------------------------------
    36.1  48.3    20    20.1    17   895.0   0.0  3.40   0.3  18.0     4     WNW

Max >=  80.0:  0
Max <=  32.0:  2
Min <=  32.0: 16
Min <=   0.0:  0
Max Rain: 0.76 on day 23
Days of Rain: 19 (>= 0.01 in)  12 (>= 0.10 in)  0 (>= 1.00 in)
Heat Base: 65.0  Cool Base: 65.0  Method: Integration
:Now::Gauges::Today::Yesterday::This Month::Monthly Records::This Year::Data Summary::Records::Trends::System Info: