Brier Weather Station

:Now::Gauges::Today::Yesterday::This Month::Monthly Records::This Year::Data Summary::Records::Trends::System Info:

 Latitude N 47° 46' 49"    Longitude W 122° 16' 48"    Elevation 341 ft

Select a Year or Month report

Report for 2016 Nov
                   Monthly Climatological Summary for Nov 2016

Name: Brierweather   City: Brier   State: Wa
Elevation: 341 ft  Lat: N 47 46' 49"   Lon: W 122 16' 48"

                  Temperature (F), Rain (in), Wind Speed (mph)

                                      Heat  Cool        Avg
    Mean                              Deg   Deg         Wind                 Dom
Day Temp  High   Time   Low    Time   Days  Days  Rain  Speed High   Time    Dir
----------------------------------------------------------------------------------
 1  52.2  55.0   1:45p  49.7   1:12a  12.8   0.0  0.35   0.1   9.0   5:42p    NE
 2  53.5  56.8   4:16p  50.8   5:47a  11.5   0.0  0.38   0.0   6.0   6:41p   NNE
 3  52.7  59.5   3:20p  46.0  11:54p  12.3   0.0  0.03   0.0   5.0   3:16p    SW
 4  51.7  63.3   2:13p  42.6   7:32a  13.3   0.0  0.00   0.1   6.0   2:09p   WSW
 5  55.7  57.7  11:46a  53.2  11:54p   9.3   0.0  0.72   0.1   6.0  12:15p    NE
 6  53.3  62.4   1:15p  49.1   3:26a  12.2   0.0  0.03   0.1   7.0  11:26a   WSW
 7  55.9  64.5   2:32p  51.0  11:58p   9.1   0.0  0.01   0.0   4.0   1:24p    SE
 8  55.4  68.1   6:08p  47.4   7:00a   9.6   0.0  0.00   0.0   5.0   3:28p   WSW
 9  54.4  61.0   2:25p  47.6  11:54p  10.6   0.0  0.08   0.0   4.0   8:23a    SW
10  52.8  64.0   2:58p  44.3   5:43a  12.2   0.0  0.00   0.0   3.0  12:32a    SW
11  54.7  62.3   2:43p  49.4  12:24a  10.3   0.0  0.00   0.0   6.0   8:47p   WSW
12  54.0  56.9   1:05p  47.3  11:58p  11.0   0.0  0.11   0.9  15.0  10:57a     W
13  49.1  53.2   4:52p  44.3   2:23a  15.9   0.0  0.13   0.0   5.0   4:18p     E
14  50.0  54.1   1:27p  45.1   9:29p  15.0   0.0  0.19   0.1   8.0   4:00a    NW
15  47.5  52.6  12:48p  42.4  11:57p  17.5   0.0  1.37   0.4   8.0  11:36a   WSW
16  43.3  47.1   1:07p  40.1   7:55p  21.7   0.0  0.01   0.0   2.0   9:38p   ---
17  43.3  49.7   3:15p  35.3  11:42p  21.7   0.0  0.01   0.0   5.0   1:05p     E
18  41.9  50.3   9:26p  33.9   3:48a  23.1   0.0  0.00   0.1   8.0   7:14p   ESE
19  48.6  52.9   7:36p  44.8   3:43a  16.4   0.0  0.11   0.1   6.0   7:33p     E
20  49.2  51.1   3:50a  47.3   2:17a  15.8   0.0  0.27   0.0   7.0   5:03p   NNE
21  48.4  52.4   1:42p  41.8  10:32p  16.6   0.0  0.00   0.3   8.0  12:12p   WSW
22  46.0  51.6  12:36p  40.9   4:41a  19.0   0.0  0.71   0.2   5.0   8:23a   WSW
23  45.2  47.1  12:04p  42.8   6:26a  19.8   0.0  0.14   0.4  11.0  12:55p     W
24  45.8  48.2   3:23a  44.3  12:00a  19.2   0.0  1.43   0.4  15.0  11:17p   NNE
25  45.4  49.8   1:29p  39.6   8:11a  19.6   0.0  0.07   0.1   7.0  12:21a    NE
26  46.9  50.6   1:11p  42.7  10:22p  18.1   0.0  0.66   0.6  11.0   4:34p     W
27  43.5  45.9   1:40p  39.8  11:05p  21.5   0.0  0.29   0.2   8.0   5:49p     E
28  42.9  48.2   2:59p  36.6   5:51a  22.1   0.0  0.03   0.0   6.0  11:58a     W
29  44.5  48.7   1:09p  38.6  10:06p  20.5   0.0  0.03   0.0   5.0  12:21a    SW
30  43.8  50.0   2:24p  35.2  11:52p  21.2   0.0  0.16   0.5  13.0   8:48a   NNW
----------------------------------------------------------------------------------
    49.1  68.1     8    33.9    18   478.9   0.0  7.32   0.2  15.0    12     WNW

Max >=  80.0:  0
Max <=  32.0:  0
Min <=  32.0:  0
Min <=   0.0:  0
Max Rain: 1.43 on day 24
Days of Rain: 24 (>= 0.01 in)  15 (>= 0.10 in)  2 (>= 1.00 in)
Heat Base: 65.0  Cool Base: 65.0  Method: Integration
:Now::Gauges::Today::Yesterday::This Month::Monthly Records::This Year::Data Summary::Records::Trends::System Info: