Brier Weather Station

:Now::Gauges::Today::Yesterday::This Month::Monthly Records::This Year::Data Summary::Records::Trends::System Info:

 Latitude N 47° 46' 49"    Longitude W 122° 16' 48"    Elevation 341 ft

Select a Year or Month report

Report for 2016 Oct
                   Monthly Climatological Summary for Oct 2016

Name: Brierweather   City: Brier   State: Wa
Elevation: 341 ft  Lat: N 47 46' 49"   Lon: W 122 16' 48"

                  Temperature (F), Rain (in), Wind Speed (mph)

                                      Heat  Cool        Avg
    Mean                              Deg   Deg         Wind                 Dom
Day Temp  High   Time   Low    Time   Days  Days  Rain  Speed High   Time    Dir
----------------------------------------------------------------------------------
 1  52.9  60.7   3:54p  46.5  11:51p  12.1   0.0  0.20   0.1  10.0   1:09p   WSW
 2  53.3  63.1   4:40p  45.7   1:17a  11.7   0.0  0.01   0.4   7.0   2:49p     W
 3  53.9  61.0  12:44p  45.1   2:41a  11.1   0.0  0.01   0.4  12.0  11:35a   WSW
 4  54.6  60.0  11:47a  51.4   3:22a  10.4   0.0  0.24   0.1   7.0  12:10p     E
 5  54.7  63.8   4:02p  49.2   4:28a  10.3   0.0  0.00   0.5   7.0  12:23p     W
 6  55.5  61.6   1:42p  52.3  12:01a   9.5   0.0  0.24   0.2   7.0  11:22a   WSW
 7  55.7  61.0   3:04p  52.7   7:02a   9.3   0.0  0.30   0.7  12.0   7:03a     W
 8  56.9  63.4  12:41p  51.6  11:58p   8.1   0.0  0.55   0.9  13.0   1:09p    NW
 9  51.8  56.3   2:56p  49.4  10:53p  13.2   0.0  0.03   0.4   8.0  12:13a     W
10  49.8  57.3   2:46p  43.9   3:25a  15.2   0.0  0.00   0.8  10.0   3:44p     W
11  48.0  60.7   3:27p  37.8   7:25a  17.0   0.0  0.00   0.2   6.0   1:16a   NNW
12  48.3  62.2   3:33p  36.3   7:36a  16.7   0.0  0.00   0.1   5.0  11:31a    SW
13  53.1  57.1  11:44p  51.2   4:31a  11.9   0.0  1.35   0.2   7.0   8:35p     E
14  53.0  56.7  12:00a  51.1   7:05a  12.0   0.0  1.02   1.2  16.0   3:06p   NNE
15  52.0  57.7   5:31p  50.0   9:13a  13.0   0.0  0.60   0.6  15.0   6:37p   ENE
16  52.7  56.2   4:13p  50.5   6:31a  12.3   0.0  0.55   0.1   8.0  11:40a   ENE
17  52.7  58.4   3:40p  50.1   4:18a  12.3   0.0  0.11   0.3  11.0   4:54p   WSW
18  52.5  57.7   4:31p  49.8   7:33a  12.5   0.0  0.09   0.3   9.0  11:58a   WSW
19  51.2  57.3   1:05p  43.3   7:53a  13.8   0.0  0.10   0.1   4.0   4:53p    SW
20  53.5  57.2   1:01p  50.1  11:58p  11.5   0.0  1.38   0.1   8.0   5:20p   WNW
21  51.5  56.6   3:16p  47.2   8:09a  13.5   0.0  0.03   0.0   5.0   4:23p     E
22  51.7  59.0   3:39p  47.2   8:37a  13.3   0.0  0.03   0.1   5.0  12:34p   WSW
23  53.2  61.6   2:45p  46.1   6:57a  11.8   0.0  0.11   0.1   5.0  12:23p   WSW
24  52.6  61.0   1:57p  48.1  11:56p  12.4   0.0  0.15   0.3  12.0   4:04p   WSW
25  52.2  60.6   3:12p  46.7  12:54a  12.8   0.0  0.00   0.3  16.0   2:22p   WNW
26  53.1  57.8   8:09p  47.6  12:00a  11.9   0.0  1.10   0.1  10.0  10:41p     W
27  53.5  57.1   2:47p  50.6   8:03a  11.5   0.0  0.05   0.0   6.0   3:24p   WSW
28  53.0  62.1   4:02p  46.9  11:57p  12.0   0.0  0.01   0.1   4.0   3:07p   WSW
29  49.8  55.8   3:58p  44.5  11:59p  15.2   0.0  0.23   0.0   3.0  12:51p    SW
30  47.3  52.0  11:48p  41.8   7:39a  17.7   0.0  0.19   0.3   7.0   1:08p     W
31  52.6  56.2   1:44p  50.7  11:57p  12.4   0.0  0.50   0.4  11.0  11:15a   WSW
----------------------------------------------------------------------------------
    52.5  63.8     5    36.3    12   388.4   0.0  9.18   0.3  16.0    14     WNW

Max >=  80.0:  0
Max <=  32.0:  0
Min <=  32.0:  0
Min <=   0.0:  0
Max Rain: 1.38 on day 20
Days of Rain: 26 (>= 0.01 in)  18 (>= 0.10 in)  4 (>= 1.00 in)
Heat Base: 65.0  Cool Base: 65.0  Method: Integration
:Now::Gauges::Today::Yesterday::This Month::Monthly Records::This Year::Data Summary::Records::Trends::System Info: