Brier Weather Station

:Now::Gauges::Today::Yesterday::This Month::Monthly Records::This Year::Data Summary::Records::Trends::System Info:

 Latitude N 47° 46' 49"    Longitude W 122° 16' 48"    Elevation 341 ft

Select a Year or Month report

Report for 2016 Sep
                   Monthly Climatological Summary for Sep 2016

Name: Brierweather   City: Brier   State: Wa
Elevation: 341 ft  Lat: N 47 46' 49"   Lon: W 122 16' 48"

                  Temperature (F), Rain (in), Wind Speed (mph)

                                      Heat  Cool        Avg
    Mean                              Deg   Deg         Wind                 Dom
Day Temp  High   Time   Low    Time   Days  Days  Rain  Speed High   Time    Dir
----------------------------------------------------------------------------------
 1  61.0  66.2   3:15p  56.7  11:02p   4.1   0.1  0.03   0.2   8.0   2:58p    SW
 2  57.9  64.6   1:50p  55.4  11:59p   7.1   0.0  0.60   0.1   6.0   2:30a   WSW
 3  57.5  66.7   3:15p  51.4  11:54p   7.5   0.0  0.21   0.3   8.0   3:21p   WNW
 4  56.3  69.3   3:09p  47.4   6:39a   8.9   0.2  0.00   0.5   8.0   3:55p   WNW
 5  57.3  63.1   2:51p  49.1   2:52a   7.7   0.0  0.00   0.2   6.0   5:33a   WSW
 6  58.8  64.8   5:14p  54.6   3:37a   6.2   0.0  0.08   0.3   6.0   5:20p   WSW
 7  59.0  63.1   2:02p  55.9  11:54p   6.0   0.0  0.16   0.0   5.0  12:34p   WSW
 8  60.6  70.1   2:41p  51.8  11:39p   4.9   0.5  0.01   0.8  12.0  12:33p     W
 9  58.5  74.7   3:14p  46.7   5:56a   8.1   1.6  0.00   0.5   8.0  12:44p     W
10  61.2  77.0   2:44p  49.6   5:00a   5.8   2.0  0.00   0.9  10.0   4:04p     W
11  58.2  69.3   1:07p  50.1   7:09a   7.1   0.3  0.00   0.7  11.0   3:22p   WNW
12  58.7  70.9   3:04p  49.2   2:20a   7.4   1.0  0.00   1.3  12.0   9:04a     W
13  58.4  72.5   1:37p  46.6   7:09a   8.1   1.6  0.00   0.8   9.0  11:28a     W
14  60.0  77.2   2:48p  46.5   6:55a   7.5   2.5  0.00   0.2   7.0   2:28p   WSW
15  57.8  69.6   2:47p  48.6   5:24a   7.8   0.6  0.00   0.5   7.0   2:28p   WSW
16  59.7  71.7   1:22p  48.7   7:02a   6.6   1.3  0.01   0.1   4.0  12:36p   WSW
17  59.5  64.3   4:59p  56.5   8:51a   5.5   0.0  0.21   0.5  11.0  11:22a    NW
18  59.0  68.5  12:52p  51.6   6:49a   6.2   0.3  0.00   0.4  10.0   7:20p   WSW
19  56.5  68.7   1:12p  47.1  11:59p   8.5   0.1  0.25   0.5  13.0   9:37a   WNW
20  53.5  64.8   1:17p  45.2   7:03a  11.5   0.0  0.00   0.9  10.0   2:14p     W
21  54.5  64.8   1:21p  46.3   4:34a  10.5   0.0  0.00   1.1  11.0   2:27p   WNW
22  54.5  66.8   1:10p  43.7   6:51a  10.6   0.0  0.00   0.5   9.0   2:24p   WSW
23  56.3  61.6   4:48p  52.5   4:13a   8.7   0.0  0.02   0.4  13.0   6:01p   WSW
24  58.6  65.2   4:26p  52.8   6:56a   6.4   0.0  0.00   0.4   6.0  11:37a   WSW
25  62.9  75.0   1:09p  57.2   4:57a   3.8   1.7  0.00   0.6   9.0   2:49p     W
26  62.8  75.2   3:17p  51.9   6:12a   4.3   2.1  0.00   0.8   8.0  10:26a     W
27  59.0  66.6   1:10p  48.7  10:36p   6.0   0.0  0.00   1.4  12.0  10:08a   WNW
28  54.9  64.7   3:17p  47.2  11:51p  10.1   0.0  0.00   0.8  10.0   1:03p   NNW
29  52.2  62.8   3:18p  42.7   5:44a  12.8   0.0  0.00   0.6  10.0   2:20p     W
30  52.0  64.0   3:25p  42.1   7:33a  13.0   0.0  0.00   0.4   7.0   1:15p   WSW
----------------------------------------------------------------------------------
    57.9  77.2    14    42.1    30   228.7  15.9  1.58   0.6  13.0    19       W

Max >=  80.0:  0
Max <=  32.0:  0
Min <=  32.0:  0
Min <=   0.0:  0
Max Rain: 0.60 on day 2
Days of Rain: 10 (>= 0.01 in)  5 (>= 0.10 in)  0 (>= 1.00 in)
Heat Base: 65.0  Cool Base: 65.0  Method: Integration
:Now::Gauges::Today::Yesterday::This Month::Monthly Records::This Year::Data Summary::Records::Trends::System Info: