Brier Weather Station

:Now::Gauges::Today::Yesterday::This Month::Monthly Records::This Year::Data Summary::Records::Trends::System Info:

 Latitude N 47° 46' 49"    Longitude W 122° 16' 48"    Elevation 341 ft

Select a Year or Month report

Report for 2016 Aug
                   Monthly Climatological Summary for Aug 2016

Name: Brierweather   City: Brier   State: Wa
Elevation: 341 ft  Lat: N 47 46' 49"   Lon: W 122 16' 48"

                  Temperature (F), Rain (in), Wind Speed (mph)

                                      Heat  Cool        Avg
    Mean                              Deg   Deg         Wind                 Dom
Day Temp  High   Time   Low    Time   Days  Days  Rain  Speed High   Time    Dir
----------------------------------------------------------------------------------
 1  62.2  75.3   2:55p  51.6   5:47a   5.1   2.2  0.00   0.8   8.0   8:59p     W
 2  60.6  69.8   2:43p  55.6   1:01a   4.9   0.5  0.01   0.7   9.0   4:42p   WNW
 3  63.4  74.6   2:17p  57.7  11:57p   3.1   1.5  0.00   0.9  10.0   4:33p     W
 4  65.4  77.9   2:03p  51.6   6:18a   3.7   4.1  0.00   1.4  12.0   2:35p     W
 5  63.6  78.6   2:39p  52.4   6:00a   4.1   2.7  0.00   1.1  11.0   6:02p     W
 6  59.7  68.8   5:19p  51.3   2:34a   5.6   0.4  0.00   0.4   8.0   5:22p   WSW
 7  61.1  68.5   3:03p  54.6   1:40a   4.3   0.5  0.02   0.5   8.0  11:37a    SW
 8  61.4  70.0   2:49p  57.2   6:31a   4.3   0.7  0.00   0.6   9.0   3:09p     W
 9  62.8  69.0   5:16p  58.2  12:12a   2.9   0.7  0.00   0.3   8.0   2:40p   WSW
10  65.3  75.3   2:10p  58.9  11:55p   1.9   2.2  0.00   0.9  10.0   4:27p     W
11  65.7  78.8   3:08p  53.9   6:18a   3.0   3.7  0.00   1.3  11.0  12:57p     W
12  70.0  84.0   1:38p  55.5   6:29a   2.3   7.3  0.00   1.0   9.0   2:32p     W
13  72.9  88.2   3:19p  59.2   6:21a   1.0   9.0  0.00   1.0   9.0   5:02p     W
14  67.6  81.4   2:30p  55.6   5:53a   2.3   4.9  0.00   1.1  10.0   3:23p     W
15  67.6  80.3   2:17p  55.1   6:33a   2.3   4.9  0.00   0.9  10.0   1:06p     W
16  66.7  77.9   2:29p  54.5   5:57a   2.7   4.3  0.00   1.0  10.0   2:45p     W
17  66.0  77.4   1:37p  53.6   6:21a   3.0   4.0  0.00   1.0  12.0   1:53p   WNW
18  70.0  83.6   5:35p  56.7   4:29a   1.9   6.9  0.00   1.3  11.0  12:42p   WNW
19  75.6  90.9   1:54p  61.5   5:32a   0.3  10.9  0.00   1.3  12.0   3:53p     W
20  72.6  90.9   3:14p  57.3   6:11a   1.4   9.0  0.00   0.7   7.0  11:44a     W
21  62.7  72.5   3:05p  58.0   5:40a   3.1   0.8  0.00   0.7  11.0   7:13p     W
22  61.1  71.9   1:07p  52.3   5:05a   5.0   1.1  0.00   0.8   9.0  12:47p   WSW
23  63.2  75.9   3:11p  49.8   6:09a   4.9   3.1  0.00   1.2  11.0   3:44p   WNW
24  66.6  80.9   3:12p  52.5   6:24a   3.5   5.2  0.00   1.2  11.0   2:26p     W
25  71.1  88.4   2:46p  55.8   6:32a   2.0   8.1  0.00   1.0  11.0   5:13p   WNW
26  72.3  89.2   2:10p  57.8   6:30a   1.5   8.8  0.00   0.5   7.0   3:05p   WSW
27  64.0  68.8   1:50p  59.2   3:56a   1.7   0.7  0.00   0.7  10.0   1:21p   WSW
28  61.6  69.5   1:31p  55.6  11:59p   3.7   0.3  0.00   0.4   6.0   2:37p   WSW
29  63.1  79.6   3:09p  50.6   6:05a   5.5   3.6  0.00   0.4   6.0   1:36p   WSW
30  62.1  70.1   1:11p  55.9   2:57a   3.8   0.9  0.00   0.4   9.0   4:09p    SW
31  62.0  67.2   4:23p  55.9   1:13a   3.2   0.3  0.02   0.2   7.0  11:10a    SW
----------------------------------------------------------------------------------
    65.5  90.9    19    49.8    23    98.0 113.3  0.05   0.8  12.0     4       W

Max >=  80.0: 10
Max <=  32.0:  0
Min <=  32.0:  0
Min <=   0.0:  0
Max Rain: 0.02 on day 7
Days of Rain: 3 (>= 0.01 in)  0 (>= 0.10 in)  0 (>= 1.00 in)
Heat Base: 65.0  Cool Base: 65.0  Method: Integration
:Now::Gauges::Today::Yesterday::This Month::Monthly Records::This Year::Data Summary::Records::Trends::System Info: