Brier Weather Station

:Now::Gauges::Today::Yesterday::This Month::Monthly Records::This Year::Data Summary::Records::Trends::System Info:

 Latitude N 47° 46' 49"    Longitude W 122° 16' 48"    Elevation 341 ft

Select a Year or Month report

Report for 2016 Jul
                   Monthly Climatological Summary for Jul 2016

Name: Brierweather   City: Brier   State: Wa
Elevation: 341 ft  Lat: N 47 46' 49"   Lon: W 122 16' 48"

                  Temperature (F), Rain (in), Wind Speed (mph)

                                      Heat  Cool        Avg
    Mean                              Deg   Deg         Wind                 Dom
Day Temp  High   Time   Low    Time   Days  Days  Rain  Speed High   Time    Dir
----------------------------------------------------------------------------------
 1  62.5  74.3   2:49p  51.7   3:47a   4.4   1.9  0.00   0.8   7.0   1:10p     W
 2  64.1  73.9   1:52p  57.1  11:45p   2.7   1.8  0.00   0.7   8.0   2:36p     W
 3  61.2  69.8   3:33p  57.0  11:32p   4.1   0.4  0.00   0.9   9.0  10:45a   NNW
 4  59.1  67.1   1:01p  55.4   6:02a   5.9   0.0  0.00   0.7  10.0   6:05p   NNW
 5  58.6  65.2   3:08p  54.6   5:45a   6.4   0.0  0.00   0.3   6.0  11:44a     W
 6  63.1  74.2   3:33p  54.0   6:03a   3.8   1.9  0.00   0.7   8.0   4:48p     W
 7  61.5  67.5   2:32p  57.0   3:51a   3.8   0.3  0.11   0.3   8.0  11:21a    SW
 8  63.5  73.1   3:40p  58.5   2:26a   3.0   1.5  0.14   0.8  12.0   2:11p   WSW
 9  61.9  69.2   2:44p  56.0   5:19a   3.6   0.5  0.13   0.8  11.0   2:46p   WSW
10  62.9  72.2   3:05p  55.5   4:52a   3.5   1.4  0.00   0.9  11.0   1:33p     W
11  62.5  71.4   4:05p  57.1   6:20a   3.7   1.2  0.00   0.8   8.0   2:08p   WSW
12  63.8  75.6   4:02p  54.4   4:52a   3.5   2.4  0.00   0.8   9.0   6:34p   WSW
13  63.1  73.9   3:27p  55.1   5:29a   3.4   1.6  0.00   0.9   9.0   2:37p     W
14  62.4  75.8   2:45p  50.5   5:40a   4.6   2.1  0.00   1.5  13.0   7:24p     W
15  63.2  73.2   6:19p  51.2   5:20a   4.0   2.2  0.00   0.6   8.0  10:07a   WSW
16  63.3  70.8   3:04p  57.7  11:58p   2.8   1.1  0.00   0.6   8.0   4:42p   WSW
17  65.2  76.5   5:33p  53.9   4:14a   3.2   3.4  0.00   0.8   8.0   1:43p     W
18  63.2  69.2  10:44a  56.3   5:20a   2.2   0.4  0.15   0.2   7.0  12:00p   WSW
19  65.4  74.7   5:43p  56.7   4:19a   2.4   2.8  0.00   0.6   9.0  10:34a   WSW
20  66.5  79.7   3:09p  56.2   2:39a   2.5   4.0  0.00   0.9  10.0   1:59p     W
21  67.6  78.6   2:50p  54.9   6:01a   2.2   4.8  0.00   1.4  12.0  10:45a     W
22  61.6  63.6   4:29p  58.7  11:12a   3.4   0.0  0.23   0.2   7.0  10:43a     N
23  62.8  70.9   3:27p  56.8  11:59p   3.2   1.0  0.00   0.6  10.0   4:46p     W
24  65.0  77.7   2:42p  51.9   5:39a   3.9   3.9  0.00   1.3  11.0   3:04p     W
25  68.3  82.0   3:16p  54.7   5:35a   2.6   5.9  0.00   1.1  11.0   5:12p   WNW
26  65.8  75.7   4:11p  56.3   5:38a   2.2   2.9  0.00   0.6   8.0   1:35p     W
27  68.1  80.8   5:00p  54.3   6:05a   2.5   5.6  0.00   1.2  11.0   7:01p     W
28  70.0  83.9   3:08p  57.2   6:20a   1.7   6.7  0.00   1.1  11.0   4:36p     W
29  70.7  83.8   3:00p  57.1   6:00a   1.7   7.4  0.00   1.2  10.0   3:52p     W
30  65.5  73.6   5:58p  58.1   5:47a   1.9   2.4  0.00   1.0  11.0   2:04p   WSW
31  63.2  71.8   3:06p  56.7   3:12a   3.4   1.6  0.00   0.8  12.0   2:25p   WSW
----------------------------------------------------------------------------------
    64.1  83.9    28    50.5    14   102.2  73.1  0.76   0.8  13.0    14       W

Max >=  80.0:  4
Max <=  32.0:  0
Min <=  32.0:  0
Min <=   0.0:  0
Max Rain: 0.23 on day 22
Days of Rain: 5 (>= 0.01 in)  5 (>= 0.10 in)  0 (>= 1.00 in)
Heat Base: 65.0  Cool Base: 65.0  Method: Integration
:Now::Gauges::Today::Yesterday::This Month::Monthly Records::This Year::Data Summary::Records::Trends::System Info: