Brier Weather Station

:Now::Gauges::Today::Yesterday::This Month::Monthly Records::This Year::Data Summary::Records::Trends::System Info:

 Latitude N 47° 46' 49"    Longitude W 122° 16' 48"    Elevation 341 ft

Select a Year or Month report

Report for 2016 Jun
                   Monthly Climatological Summary for Jun 2016

Name: Brierweather   City: Brier   State: Wa
Elevation: 341 ft  Lat: N 47 46' 49"   Lon: W 122 16' 48"

                  Temperature (F), Rain (in), Wind Speed (mph)

                                      Heat  Cool        Avg
    Mean                              Deg   Deg         Wind                 Dom
Day Temp  High   Time   Low    Time   Days  Days  Rain  Speed High   Time    Dir
----------------------------------------------------------------------------------
 1  63.5  73.5   1:52p  52.2   5:38a   3.6   2.1  0.00   0.6   8.0  12:29p   WSW
 2  61.5  68.4   2:41p  57.2   4:03a   3.8   0.3  0.01   0.8   8.0   7:32a   WSW
 3  65.1  79.0   2:17p  52.2   2:32a   3.6   3.7  0.00   1.2  11.0   5:07p     W
 4  69.5  79.0   2:38p  60.9   5:35a   0.8   5.3  0.00   1.8  12.0   7:49a   WNW
 5  75.1  89.2   4:01p  59.4   5:18a   0.6  10.7  0.00   1.3   9.0  12:13p     W
 6  69.8  82.5   3:04p  58.5   6:00a   1.1   5.9  0.00   1.3  10.0   1:20p     W
 7  66.6  81.5   3:30p  52.8   6:08a   2.8   4.4  0.00   0.9   9.0   4:48p   WNW
 8  60.3  69.4   1:04p  54.6   5:49a   4.8   0.1  0.02   0.8  10.0  12:00p   WSW
 9  58.0  63.8   3:35p  52.7   5:46a   7.0   0.0  0.01   0.4   8.0  11:53a   SSW
10  56.4  66.2   1:59p  49.6   5:32a   8.6   0.0  0.02   0.8  15.0   2:48p   WSW
11  56.3  65.1   3:00p  50.8   5:19a   8.7   0.0  0.03   0.3   7.0  11:38a   WNW
12  59.2  68.9   2:54p  53.5   4:59a   6.0   0.2  0.00   1.3   9.0   1:33a    NW
13  56.1  68.1   3:33p  50.1   2:02a   9.0   0.1  0.01   1.0  15.0   2:22p   WNW
14  52.7  61.1  12:50p  47.2  11:58p  12.3   0.0  0.28   1.0  15.0  10:12a   WSW
15  53.1  64.6   4:09p  42.9   5:59a  11.9   0.0  0.00   0.9  10.0   6:30p   WSW
16  57.4  69.6   3:15p  48.2   2:49a   8.0   0.4  0.01   1.0   9.0   4:10p   WSW
17  56.4  66.7  12:35p  46.3   5:39a   8.6   0.0  0.08   1.3  12.0   1:02p     W
18  54.5  59.5   3:13p  49.7  11:56p  10.5   0.0  0.85   0.2  11.0   3:25p     W
19  57.2  67.5   3:39p  45.9   5:27a   8.0   0.2  0.07   1.4  13.0   2:32p     W
20  62.0  71.4   4:13p  54.4   3:15a   4.1   1.1  0.04   0.7   8.0   1:30a   WNW
21  59.9  70.5   3:37p  54.1  11:53p   5.5   0.5  0.09   0.7   9.0   2:27p   WSW
22  61.1  72.3   3:53p  51.3   5:14a   5.2   1.3  0.00   1.0   8.0   2:40p     W
23  58.2  68.7   2:16p  52.7  11:49p   7.0   0.2  0.17   0.8  13.0   3:28p   WSW
24  57.7  65.6   4:29p  51.7   3:48a   7.3   0.0  0.05   0.5   8.0  12:03p   WNW
25  60.9  70.2   3:32p  55.2   5:56a   4.8   0.7  0.00   1.1  10.0   1:01p     W
26  63.6  75.5   3:42p  49.6   5:23a   4.4   3.0  0.00   1.6  10.0   9:31a     W
27  68.4  82.0   3:11p  55.7   3:21a   2.2   5.6  0.00   1.1   9.0   1:02p     W
28  64.3  76.6   3:50p  53.4   5:44a   3.8   3.2  0.00   0.8   8.0  12:08p   WSW
29  62.1  71.2   4:01p  56.6   3:39a   4.1   1.2  0.00   0.6   6.0   8:27a   WSW
30  61.0  71.6   2:53p  54.6   3:10a   5.0   1.0  0.00   0.4   9.0   4:09p     W
----------------------------------------------------------------------------------
    60.9  89.2     5    42.9    15   173.1  51.2  1.74   0.9  15.0    10       W

Max >=  80.0:  4
Max <=  32.0:  0
Min <=  32.0:  0
Min <=   0.0:  0
Max Rain: 0.85 on day 18
Days of Rain: 15 (>= 0.01 in)  3 (>= 0.10 in)  0 (>= 1.00 in)
Heat Base: 65.0  Cool Base: 65.0  Method: Integration
:Now::Gauges::Today::Yesterday::This Month::Monthly Records::This Year::Data Summary::Records::Trends::System Info: