Brier Weather Station

:Now::Gauges::Today::Yesterday::This Month::Monthly Records::This Year::Data Summary::Records::Trends::System Info:

 Latitude N 47° 46' 49"    Longitude W 122° 16' 48"    Elevation 341 ft

Select a Year or Month report

Report for 2016 May
                   Monthly Climatological Summary for May 2016

Name: Brierweather   City: Brier   State: Wa
Elevation: 341 ft  Lat: N 47 46' 49"   Lon: W 122 16' 48"

                  Temperature (F), Rain (in), Wind Speed (mph)

                                      Heat  Cool        Avg
    Mean                              Deg   Deg         Wind                 Dom
Day Temp  High   Time   Low    Time   Days  Days  Rain  Speed High   Time    Dir
----------------------------------------------------------------------------------
 1  59.0  74.6   5:20p  43.8   5:18a   8.2   2.2  0.00   1.1  10.0   4:00p     W
 2  67.7  87.7   2:14p  49.2   5:56a   4.7   7.4  0.00   0.6  10.0   2:47p   WSW
 3  61.6  73.6   1:56p  54.2   5:12a   4.8   1.4  0.00   1.0  11.0   5:38p   WNW
 4  53.6  57.0   5:54p  50.6   8:35a  11.4   0.0  0.02   1.2  11.0   3:15p   NNW
 5  55.5  65.2   2:21p  44.6   5:58a   9.5   0.0  0.00   1.3  13.0   3:22p    NW
 6  60.2  73.5   2:28p  45.9   4:44a   7.0   2.2  0.00   1.5  14.0   5:22p   WNW
 7  61.8  78.1   1:45p  48.2   5:52a   6.1   2.9  0.00   1.2  12.0   2:02p   WNW
 8  53.8  60.9   3:11p  49.1  11:55p  11.2   0.0  0.13   0.4   8.0  12:10a   NNE
 9  54.9  66.1   2:42p  47.4  12:58a  10.1   0.0  0.00   0.8  11.0   2:08p     W
10  57.4  72.1   2:41p  42.5   5:36a   9.0   1.4  0.00   1.2  12.0  12:11p     W
11  62.3  79.2   2:57p  45.3   5:34a   6.5   3.8  0.00   0.7   9.0   7:42p     W
12  60.5  74.4   3:57p  46.7   5:41a   6.7   2.2  0.00   0.7   7.0  11:06a   WSW
13  64.3  78.6   4:01p  48.7   5:46a   4.9   4.2  0.00   1.3  11.0   2:13p     W
14  55.9  61.0  12:00a  53.3   6:34a   9.1   0.0  0.25   0.1   6.0  11:44a   WSW
15  53.8  55.8   4:49p  52.2   4:15a  11.2   0.0  0.11   0.0   5.0  11:38p   WNW
16  54.4  59.3   4:20p  49.8   7:00a  10.6   0.0  0.02   0.2   7.0  10:10a   WNW
17  58.4  69.0   2:10p  46.8   6:06a   7.0   0.4  0.00   0.8   9.0   4:48p     W
18  55.0  63.4  11:42a  49.5   2:27a  10.0   0.0  0.08   0.7  12.0   8:56p    NW
19  52.0  62.0   1:39p  47.9   6:04a  13.0   0.0  0.13   0.3   7.0  12:30p    SW
20  55.4  64.1   3:10p  48.6  12:00a   9.6   0.0  0.10   1.2  11.0  12:42p     W
21  53.6  59.0   3:26p  49.7  12:16a  11.4   0.0  0.14   0.4   7.0  11:07a   WSW
22  56.8  67.7   3:55p  51.8   2:14a   8.4   0.1  0.06   0.9  14.0   2:15p   WSW
23  56.0  61.1   2:26p  52.0   2:09a   9.0   0.0  0.01   0.3   7.0   9:33a   NNW
24  58.2  65.3   3:39p  53.1   5:02a   6.8   0.0  0.00   0.5   7.0  11:32p     W
25  58.1  66.1   1:58p  53.0  11:34p   6.9   0.0  0.00   0.6   9.0   4:33p   WSW
26  54.2  59.8   3:16p  49.3  11:54p  10.8   0.0  0.13   0.4   8.0   9:03p   WSW
27  53.0  61.6   3:08p  47.8   4:35a  12.0   0.0  0.09   0.5   9.0   6:11p   NNW
28  54.2  63.2   1:55p  49.8   4:59a  10.8   0.0  0.07   0.5  12.0   3:22p   WSW
29  54.8  60.2   5:59p  46.2  11:59p  10.2   0.0  0.05   0.6   9.0   9:03a   NNW
30  56.0  69.3   3:02p  42.4   5:25a   9.5   0.5  0.00   1.3  12.0   3:04p     W
31  62.1  77.3   2:35p  46.5   5:04a   5.8   3.0  0.00   0.8   8.0   1:26p     W
----------------------------------------------------------------------------------
    57.2  87.7     2    42.4    30   272.2  31.7  1.39   0.7  14.0     6       W

Max >=  80.0:  1
Max <=  32.0:  0
Min <=  32.0:  0
Min <=   0.0:  0
Max Rain: 0.25 on day 14
Days of Rain: 15 (>= 0.01 in)  7 (>= 0.10 in)  0 (>= 1.00 in)
Heat Base: 65.0  Cool Base: 65.0  Method: Integration
:Now::Gauges::Today::Yesterday::This Month::Monthly Records::This Year::Data Summary::Records::Trends::System Info: