Brier Weather Station

:Now::Gauges::Today::Yesterday::This Month::Monthly Records::This Year::Data Summary::Records::Trends::System Info:

 Latitude N 47° 46' 49"    Longitude W 122° 16' 48"    Elevation 341 ft

Select a Year or Month report

Report for 2016 Apr
                   Monthly Climatological Summary for Apr 2016

Name: Brierweather   City: Brier   State: Wa
Elevation: 341 ft  Lat: N 47 46' 49"   Lon: W 122 16' 48"

                  Temperature (F), Rain (in), Wind Speed (mph)

                                      Heat  Cool        Avg
    Mean                              Deg   Deg         Wind                 Dom
Day Temp  High   Time   Low    Time   Days  Days  Rain  Speed High   Time    Dir
----------------------------------------------------------------------------------
 1  54.7  69.7   1:47p  42.5   6:37a  10.7   0.3  0.00   0.6   7.0   2:22p     W
 2  49.9  60.4   3:09p  42.5   5:23a  15.1   0.0  0.00   0.6   9.0   2:26p     W
 3  54.6  68.8   3:05p  41.8   6:02a  10.9   0.5  0.09   0.7  14.0   9:50p   WSW
 4  50.0  54.9   1:03p  46.6   6:45a  15.0   0.0  0.20   0.7  11.0   9:02a    NW
 5  49.4  56.6   3:09p  45.3   3:52a  15.6   0.0  0.00   0.3  12.0   3:35p   SSW
 6  53.4  68.8   3:06p  39.9   6:43a  11.9   0.3  0.00   1.0  11.0   6:31p     W
 7  59.9  79.4   2:32p  47.9   3:49a   7.3   2.2  0.00   1.5  11.0   1:32a     W
 8  58.4  72.6   1:09p  47.7   6:09a   7.8   1.2  0.00   1.1  12.0   4:18p   WNW
 9  53.7  66.4   3:19p  42.8   6:01a  11.3   0.0  0.00   0.7   8.0  11:45a     W
10  51.6  59.5  12:54p  45.1   4:25a  13.4   0.0  0.00   0.5   7.0  10:37a    SW
11  51.9  56.8   4:13p  48.3   9:48p  13.1   0.0  0.00   0.2   7.0  12:51p   WSW
12  49.9  59.5   1:17p  46.1  11:46p  15.1   0.0  0.39   0.4  18.0   3:25p   SSE
13  49.6  56.0  12:20p  45.1  12:56a  15.4   0.0  0.00   0.3   7.0  12:12p    SW
14  49.4  59.3   2:12p  42.1   7:09a  15.6   0.0  0.08   1.0  12.0   2:14p   WNW
15  51.1  57.5   4:28p  43.3  11:59p  13.9   0.0  0.00   0.2   6.0  10:32a   SSW
16  52.1  67.0   1:53p  38.6   5:45a  12.9   0.0  0.00   0.3   5.0  12:13p   WSW
17  59.2  75.1   1:12p  46.4   6:38a   8.0   2.2  0.00   1.0   9.0   3:21p     W
18  67.0  88.8   2:56p  48.6   5:52a   5.3   7.3  0.00   0.6   9.0   6:56p   WSW
19  64.9  81.5   1:57p  51.1   6:07a   4.6   4.5  0.00   0.7  10.0   3:54p     W
20  63.7  79.5   3:16p  50.1   6:12a   4.9   3.6  0.00   0.9   9.0   1:09p     W
21  61.9  73.3   2:31p  53.3   6:21a   4.4   1.3  0.00   0.6   8.0   3:59a     W
22  56.6  61.3  11:25a  53.6  11:45p   8.4   0.0  0.03   0.3  10.0   1:57p   WSW
23  55.8  64.7   2:55p  50.4   6:06a   9.2   0.0  0.03   0.8  12.0  11:38a    SW
24  48.5  52.7  12:00a  42.8  11:56p  16.5   0.0  0.88   0.3  12.0  11:25a     W
25  47.8  58.4   2:20p  39.9   3:05a  17.2   0.0  0.11   1.0  13.0   3:15p     W
26  49.5  62.2   1:52p  38.4   3:48a  15.5   0.0  0.00   0.6   9.0   4:09p   WSW
27  52.0  58.4   4:27p  45.2   5:43a  13.0   0.0  0.00   0.8  11.0  10:27a     W
28  54.2  64.4   2:22p  48.7  12:56a  10.8   0.0  0.00   0.5   7.0   1:40p   NNW
29  51.8  59.5   5:49p  45.0  11:59p  13.2   0.0  0.08   0.7   8.0  12:54p    NW
30  53.2  64.9   3:01p  41.6   5:39a  11.8   0.0  0.00   1.1  12.0   3:18p     W
----------------------------------------------------------------------------------
    54.2  88.8    18    38.4    26   347.8  23.4  1.89   0.7  18.0    12       W

Max >=  80.0:  2
Max <=  32.0:  0
Min <=  32.0:  0
Min <=   0.0:  0
Max Rain: 0.88 on day 24
Days of Rain: 9 (>= 0.01 in)  4 (>= 0.10 in)  0 (>= 1.00 in)
Heat Base: 65.0  Cool Base: 65.0  Method: Integration
:Now::Gauges::Today::Yesterday::This Month::Monthly Records::This Year::Data Summary::Records::Trends::System Info: