Brier Weather Station

:Now::Gauges::Today::Yesterday::This Month::Monthly Records::This Year::Data Summary::Records::Trends::System Info:

 Latitude N 47° 46' 49"    Longitude W 122° 16' 48"    Elevation 341 ft

Select a Year or Month report

Report for 2016 Feb
                   Monthly Climatological Summary for Feb 2016

Name: Brierweather   City: Brier   State: Wa
Elevation: 341 ft  Lat: N 47 46' 49"   Lon: W 122 16' 48"

                  Temperature (F), Rain (in), Wind Speed (mph)

                                      Heat  Cool        Avg
    Mean                              Deg   Deg         Wind                 Dom
Day Temp  High   Time   Low    Time   Days  Days  Rain  Speed High   Time    Dir
----------------------------------------------------------------------------------
 1  39.9  43.6   1:33p  36.4   4:37a  25.1   0.0  0.00   0.0   5.0   1:28p   WSW
 2  41.5  47.5   3:34p  35.9   8:00a  23.5   0.0  0.01   0.0   3.0  10:04a   ESE
 3  42.6  47.9  12:27p  39.4   5:15a  22.4   0.0  0.29   0.1   6.0   8:50p   ENE
 4  44.9  46.7  10:58a  42.7   1:51a  20.1   0.0  0.06   0.1   9.0  10:39a    SW
 5  45.4  50.5   3:27p  40.3   7:56a  19.6   0.0  0.11   0.6  15.0   5:28p   WNW
 6  43.1  48.1   3:32p  35.4  10:53p  21.9   0.0  0.00   0.3  11.0   2:21a   WSW
 7  41.7  51.0   3:37p  34.0   6:02a  23.3   0.0  0.00   0.3   6.0   1:14p     W
 8  46.2  56.1   2:30p  38.2   7:01a  18.8   0.0  0.00   0.8   8.0   2:53p     W
 9  46.0  57.7   3:01p  36.8   7:13a  19.0   0.0  0.00   0.0   3.0   1:11a    SW
10  47.0  53.0   3:45p  41.4   1:28a  17.9   0.0  0.11   0.0   6.0   6:15p     E
11  49.2  56.6   1:26p  42.8   1:20a  15.8   0.0  0.14   0.1   5.0   6:12a   WSW
12  51.1  53.6   3:05p  48.0  11:59p  13.9   0.0  0.57   0.5  13.0   3:00p    SW
13  46.0  48.7  12:30p  43.7   2:21a  19.0   0.0  0.15   0.3  14.0  12:48a   ESE
14  50.0  52.3   4:32p  47.1  12:00a  15.0   0.0  0.11   0.4  10.0  10:35p   WSW
15  51.0  51.9   1:52a  49.5  11:42p  14.0   0.0  0.29   1.5  16.0   2:35a   WSW
16  49.9  53.5   2:12p  46.5  11:51p  15.1   0.0  0.08   0.1   5.0  12:05a    SW
17  50.3  61.5   1:04p  44.8   2:05a  14.7   0.0  0.33   0.3  13.0   8:43p    SW
18  46.8  50.8   2:37p  43.7   7:51a  18.2   0.0  0.04   0.6  13.0   1:43p   WSW
19  44.8  47.4  12:58p  41.4  11:19p  20.2   0.0  0.30   0.7  13.0   1:14p     W
20  42.4  49.0   3:52p  34.8  11:39p  22.6   0.0  0.01   0.3   8.0  12:04a    SW
21  40.7  48.2   3:00p  32.4   5:11a  24.3   0.0  0.08   0.3  17.0   3:49p   WSW
22  42.6  47.8   2:34p  34.4  11:55p  22.4   0.0  0.00   0.1   5.0   7:47a    SW
23  42.5  56.0   3:36p  31.7   6:25a  22.5   0.0  0.00   0.2   6.0  11:51a   WNW
24  48.2  58.0   2:49p  40.8   5:27a  16.8   0.0  0.00   0.1   5.0  11:50a    SW
25  46.5  58.4   3:51p  37.0   6:57a  18.5   0.0  0.00   0.5   8.0   1:34p     W
26  48.8  59.4  12:22p  40.2   1:52a  16.2   0.0  0.22   0.1   6.0   3:40p    SW
27  48.2  54.5   4:00p  41.9   9:58p  16.8   0.0  0.10   0.1   8.0   3:56p   WSW
28  46.0  50.8  11:35a  41.9  11:26p  19.0   0.0  0.12   1.2  21.0  12:13p   WSW
29  46.2  52.0   2:54p  42.2  12:46a  18.8   0.0  0.04   0.2   7.0  12:03p    SW
----------------------------------------------------------------------------------
    45.8  61.5    17    31.7    23   555.4   0.0  3.16   0.3  21.0    28     WSW

Max >=  80.0:  0
Max <=  32.0:  0
Min <=  32.0:  1
Min <=   0.0:  0
Max Rain: 0.57 on day 12
Days of Rain: 20 (>= 0.01 in)  13 (>= 0.10 in)  0 (>= 1.00 in)
Heat Base: 65.0  Cool Base: 65.0  Method: Integration
:Now::Gauges::Today::Yesterday::This Month::Monthly Records::This Year::Data Summary::Records::Trends::System Info: