Brier Weather Station

:Now::Gauges::Today::Yesterday::This Month::Monthly Records::This Year::Data Summary::Records::Trends::System Info:

 Latitude N 47° 46' 49"    Longitude W 122° 16' 48"    Elevation 341 ft

Select a Year or Month report

Report for 2015 Dec
                   Monthly Climatological Summary for Dec 2015

Name: Brierweather   City: Brier   State: Wa
Elevation: 341 ft  Lat: N 47 46' 49"   Lon: W 122 16' 48"

                  Temperature (F), Rain (in), Wind Speed (mph)

                                      Heat  Cool        Avg
    Mean                              Deg   Deg         Wind                 Dom
Day Temp  High   Time   Low    Time   Days  Days  Rain  Speed High   Time    Dir
----------------------------------------------------------------------------------
 1  42.3  48.7   2:05p  37.2  12:00a  22.7   0.0  0.29   0.0   5.0   3:28p    SE
 2  45.3  51.6  11:40p  40.6   1:56a  19.6   0.0  0.02   0.2   7.0   9:22p   ESE
 3  48.7  53.3   2:35p  46.9   3:39a  16.3   0.0  0.63   0.3  11.0   5:03p   ESE
 4  46.6  49.4   1:53p  42.9  11:56p  18.4   0.0  0.04   0.2   7.0  11:03a    SW
 5  44.9  48.5   8:57a  42.5  12:33a  20.1   0.0  0.78   0.0   6.0   9:13a   SSE
 6  47.7  52.2   3:06p  45.1  12:00a  17.3   0.0  0.87   0.1  12.0   1:49p   WNW
 7  47.3  51.4  11:58p  45.6   5:40p  17.7   0.0  0.59   0.1   5.0   1:59a   ESE
 8  52.9  57.6  12:20p  48.7   9:42p  12.1   0.0  1.31   0.6  13.0   1:25p     W
 9  48.7  53.4  12:46a  42.7  11:06p  16.3   0.0  0.13   1.3  15.0   3:14a   WSW
10  45.6  49.2   3:40a  41.9   1:04a  19.4   0.0  0.53   0.6  13.0  12:49p   ESE
11  43.6  46.6   2:19p  40.9   5:31a  21.3   0.0  0.01   0.0   5.0  12:15a     W
12  44.3  46.6   7:01p  42.4  12:17a  20.7   0.0  0.39   0.7  18.0   8:59p     W
13  44.1  46.5  12:00a  39.8  10:16p  20.9   0.0  0.10   0.9  14.0   1:10a   WNW
14  38.8  45.0   2:17p  34.3   9:55p  26.2   0.0  0.00   0.2   7.0   3:01p     W
15  38.9  43.3  10:50p  33.0   2:10a  26.1   0.0  0.07   0.0   7.0   4:14p   SSW
16  38.7  43.0  12:00a  33.0   7:39p  26.3   0.0  0.01   0.1   7.0   2:24a    NW
17  38.9  43.4   7:30a  35.1  12:52a  26.1   0.0  0.45   0.4   9.0   7:08a   ESE
18  43.3  46.0   6:15a  39.6  10:25p  21.7   0.0  0.30   0.4  10.0  12:09p   ESE
19  42.7  45.7   2:29p  40.1   4:10a  22.2   0.0  0.00   0.1   7.0   2:59p   ESE
20  43.2  45.6   1:26a  41.8   7:37a  21.7   0.0  0.17   0.6  10.0   9:00a    SW
21  40.0  42.3  12:00a  38.3   9:13p  24.8   0.0  0.54   0.4  11.0   3:31p     W
22  40.0  42.9   2:32p  36.4   6:17a  25.0   0.0  0.14   0.2   9.0   9:33p     S
23  39.7  41.3  11:29a  37.2   4:02a  25.2   0.0  0.11   0.7  12.0   7:09p   WSW
24  38.9  41.4  11:49a  37.1  11:00p  26.1   0.0  0.24   0.1   7.0  11:49a    SW
25  37.7  39.5  10:35a  35.6  10:56p  27.3   0.0  0.01   0.0   4.0  10:38a     W
26  36.5  39.2   3:04p  33.7   6:33a  28.5   0.0  0.01   0.0   3.0  10:19p   ENE
27  37.3  39.6  10:20a  36.0   5:07a  27.7   0.0  0.30   0.0   4.0   8:43a     S
28  37.7  40.3   2:04p  36.4  12:00a  27.3   0.0  0.03   0.0   2.0  10:00a   ---
29  36.2  40.8   3:13p  30.7  11:54p  28.8   0.0  0.00   0.0   4.0   3:15p   NNE
30  30.9  38.3   2:14p  26.8  11:55p  34.1   0.0  0.00   0.1   6.0   3:45p     N
31  29.3  39.2   3:00p  23.9   8:20a  35.7   0.0  0.00   0.1   5.0  11:42a     E
----------------------------------------------------------------------------------
    41.6  57.6     8    23.9    31   723.6   0.0  8.07   0.3  18.0    12     WSW

Max >=  80.0:  0
Max <=  32.0:  0
Min <=  32.0:  3
Min <=   0.0:  0
Max Rain: 1.31 on day 8
Days of Rain: 26 (>= 0.01 in)  18 (>= 0.10 in)  1 (>= 1.00 in)
Heat Base: 65.0  Cool Base: 65.0  Method: Integration
:Now::Gauges::Today::Yesterday::This Month::Monthly Records::This Year::Data Summary::Records::Trends::System Info: