Brier Weather Station

:Now::Gauges::Today::Yesterday::This Month::Monthly Records::This Year::Data Summary::Records::Trends::System Info:

 Latitude N 47° 46' 49"    Longitude W 122° 16' 48"    Elevation 341 ft

Select a Year or Month report

Report for 2015 Nov
                   Monthly Climatological Summary for Nov 2015

Name: Brierweather   City: Brier   State: Wa
Elevation: 341 ft  Lat: N 47 46' 49"   Lon: W 122 16' 48"

                  Temperature (F), Rain (in), Wind Speed (mph)

                                      Heat  Cool        Avg
    Mean                              Deg   Deg         Wind                 Dom
Day Temp  High   Time   Low    Time   Days  Days  Rain  Speed High   Time    Dir
----------------------------------------------------------------------------------
 1  51.0  53.1  12:00a  47.6   7:12a  14.6   0.0  0.51   0.6  10.0   5:38a    NE
 2  47.9  52.5   2:39p  38.8  11:45p  17.1   0.0  0.05   0.3  11.0   2:08p   NNW
 3  43.3  50.3   2:24p  36.8  11:56p  21.7   0.0  0.09   0.3   9.0  12:21p    NW
 4  43.8  49.5   2:04p  36.9  12:00a  21.0   0.0  0.00   0.1   4.0  10:36a   WSW
 5  47.7  51.0   1:04p  45.2   9:22p  17.2   0.0  0.07   0.1   6.0   1:16p     W
 6  50.0  56.9   2:39p  46.2   5:33a  15.0   0.0  0.01   0.0   4.0   1:06p    SE
 7  51.5  53.0   3:14a  48.5  11:57p  13.4   0.0  0.56   0.0   8.0   6:31p     W
 8  47.3  50.5   2:22p  44.3   8:06p  17.7   0.0  0.27   0.0   2.0   8:51a    SW
 9  45.4  47.4   1:32p  39.5  10:53p  19.6   0.0  0.33   0.0   5.0   1:20p     N
10  44.8  48.9   9:33p  36.4   2:45a  20.2   0.0  0.07   0.3  12.0  11:15p   ENE
11  44.8  48.5   2:37p  39.1  10:36p  20.2   0.0  0.23   0.1   7.0  12:00a   WNW
12  46.2  50.7  11:58p  42.2  12:27a  18.7   0.0  0.09   0.4   9.0  11:45p   ENE
13  52.5  55.5   1:20p  48.0  11:58p  12.5   0.0  0.41   1.3  15.0  12:45p     N
14  45.4  48.2  12:08a  43.2  11:57p  19.6   0.0  1.30   0.6   9.0   2:28a   NNW
15  39.9  43.2  12:00a  35.0   8:40p  25.1   0.0  0.60   0.9  15.0   1:20a     W
16  40.4  45.5   4:11p  33.2   5:44a  24.6   0.0  0.03   0.2   7.0   2:22p    NE
17  50.8  56.9   2:31p  40.8  11:57p  14.2   0.0  0.36   2.7  21.0   4:58p     W
18  42.3  48.0   1:30p  34.5   7:37a  22.6   0.0  0.03   0.0   4.0  10:04a    SW
19  40.1  45.8   2:07p  32.2  11:56p  24.9   0.0  0.09   0.8  16.0  10:59a     N
20  35.2  44.7   2:26p  30.2   7:44a  29.7   0.0  0.01   0.2   7.0   1:51p   NNW
21  36.4  45.7   1:53p  31.0   6:07a  28.5   0.0  0.00   0.4   8.0  11:38a    NW
22  37.1  47.2   2:11p  31.8   8:03a  27.9   0.0  0.00   0.3   7.0  12:44p    NW
23  37.7  41.8  10:58p  31.4   3:21a  27.3   0.0  0.19   0.0   2.0   1:56p   ---
24  41.1  45.4   2:16p  35.1  10:22p  23.9   0.0  0.21   1.3  14.0   2:41p     W
25  34.9  43.1   2:23p  29.2  11:45p  30.1   0.0  0.00   0.6  10.0   8:22a     N
26  33.8  46.9   1:47p  27.5   6:32a  31.2   0.0  0.00   0.2   8.0   1:29p    NW
27  33.5  44.7   1:45p  28.0   8:11a  31.5   0.0  0.00   0.2   7.0   1:40p     W
28  31.8  43.5   2:17p  25.9   8:03a  33.2   0.0  0.01   0.1   4.0   1:47p     W
29  30.8  37.0   2:19p  25.1   5:15a  34.2   0.0  0.00   0.0   2.0   1:01p   WSW
30  33.6  41.0   4:25p  25.4   8:15a  31.4   0.0  0.00   0.0   7.0   4:07p   WSW
----------------------------------------------------------------------------------
    42.0  56.9     6    25.1    29   688.8   0.0  5.52   0.4  21.0    17      NW

Max >=  80.0:  0
Max <=  32.0:  0
Min <=  32.0: 10
Min <=   0.0:  0
Max Rain: 1.30 on day 14
Days of Rain: 22 (>= 0.01 in)  11 (>= 0.10 in)  1 (>= 1.00 in)
Heat Base: 65.0  Cool Base: 65.0  Method: Integration
:Now::Gauges::Today::Yesterday::This Month::Monthly Records::This Year::Data Summary::Records::Trends::System Info: