Brier Weather Station

:Now::Gauges::Today::Yesterday::This Month::Monthly Records::This Year::Data Summary::Records::Trends::System Info:

 Latitude N 47° 46' 49"    Longitude W 122° 16' 48"    Elevation 341 ft

Select a Year or Month report

Report for 2015 Oct
                   Monthly Climatological Summary for Oct 2015

Name: Brierweather   City: Brier   State: Wa
Elevation: 341 ft  Lat: N 47 46' 49"   Lon: W 122 16' 48"

                  Temperature (F), Rain (in), Wind Speed (mph)

                                      Heat  Cool        Avg
    Mean                              Deg   Deg         Wind                 Dom
Day Temp  High   Time   Low    Time   Days  Days  Rain  Speed High   Time    Dir
----------------------------------------------------------------------------------
 1  54.9  66.8   3:28p  45.2   7:30a  10.2   0.1  0.00   0.7   8.0  10:55a     W
 2  53.5  57.4   4:15p  48.1   2:12a  11.5   0.0  0.05   0.1   9.0   9:23p   NNW
 3  55.6  64.1   3:20p  48.2  11:55p   9.4   0.0  0.00   1.6  11.0   3:48a     W
 4  54.8  69.8   3:23p  44.8   6:38a  10.6   0.4  0.00   0.8   9.0   3:21p   WNW
 5  55.6  69.4   3:24p  45.2   6:46a  10.0   0.6  0.00   0.5   8.0   2:06p   WSW
 6  55.8  63.9  12:28p  46.7   6:21a   9.2   0.0  0.01   0.0   7.0   3:39p    SW
 7  57.7  58.7   3:22p  56.2  10:14p   7.3   0.0  0.41   0.0   5.0  12:56p   SSW
 8  58.6  63.4   4:18p  54.6   6:44a   6.3   0.0  0.00   0.0   4.0  10:34a     W
 9  60.3  66.6   2:02p  53.9   7:20a   4.8   0.1  0.00   0.0   6.0   9:15a   SSW
10  60.6  64.3   1:50p  54.7  11:59p   4.4   0.0  0.80   0.7  17.0   2:29p     W
11  56.3  62.7   2:59p  52.0  11:56p   8.6   0.0  0.00   0.2   6.0  11:41a    SW
12  57.2  63.8   4:37p  50.7   2:48a   7.8   0.0  0.00   0.3   8.0   4:07p    SW
13  54.7  59.7   2:43p  46.6  11:59p  10.3   0.0  0.00   0.6   9.0  11:55a   WNW
14  52.0  58.2   3:35p  46.5   2:28a  13.0   0.0  0.00   1.0  11.0  10:24a     N
15  54.9  66.2   3:46p  45.9   1:42a  10.1   0.1  0.00   0.4  11.0  10:16a     W
16  56.1  67.9  12:49p  46.2   6:34a   9.2   0.3  0.00   0.4   6.0  10:17a     W
17  57.4  65.0   1:36p  52.2   7:48a   7.6   0.0  0.02   0.1   5.0   2:40p   WSW
18  57.5  58.8   4:33p  56.2   4:53a   7.5   0.0  0.05   0.0   2.0  10:27a   ---
19  58.4  62.2   2:19p  55.3  11:58p   6.6   0.0  0.02   0.3   6.0   7:00p   WSW
20  53.0  60.9   3:06p  46.8  11:27p  12.0   0.0  0.00   0.2   6.0   3:21p     W
21  51.5  60.7   2:27p  44.5   7:06a  13.5   0.0  0.00   0.2   6.0   5:57p   WSW
22  49.7  57.4   4:01p  43.5  11:47p  15.3   0.0  0.00   0.5   9.0   1:57p   WNW
23  47.8  55.6   3:29p  42.3   2:21a  17.2   0.0  0.00   0.4   9.0   1:28p   NNW
24  50.4  56.8   3:44p  48.1   2:56a  14.6   0.0  0.01   0.3   7.0  12:37p    NW
25  54.3  66.3   1:17p  45.7   6:53a  10.7   0.0  0.34   0.2   7.0  10:51p   WSW
26  53.1  54.5  12:00a  50.9   7:47a  11.9   0.0  0.31   0.1   7.0  12:49a     E
27  50.4  58.1   4:00p  43.8   6:43a  14.6   0.0  0.00   0.0   3.0  10:47a     N
28  52.6  55.4   4:45p  49.2  12:00a  12.4   0.0  0.10   0.0   5.0  12:49p    SE
29  56.0  58.7  11:55a  53.6  12:31a   9.0   0.0  0.01   0.1   8.0   6:14p    SW
30  56.3  63.0  12:44p  53.2   6:39a   8.7   0.0  0.40   0.4  13.0   9:03a    NE
31  55.9  59.4  10:53a  53.0   8:49p   9.1   0.0  0.45   1.5  19.0   4:03a   WNW
----------------------------------------------------------------------------------
    54.9  69.8     4    42.3    23   313.4   1.6  2.98   0.4  19.0    31     WNW

Max >=  80.0:  0
Max <=  32.0:  0
Min <=  32.0:  0
Min <=   0.0:  0
Max Rain: 0.80 on day 10
Days of Rain: 14 (>= 0.01 in)  7 (>= 0.10 in)  0 (>= 1.00 in)
Heat Base: 65.0  Cool Base: 65.0  Method: Integration
:Now::Gauges::Today::Yesterday::This Month::Monthly Records::This Year::Data Summary::Records::Trends::System Info: