Brier Weather Station

:Now::Gauges::Today::Yesterday::This Month::Monthly Records::This Year::Data Summary::Records::Trends::System Info:

 Latitude N 47° 46' 49"    Longitude W 122° 16' 48"    Elevation 341 ft

Select a Year or Month report

Report for 2015 Sep
                   Monthly Climatological Summary for Sep 2015

Name: Brierweather   City: Brier   State: Wa
Elevation: 341 ft  Lat: N 47 46' 49"   Lon: W 122 16' 48"

                  Temperature (F), Rain (in), Wind Speed (mph)

                                      Heat  Cool        Avg
    Mean                              Deg   Deg         Wind                 Dom
Day Temp  High   Time   Low    Time   Days  Days  Rain  Speed High   Time    Dir
----------------------------------------------------------------------------------
 1  61.2  63.9  12:35p  58.5  11:31p   3.8   0.0  0.05   0.4   8.0   1:12a   NNE
 2  58.4  68.6   1:27p  52.4  10:21p   6.9   0.3  0.10   0.7  14.0   3:19p   WSW
 3  56.1  67.7   2:45p  48.3   3:46a   8.9   0.1  0.00   0.5  11.0  12:44p   WSW
 4  53.8  61.3   5:27p  46.7   5:17a  11.2   0.0  0.00   1.0  12.0  12:11p   WNW
 5  54.9  67.0   1:18p  43.2   5:59a  10.2   0.1  0.00   0.2   6.0   1:19p    SW
 6  55.6  59.6   4:50p  51.5   7:41a   9.4   0.0  0.31   0.0   7.0   2:03a     E
 7  59.7  69.2   3:21p  53.5  11:59p   5.7   0.5  0.00   0.2   6.0   4:21p     W
 8  61.8  72.8   3:14p  53.0  12:25a   4.5   1.3  0.00   0.3   7.0   5:16p     W
 9  63.4  75.2   1:55p  53.7   6:45a   3.9   2.3  0.00   0.8   9.0   3:16p     W
10  63.9  75.0   3:15p  55.3   6:34a   3.4   2.2  0.00   1.1  12.0   1:42p     W
11  65.3  78.7   3:13p  54.2   6:42a   3.5   3.8  0.00   0.9   9.0   9:20a     W
12  65.3  79.1   1:21p  54.1   6:48a   3.4   3.8  0.00   0.8  13.0   4:21p   WNW
13  59.7  65.4   2:42p  54.7  11:30p   5.3   0.0  0.01   0.4  10.0   5:27p   NNW
14  54.9  61.6   2:09p  47.0   6:46a  10.1   0.0  0.00   0.4   6.0   1:16p   WSW
15  55.3  63.9   1:46p  47.3   6:52a   9.7   0.0  0.00   0.4   8.0  12:03p   WSW
16  56.1  68.0   3:11p  45.2   6:40a   9.1   0.2  0.06   0.4  11.0   3:37p   WSW
17  57.0  61.7   4:55p  54.3  11:07p   8.0   0.0  0.30   0.1   7.0   3:43p   WSW
18  59.6  66.4   1:21p  54.2   7:08a   5.5   0.0  0.00   0.1   7.0   1:05p   SSE
19  63.5  69.7   4:11p  58.1   3:13a   2.4   0.8  0.00   0.4  12.0   3:50p    SW
20  64.8  74.3   1:20p  53.9  11:59p   2.0   1.8  0.19   1.6  16.0   4:51p     W
21  55.4  64.5   1:23p  47.0  11:59p   9.6   0.0  0.00   0.8  10.0  11:23a   WNW
22  51.7  64.8   3:15p  42.1   7:18a  13.3   0.0  0.00   0.6  10.0   1:56p     W
23  54.8  67.8   3:24p  41.5   7:11a  10.5   0.3  0.00   0.3  10.0   4:35p    SW
24  60.8  73.2   1:53p  49.4   7:21a   5.9   1.6  0.00   0.6  10.0  12:46p   WSW
25  57.5  60.6   4:04p  52.7  11:51p   7.5   0.0  0.05   0.8  11.0   1:04a    NW
26  52.5  61.5  12:49p  44.2   6:57a  12.5   0.0  0.01   0.7  11.0   2:24p     W
27  51.0  60.3   3:17p  41.4   6:13a  14.0   0.0  0.00   1.1  12.0   4:16p     W
28  53.8  65.6   3:14p  43.4   7:10a  11.2   0.0  0.00   0.9  13.0   9:33a   WNW
29  55.3  69.9   3:26p  43.6   6:54a  10.3   0.6  0.00   0.7   8.0   1:50p     W
30  53.0  64.4   4:51p  44.6   6:11a  12.0   0.0  0.00   0.2   5.0   1:26p   WSW
----------------------------------------------------------------------------------
    57.9  79.1    12    41.4    27   233.7  19.7  1.08   0.6  16.0    20       W

Max >=  80.0:  0
Max <=  32.0:  0
Min <=  32.0:  0
Min <=   0.0:  0
Max Rain: 0.31 on day 6
Days of Rain: 9 (>= 0.01 in)  4 (>= 0.10 in)  0 (>= 1.00 in)
Heat Base: 65.0  Cool Base: 65.0  Method: Integration
:Now::Gauges::Today::Yesterday::This Month::Monthly Records::This Year::Data Summary::Records::Trends::System Info: