Brier Weather Station

:Now::Gauges::Today::Yesterday::This Month::Monthly Records::This Year::Data Summary::Records::Trends::System Info:

 Latitude N 47° 46' 49"    Longitude W 122° 16' 48"    Elevation 341 ft

Select a Year or Month report

Report for 2015 Aug
                   Monthly Climatological Summary for Aug 2015

Name: Brierweather   City: Brier   State: Wa
Elevation: 341 ft  Lat: N 47 46' 49"   Lon: W 122 16' 48"

                  Temperature (F), Rain (in), Wind Speed (mph)

                                      Heat  Cool        Avg
    Mean                              Deg   Deg         Wind                 Dom
Day Temp  High   Time   Low    Time   Days  Days  Rain  Speed High   Time    Dir
----------------------------------------------------------------------------------
 1  71.1  86.0   4:04p  54.2   6:10a   2.3   8.4  0.00   1.2  10.0   4:07p     W
 2  71.5  85.1   3:16p  57.1   6:14a   1.4   7.9  0.00   0.7   9.0  10:50p     W
 3  69.0  80.7   1:45p  60.1   4:26a   0.9   4.9  0.00   0.9   9.0   5:59p   WNW
 4  65.2  76.7   5:43p  57.1   3:29a   2.6   2.9  0.00   0.9  11.0   6:32p     W
 5  59.4  70.3   1:50p  52.2   4:46a   5.9   0.3  0.11   0.6  10.0   5:20p     N
 6  63.5  74.8   3:22p  56.6  11:59p   3.6   2.2  0.00   0.7   8.0   3:31p     W
 7  65.3  77.3   2:59p  52.2   5:31a   3.8   4.2  0.00   1.3  10.0   3:13p     W
 8  65.6  76.5   3:13p  56.8   6:07a   2.3   2.9  0.00   0.6  12.0   6:49p   WSW
 9  67.9  79.6   3:16p  58.1   6:33a   1.7   4.6  0.00   0.9   8.0  11:48a   WSW
10  68.5  80.7   2:37p  60.1   6:04a   1.5   5.0  0.00   1.0  12.0   3:18p     W
11  69.9  81.6   5:17p  58.2   4:51a   1.4   6.3  0.00   1.4  15.0   1:31p   NNW
12  68.3  79.0   4:47p  58.7   4:32a   1.3   4.6  0.02   0.6  11.0  10:56a     W
13  69.3  83.0   2:41p  59.8   5:11a   0.9   5.2  0.00   0.8   8.0   1:15p   WSW
14  60.9  64.4  10:59a  58.6  11:55p   4.1   0.0  0.88   0.5  10.0  12:02p     W
15  61.4  67.0   3:27p  57.8   4:23a   3.7   0.1  0.00   0.5   8.0   5:51p    NW
16  62.1  74.0   2:46p  51.0   6:16a   4.9   2.1  0.00   1.3  13.0   1:42p     W
17  63.7  78.0   2:10p  50.8   6:11a   4.7   3.5  0.00   0.9  11.0   2:37p     W
18  67.5  81.4   3:04p  54.6   6:18a   3.0   5.5  0.00   1.2  10.0  10:47a     W
19  71.1  88.6   2:47p  58.3   5:05a   1.6   7.7  0.00   1.1  13.0  12:29p    NW
20  64.2  73.8   3:12p  58.3  11:59p   2.4   1.6  0.00   0.6  10.0   3:45p    SW
21  62.6  72.9   2:20p  55.3  11:41p   3.8   1.4  0.00   0.7   9.0  10:47a   WSW
22  62.5  77.6   2:21p  50.6   6:28a   5.5   3.0  0.00   0.8  10.0   2:45p   WSW
23  64.8  80.6   2:12p  51.5   6:12a   4.4   4.2  0.00   0.7   7.0  12:01p     W
24  61.8  74.7   2:47p  50.4   5:58a   5.1   1.9  0.00   0.6   7.0   3:53p     W
25  61.1  75.0   2:44p  47.4   5:58a   6.3   2.4  0.00   1.0  12.0   3:54p     W
26  64.9  80.6   2:41p  50.5   6:07a   4.5   4.3  0.00   0.8   7.0  11:26a   WSW
27  67.9  83.6   3:09p  55.5   6:42a   2.6   5.5  0.00   0.2   6.0   3:29p   SSW
28  66.9  74.4   2:01p  60.7   6:02a   0.7   2.6  0.02   0.3  10.0   5:03a   WSW
29  63.5  70.3   1:26p  56.9  10:04p   2.4   0.9  1.03   1.4  18.0   1:03p     W
30  60.5  68.4   2:26p  55.6   4:53a   4.7   0.2  0.15   0.9  12.0   5:00p   WSW
31  61.3  62.9   5:11p  59.1   2:38a   3.7   0.0  0.10   0.9  11.0   6:56a    NE
----------------------------------------------------------------------------------
    65.3  88.6    19    47.4    25    97.7 106.3  2.31   0.8  18.0    29       W

Max >=  80.0: 11
Max <=  32.0:  0
Min <=  32.0:  0
Min <=   0.0:  0
Max Rain: 1.03 on day 29
Days of Rain: 7 (>= 0.01 in)  5 (>= 0.10 in)  1 (>= 1.00 in)
Heat Base: 65.0  Cool Base: 65.0  Method: Integration
:Now::Gauges::Today::Yesterday::This Month::Monthly Records::This Year::Data Summary::Records::Trends::System Info: