Brier Weather Station

:Now::Gauges::Today::Yesterday::This Month::Monthly Records::This Year::Data Summary::Records::Trends::System Info:

 Latitude N 47° 46' 49"    Longitude W 122° 16' 48"    Elevation 341 ft

Select a Year or Month report

Report for 2015 Jul
                   Monthly Climatological Summary for Jul 2015

Name: Brierweather   City: Brier   State: Wa
Elevation: 341 ft  Lat: N 47 46' 49"   Lon: W 122 16' 48"

                  Temperature (F), Rain (in), Wind Speed (mph)

                                      Heat  Cool        Avg
    Mean                              Deg   Deg         Wind                 Dom
Day Temp  High   Time   Low    Time   Days  Days  Rain  Speed High   Time    Dir
----------------------------------------------------------------------------------
 1  72.5  84.5   4:05p  61.0   1:52a   0.5   8.0  0.00   1.6  11.0   9:21a   WNW
 2  74.1  88.2   3:56p  59.0   5:07a   1.0  10.1  0.00   1.3  10.0   1:41p     W
 3  74.4  88.6   2:42p  59.6   5:38a   0.8  10.2  0.00   1.2  10.0  12:25p     W
 4  72.9  87.0   3:02p  58.1   5:33a   1.0   8.9  0.00   1.2  11.0   4:22p     W
 5  72.7  86.4   3:53p  58.8   6:00a   1.2   8.9  0.00   1.2  10.0  12:50p   WSW
 6  70.8  83.9   2:00p  60.3   4:20a   1.0   6.7  0.00   0.6   7.0   3:33p   WSW
 7  65.8  76.1   3:45p  56.0   5:01a   2.4   3.2  0.00   0.9   7.0  10:52a   WSW
 8  68.4  82.4   3:09p  56.0   5:24a   2.3   5.7  0.00   1.0   9.0   3:47p     W
 9  69.8  82.9   2:56p  58.4   5:40a   1.6   6.3  0.00   0.9   8.0  12:01p   WSW
10  65.6  70.5   4:21p  62.3   2:55a   0.9   1.4  0.00   0.8  10.0   1:17p   WSW
11  65.2  71.0   4:32p  62.5   5:35a   0.8   1.0  0.00   0.5  11.0   6:34p   WSW
12  67.5  77.0   4:17p  60.5  11:39p   1.0   3.5  0.00   0.6   8.0  12:10p   WSW
13  65.4  75.7   2:20p  58.7  11:57p   1.8   2.2  0.00   0.9  11.0   4:12p     W
14  65.1  77.7   2:51p  52.2   4:54a   3.6   3.7  0.00   1.3  11.0   1:57p     W
15  64.7  77.7   2:56p  52.6   5:30a   3.3   3.0  0.00   1.3  13.0   5:27p    NW
16  65.3  78.0   2:23p  56.4   5:05a   2.7   3.0  0.00   0.7  12.0   3:53p     W
17  65.3  76.6   3:28p  52.5   4:35a   3.6   4.0  0.00   1.4  13.0   3:07p     W
18  72.2  87.3   4:54p  57.3   5:58a   1.8   9.1  0.00   1.2  10.0   1:38p     W
19  77.3  94.6   3:22p  60.3   5:53a   0.6  13.0  0.00   0.9  11.0   2:05p   WSW
20  67.7  77.6   4:05p  61.9  11:59p   0.6   3.4  0.00   1.6  13.0  12:57p     W
21  63.3  69.7   2:06p  59.0  11:24p   2.4   0.7  0.00   0.9   8.0   5:12p   WNW
22  62.7  76.4   2:56p  52.0   4:39a   4.2   1.8  0.00   0.9   9.0   2:09p     W
23  64.3  77.1   2:34p  54.4   4:31a   3.6   2.9  0.00   1.0  10.0   4:23p     W
24  62.4  72.3   5:40p  52.3   5:28a   4.2   1.6  0.13   0.5  11.0   3:56p    SW
25  59.4  65.0   2:24p  56.6  11:38p   5.6   0.0  0.12   0.5   9.0   1:57p   NNE
26  58.7  65.6   1:19p  53.7  11:30p   6.3   0.0  0.37   0.2   7.0   4:26p   WSW
27  60.5  71.9   4:11p  51.0   5:31a   5.7   1.3  0.00   0.4   7.0   2:03p     W
28  65.4  77.6   3:20p  52.8   6:08a   3.4   3.9  0.00   1.2  11.0   4:39p   WNW
29  69.1  85.5   2:46p  53.6   6:12a   2.9   7.0  0.00   1.3  11.0   2:41p     W
30  72.8  88.8   2:29p  56.5   6:23a   1.4   9.1  0.00   1.3  10.0  12:43p     W
31  71.8  89.2   3:17p  55.6   6:05a   1.8   8.7  0.00   1.1  10.0  12:21p     W
----------------------------------------------------------------------------------
    67.5  94.6    19    51.0    27    74.0 152.3  0.62   1.0  13.0    15       W

Max >=  80.0: 13
Max <=  32.0:  0
Min <=  32.0:  0
Min <=   0.0:  0
Max Rain: 0.37 on day 26
Days of Rain: 3 (>= 0.01 in)  3 (>= 0.10 in)  0 (>= 1.00 in)
Heat Base: 65.0  Cool Base: 65.0  Method: Integration
:Now::Gauges::Today::Yesterday::This Month::Monthly Records::This Year::Data Summary::Records::Trends::System Info: