Brier Weather Station

:Now::Gauges::Today::Yesterday::This Month::Monthly Records::This Year::Data Summary::Records::Trends::System Info:

 Latitude N 47° 46' 49"    Longitude W 122° 16' 48"    Elevation 341 ft

Select a Year or Month report

Report for 2015 May
                   Monthly Climatological Summary for May 2015

Name: Brierweather   City: Brier   State: Wa
Elevation: 341 ft  Lat: N 47 46' 49"   Lon: W 122 16' 48"

                  Temperature (F), Rain (in), Wind Speed (mph)

                                      Heat  Cool        Avg
    Mean                              Deg   Deg         Wind                 Dom
Day Temp  High   Time   Low    Time   Days  Days  Rain  Speed High   Time    Dir
----------------------------------------------------------------------------------
 1  54.7  63.8  12:28p  48.2   6:34a  10.3   0.0  0.00   1.4  11.0   3:49p   WNW
 2  52.7  62.4   2:10p  43.2   3:08a  12.3   0.0  0.00   1.6  17.0  10:22a   WNW
 3  52.8  65.9   2:41p  38.9   6:02a  12.2   0.0  0.00   1.3  10.0   9:25a     W
 4  52.4  63.3   1:15p  40.6   6:02a  12.6   0.0  0.00   1.3  15.0   2:16p   WSW
 5  49.1  60.6   1:02p  44.5  11:41p  15.9   0.0  0.15   0.6  13.0   2:04a     W
 6  50.1  59.5   2:03p  41.4   6:09a  14.9   0.0  0.00   1.3  15.0   4:52p     W
 7  53.2  65.7   3:09p  39.8   5:57a  11.8   0.0  0.00   1.4  13.0   4:03p     W
 8  56.8  70.3   3:59p  42.5   5:48a   9.2   1.0  0.00   1.3  12.0   2:05p     W
 9  60.8  76.3   1:36p  44.7   5:51a   7.0   2.9  0.00   0.9   9.0   4:53p     W
10  59.0  71.9   2:55p  48.6   5:43a   6.8   0.8  0.00   0.7   8.0   1:58p   WSW
11  55.0  60.0   5:10p  50.2  11:39p  10.0   0.0  0.00   0.2   6.0   4:57p   WSW
12  55.5  61.0  12:41p  50.4   1:22a   9.5   0.0  0.05   0.3   7.0   1:31p    SW
13  52.3  53.9   4:32p  50.8  11:51p  12.7   0.0  0.25   0.0   8.0   8:14a   WSW
14  54.2  61.8   5:01p  48.5  11:58p  10.8   0.0  0.01   0.5   9.0   6:52p   WNW
15  56.4  68.2   2:43p  45.3   3:42a   8.8   0.1  0.01   0.8   9.0   3:39p   WSW
16  56.0  59.7   2:33p  52.9   4:40a   9.0   0.0  0.00   0.3   9.0   2:18p   WSW
17  57.9  65.9   2:55p  52.5   5:50a   7.1   0.0  0.00   0.8   8.0   3:57p     W
18  60.8  72.0   2:26p  48.8   4:28a   6.0   1.8  0.00   1.3  11.0   2:29p   WSW
19  61.3  71.7   3:59p  54.5   5:41a   4.9   1.2  0.00   0.7   8.0   1:53p   WSW
20  60.9  72.2   5:26p  52.6   3:24a   5.7   1.5  0.00   0.9  13.0   2:33p     W
21  64.7  76.6   3:07p  51.9   5:20a   3.8   3.5  0.00   0.9  12.0   2:07p   WSW
22  58.1  63.5   4:22p  54.2  11:57p   6.9   0.0  0.00   1.0   9.0   4:45p   WSW
23  57.2  61.6   6:18p  53.6   1:05a   7.8   0.0  0.00   0.3   6.0  10:55a   WSW
24  58.1  62.5   4:06p  54.4   5:34a   6.9   0.0  0.00   0.5   7.0   6:25p   WSW
25  56.9  60.9   3:48p  53.2   3:52a   8.1   0.0  0.00   0.4   8.0   3:41p   WSW
26  60.3  69.9   2:07p  54.6   5:33a   5.1   0.5  0.00   0.6   7.0   4:17p     W
27  62.0  74.5   3:46p  51.5   4:24a   5.1   2.1  0.00   0.7  10.0   5:08p   WNW
28  65.1  78.4   3:28p  51.8   5:25a   4.0   4.0  0.00   1.0   9.0   3:16p     W
29  65.7  80.0   3:02p  53.7   5:38a   3.5   4.2  0.00   0.8   8.0   4:31p     W
30  59.5  70.1   3:16p  50.7   6:22a   6.4   0.9  0.00   0.9   9.0  11:31a   WSW
31  60.6  72.7   2:07p  51.3   4:13a   5.8   1.4  0.00   0.9  11.0   3:45p     W
----------------------------------------------------------------------------------
    57.4  80.0    29    38.9     3   260.9  25.9  0.47   0.8  17.0     2       W

Max >=  80.0:  1
Max <=  32.0:  0
Min <=  32.0:  0
Min <=   0.0:  0
Max Rain: 0.25 on day 13
Days of Rain: 5 (>= 0.01 in)  2 (>= 0.10 in)  0 (>= 1.00 in)
Heat Base: 65.0  Cool Base: 65.0  Method: Integration
:Now::Gauges::Today::Yesterday::This Month::Monthly Records::This Year::Data Summary::Records::Trends::System Info: