Brier Weather Station

:Now::Gauges::Today::Yesterday::This Month::Monthly Records::This Year::Data Summary::Records::Trends::System Info:

 Latitude N 47° 46' 49"    Longitude W 122° 16' 48"    Elevation 341 ft

Select a Year or Month report

Report for 2015 Apr
                   Monthly Climatological Summary for Apr 2015

Name: Brierweather   City: Brier   State: Wa
Elevation: 341 ft  Lat: N 47 46' 49"   Lon: W 122 16' 48"

                  Temperature (F), Rain (in), Wind Speed (mph)

                                      Heat  Cool        Avg
    Mean                              Deg   Deg         Wind                 Dom
Day Temp  High   Time   Low    Time   Days  Days  Rain  Speed High   Time    Dir
----------------------------------------------------------------------------------
 1  45.7  56.2   2:36p  38.8   5:16a  19.3   0.0  0.04   0.5  12.0   4:13p   WSW
 2  47.2  56.6   1:56p  41.4   2:46a  17.8   0.0  0.07   0.3   8.0  12:53p   WSW
 3  45.2  51.7   5:10p  39.4   6:31a  19.8   0.0  0.26   0.6  12.0   3:46p     W
 4  45.0  55.7   2:23p  37.1   2:14a  20.0   0.0  0.01   0.4   7.0  10:50a    SW
 5  46.3  60.4   2:40p  33.8   5:53a  18.7   0.0  0.00   0.8  10.0   3:01p     W
 6  47.0  56.1   3:17p  41.9  12:00a  18.0   0.0  0.00   0.2   6.0   8:28a   SSW
 7  48.1  57.0   4:50p  40.3   4:49a  16.9   0.0  0.00   1.0  10.0   5:49p     W
 8  51.0  63.9   3:01p  41.7   3:01a  14.0   0.0  0.00   0.7  10.0   4:43p     W
 9  50.5  63.1   2:12p  38.8   6:35a  14.5   0.0  0.00   0.6   7.0  11:15a   WSW
10  49.0  57.3   2:08p  42.3   5:11a  16.0   0.0  0.20   0.8  13.0   3:40p   WSW
11  45.5  56.7   1:36p  40.4  10:00p  19.5   0.0  0.26   0.9  19.0   2:11p   WSW
12  46.9  53.4   4:48p  40.4   1:29a  18.1   0.0  0.00   0.4  10.0  10:32a   WSW
13  44.3  51.7  11:06a  40.5  11:58p  20.7   0.0  0.36   0.6  11.0   3:25p     W
14  44.2  54.2   1:03p  37.5   3:54a  20.8   0.0  0.02   0.6   9.0   4:06p   WSW
15  45.8  58.0   1:39p  36.7   6:10a  19.2   0.0  0.00   0.7  10.0   4:04p     W
16  49.2  63.2   3:04p  35.5   6:24a  15.8   0.0  0.00   1.3  12.0  12:29p     W
17  53.2  66.0   1:37p  41.7   4:39a  11.8   0.0  0.00   1.6  13.0   5:12p     W
18  52.5  63.9   2:23p  41.9   4:49a  12.5   0.0  0.00   1.3  10.0  10:11a     W
19  53.4  66.5   3:01p  40.3   6:16a  11.6   0.1  0.00   1.4  11.0   6:21p     W
20  56.5  71.7   2:43p  42.3   6:12a   9.6   1.1  0.00   1.0  10.0  12:52p     W
21  51.2  60.0  12:53p  44.0  11:52p  13.8   0.0  0.13   0.9  13.0   3:19p     N
22  47.5  59.2   3:18p  37.8   6:18a  17.5   0.0  0.01   0.5   8.0   6:28p     N
23  47.8  52.0  11:20a  44.6   9:34p  17.2   0.0  0.05   0.5   9.0  12:12p     S
24  48.3  54.3  12:17p  43.3   3:43a  16.7   0.0  0.33   0.9  13.0  10:59a   SSW
25  46.1  55.8   1:59p  38.7   6:43a  18.9   0.0  0.09   0.7   9.0   1:21p     W
26  48.9  60.5   3:00p  36.8   4:24a  16.1   0.0  0.00   0.3   8.0   1:23p    SW
27  61.0  76.0   3:07p  51.4   5:38a   6.4   2.4  0.00   0.8   9.0   4:26p   WSW
28  53.2  59.6   3:49a  48.4   8:50p  11.8   0.0  0.14   0.5  11.0  10:45a   NNW
29  52.7  61.8   3:14p  46.5   5:59a  12.3   0.0  0.04   0.6  10.0   6:23p    SW
30  54.4  63.5   2:03p  48.7   5:46a  10.6   0.0  0.00   0.6   9.0  10:17p   WSW
----------------------------------------------------------------------------------
    49.3  76.0    27    33.8     5   475.9   3.6  2.01   0.7  19.0    11       W

Max >=  80.0:  0
Max <=  32.0:  0
Min <=  32.0:  0
Min <=   0.0:  0
Max Rain: 0.36 on day 13
Days of Rain: 15 (>= 0.01 in)  7 (>= 0.10 in)  0 (>= 1.00 in)
Heat Base: 65.0  Cool Base: 65.0  Method: Integration
:Now::Gauges::Today::Yesterday::This Month::Monthly Records::This Year::Data Summary::Records::Trends::System Info: