Brier Weather Station

:Now::Gauges::Today::Yesterday::This Month::Monthly Records::This Year::Data Summary::Records::Trends::System Info:

 Latitude N 47° 46' 49"    Longitude W 122° 16' 48"    Elevation 341 ft

Select a Year or Month report

Report for 2015 Mar
                   Monthly Climatological Summary for Mar 2015

Name: Brierweather   City: Brier   State: Wa
Elevation: 341 ft  Lat: N 47 46' 49"   Lon: W 122 16' 48"

                  Temperature (F), Rain (in), Wind Speed (mph)

                                      Heat  Cool        Avg
    Mean                              Deg   Deg         Wind                 Dom
Day Temp  High   Time   Low    Time   Days  Days  Rain  Speed High   Time    Dir
----------------------------------------------------------------------------------
 1  41.7  51.7   2:43p  30.4   6:50a  23.3   0.0  0.00   0.4  11.0  10:00p    NW
 2  44.5  49.6   3:43p  37.5  11:07p  20.5   0.0  0.00   2.7  19.0   3:06p     W
 3  38.3  50.3   2:52p  29.7   6:48a  26.7   0.0  0.00   0.8   9.0  11:09a     W
 4  38.7  53.5   2:54p  27.9   6:26a  26.3   0.0  0.00   0.4   6.0  12:16p   WSW
 5  42.7  56.6   2:45p  32.9   5:35a  22.3   0.0  0.00   0.3   5.0  12:30p     W
 6  44.8  58.7   2:49p  36.1   5:57a  20.2   0.0  0.00   0.4   6.0   2:52p     W
 7  45.7  58.8   3:54p  35.6   6:47a  19.3   0.0  0.00   0.8  10.0   1:41p     W
 8  47.1  61.1   3:41p  35.9   7:38a  17.2   0.0  0.00   0.6   8.0   2:07p     W
 9  46.0  57.0   3:46p  36.6   6:54a  19.0   0.0  0.00   0.4   9.0   4:45p   WSW
10  48.3  55.9   3:37p  41.6   6:26a  16.7   0.0  0.00   0.7   7.0   1:52p   WNW
11  52.1  56.8   3:49p  45.2   4:38a  13.0   0.0  0.07   0.0   5.0   3:13p   ENE
12  55.0  63.5   3:39p  45.4  11:55p  10.0   0.0  0.00   1.2  13.0  12:04p   WSW
13  54.2  66.0   2:14p  44.3  12:56a  10.8   0.0  0.04   0.2  11.0  10:55p   WSW
14  53.5  59.7   2:06p  49.5  11:10p  11.5   0.0  0.61   0.7  15.0   1:40p   WSW
15  46.5  49.6  12:54a  42.9  10:59p  18.5   0.0  1.68   1.3  12.0   5:32p     W
16  46.8  54.4   3:31p  40.9   8:03a  18.2   0.0  0.05   0.8  10.0   4:51p     W
17  47.5  58.7   1:36p  38.1   6:32a  17.5   0.0  0.01   0.2   9.0   3:08p    SW
18  50.4  59.2   3:27p  43.1   7:01a  14.6   0.0  0.00   0.2   6.0   5:10p    SW
19  50.6  58.2   2:42p  43.4   1:15a  14.4   0.0  0.06   0.0   5.0   2:20p   SSE
20  51.6  58.4  12:29p  47.5   5:26a  13.4   0.0  0.09   0.1   8.0   9:59p    SW
21  51.9  59.0   1:29p  43.7  10:57p  13.1   0.0  0.02   1.1  16.0  10:44a    SW
22  46.1  52.2   4:59p  38.8   6:27a  18.9   0.0  0.08   0.1   5.0  11:08a    SW
23  45.3  50.9   4:27p  39.6   3:30a  19.7   0.0  0.12   0.2  11.0   4:28p    SW
24  47.5  55.8   2:48p  43.5   6:37a  17.5   0.0  0.20   0.5   9.0   4:20a   WSW
25  50.8  56.7   5:30p  44.9   5:31a  14.2   0.0  0.19   0.2   8.0   6:52p   ENE
26  57.8  69.8   2:53p  48.9   7:38a   7.8   0.7  0.01   0.4   6.0   2:57p   WSW
27  55.1  68.5   2:23p  45.4   5:59a  10.1   0.3  0.05   0.8  12.0   4:12p    SW
28  53.7  61.9   1:28p  48.8   6:21a  11.3   0.0  0.01   1.2  12.0   3:28a   WSW
29  54.0  60.2   4:21p  49.3   4:33a  11.0   0.0  0.01   0.4   8.0   1:00p   ESE
30  57.5  65.6   3:02p  52.2   6:56a   7.5   0.0  0.00   0.5   8.0   9:04p   SSW
31  47.1  54.8   2:57p  41.6  12:35p  17.9   0.0  0.88   0.5  11.0   3:10a   WNW
----------------------------------------------------------------------------------
    48.8  69.8    26    27.9     4   502.4   1.0  4.18   0.6  19.0     2     WSW

Max >=  80.0:  0
Max <=  32.0:  0
Min <=  32.0:  3
Min <=   0.0:  0
Max Rain: 1.68 on day 15
Days of Rain: 18 (>= 0.01 in)  6 (>= 0.10 in)  1 (>= 1.00 in)
Heat Base: 65.0  Cool Base: 65.0  Method: Integration
:Now::Gauges::Today::Yesterday::This Month::Monthly Records::This Year::Data Summary::Records::Trends::System Info: