Brier Weather Station

:Now::Gauges::Today::Yesterday::This Month::Monthly Records::This Year::Data Summary::Records::Trends::System Info:

 Latitude N 47° 46' 49"    Longitude W 122° 16' 48"    Elevation 341 ft

Select a Year or Month report

Report for 2015 Feb
                   Monthly Climatological Summary for Feb 2015

Name: Brierweather   City: Brier   State: Wa
Elevation: 341 ft  Lat: N 47 46' 49"   Lon: W 122 16' 48"

                  Temperature (F), Rain (in), Wind Speed (mph)

                                      Heat  Cool        Avg
    Mean                              Deg   Deg         Wind                 Dom
Day Temp  High   Time   Low    Time   Days  Days  Rain  Speed High   Time    Dir
----------------------------------------------------------------------------------
 1  44.9  48.3   9:02p  40.7   2:11a  20.1   0.0  0.00   0.1   5.0   1:57p   SSE
 2  46.9  50.7   4:31p  42.8   4:34a  18.1   0.0  0.21   0.2  10.0   2:57p    SW
 3  46.5  48.8  11:29a  42.7   6:03a  18.5   0.0  0.08   0.0   4.0  11:31a   ---
 4  45.2  49.7   3:52p  39.8   5:16a  19.8   0.0  0.18   0.0   6.0   4:38p   WSW
 5  51.1  55.2  12:30p  46.3  12:05a  13.9   0.0  0.73   0.1   6.0  12:40p     E
 6  52.3  54.4   4:26a  47.1  11:59p  12.7   0.0  0.65   0.4  12.0   1:55p    NE
 7  50.3  53.7   3:03p  46.2  12:40a  14.7   0.0  0.74   0.2  13.0  11:17a   SSW
 8  51.3  57.5   7:55p  45.8   5:24a  13.7   0.0  0.15   0.2  12.0   5:50p   ESE
 9  50.5  54.0   2:03p  46.7   4:29a  14.5   0.0  0.17   0.0   4.0   2:42p   NNW
10  49.7  53.8   1:37p  44.2   9:06p  15.3   0.0  0.06   0.2   6.0   2:10a    SW
11  47.6  54.3   2:27p  41.0   5:00a  17.4   0.0  0.00   0.0   3.0   9:29a   WSW
12  52.6  59.1   2:50p  47.3   4:13a  12.4   0.0  0.01   0.0   3.0  11:45a    SW
13  51.8  59.1   2:58p  44.0   7:57a  13.2   0.0  0.01   0.2   5.0  12:14p   WSW
14  49.8  54.5   1:51p  38.9  11:52p  15.2   0.0  0.02   0.8  10.0  12:31p     W
15  43.9  52.3   3:10p  36.2   5:19a  21.1   0.0  0.00   0.9  11.0   1:37p   NNW
16  45.6  55.1   2:33p  37.5   6:34a  19.4   0.0  0.00   0.7   9.0  12:07p   WNW
17  44.8  58.0   2:39p  36.8   6:39a  19.6   0.0  0.00   0.6   8.0  10:24a     W
18  45.1  52.9   3:05p  35.6   4:20a  19.9   0.0  0.00   0.0   5.0  11:18a   ESE
19  46.7  50.9   2:02p  40.5  12:38a  18.3   0.0  0.06   0.0   3.0  10:29a    SW
20  47.4  51.6   2:33p  41.1  11:55p  17.6   0.0  0.05   0.4   6.0   9:46a     W
21  45.2  52.8   3:01p  36.8  11:55p  19.8   0.0  0.00   1.7  13.0  11:57a   WNW
22  40.0  50.5   3:46p  31.9   7:07a  25.0   0.0  0.00   0.3   8.0   1:48p     W
23  40.8  54.1   3:27p  31.0   6:58a  24.2   0.0  0.00   0.3   8.0   1:13p   WNW
24  41.9  53.5   3:09p  32.0   6:57a  23.1   0.0  0.00   0.2   7.0   3:57p   WNW
25  45.6  50.1  12:59p  40.4   6:22a  19.4   0.0  0.09   0.0   6.0   1:24p    SW
26  47.8  51.8   3:05p  45.4   6:21a  17.2   0.0  0.16   0.0   3.0  12:50p   WSW
27  47.1  50.2   3:37p  44.4   9:56p  17.9   0.0  0.66   0.7   9.0  10:43a    NW
28  43.7  51.9   3:49p  34.3  11:37p  21.3   0.0  0.00   1.9  14.0   1:10p     W
----------------------------------------------------------------------------------
    47.0  59.1    12    31.0    23   503.3   0.0  4.03   0.4  14.0    28     WNW

Max >=  80.0:  0
Max <=  32.0:  0
Min <=  32.0:  3
Min <=   0.0:  0
Max Rain: 0.74 on day 7
Days of Rain: 17 (>= 0.01 in)  9 (>= 0.10 in)  0 (>= 1.00 in)
Heat Base: 65.0  Cool Base: 65.0  Method: Integration
:Now::Gauges::Today::Yesterday::This Month::Monthly Records::This Year::Data Summary::Records::Trends::System Info: