Brier Weather Station

:Now::Gauges::Today::Yesterday::This Month::Monthly Records::This Year::Data Summary::Records::Trends::System Info:

 Latitude N 47° 46' 49"    Longitude W 122° 16' 48"    Elevation 341 ft

Select a Year or Month report

Report for 2015 Jan
                   Monthly Climatological Summary for Jan 2015

Name: Brierweather   City: Brier   State: Wa
Elevation: 341 ft  Lat: N 47 46' 49"   Lon: W 122 16' 48"

                  Temperature (F), Rain (in), Wind Speed (mph)

                                      Heat  Cool        Avg
    Mean                              Deg   Deg         Wind                 Dom
Day Temp  High   Time   Low    Time   Days  Days  Rain  Speed High   Time    Dir
----------------------------------------------------------------------------------
 1  30.1  38.7   1:26p  25.1   7:43a  34.8   0.0  0.00   0.1   5.0  11:49a     W
 2  35.5  39.5   3:33p  30.2  12:00a  29.5   0.0  0.03   0.1   6.0   1:55p   SSW
 3  37.2  40.3   3:20p  33.9   7:31a  27.8   0.0  0.00   0.0   2.0   1:15a   ---
 4  42.8  50.8  11:58p  37.2  12:00a  22.2   0.0  0.14   0.3  11.0  10:13p     N
 5  52.4  53.5  11:30a  50.3   7:59a  12.6   0.0  0.47   0.8  15.0   2:10a   WSW
 6  46.4  51.9   2:31p  39.7  10:46p  18.6   0.0  0.00   0.0   3.0  12:00a   SSW
 7  43.1  47.5   2:30p  39.7   9:00a  19.6   0.0  0.00   0.4   8.0  11:17a     W
 8  40.2  46.1   3:02p  35.3  11:59p  24.8   0.0  0.01   0.5   9.0  12:38p     N
 9  38.6  44.3   3:08p  34.7   7:21a  26.4   0.0  0.00   0.0   4.0   3:42a     W
10  44.0  46.1   2:28p  41.2  12:02a  21.0   0.0  0.06   0.0   1.0  12:27a   ---
11  46.0  48.6   2:17p  44.5   8:26p  19.0   0.0  0.03   0.0   2.0   9:50a   ---
12  42.8  48.6   2:30p  37.8   8:30p  22.2   0.0  0.05   0.0   5.0  11:17a     N
13  39.5  44.3  12:36p  33.8   8:14a  25.5   0.0  0.00   0.4   7.0   2:48p     W
14  36.7  44.5  12:23p  32.4  11:46p  28.3   0.0  0.00   0.0   7.0  12:33p     W
15  38.1  43.8   7:16p  31.1   4:35a  26.9   0.0  0.33   0.1   6.0  10:28a   ESE
16  44.8  49.6   3:19p  38.0  11:56p  20.2   0.0  0.00   0.0   5.0  12:31p     S
17  43.4  54.1  11:37p  36.8   3:32a  21.6   0.0  0.35   0.1   7.0  11:28p     E
18  49.4  54.4  12:52a  46.4   7:02p  15.6   0.0  0.19   2.0  22.0   8:08a   WSW
19  45.1  49.0  12:07p  38.9   8:22p  19.9   0.0  0.00   0.0   4.0   3:50a    SW
20  39.9  47.9   2:36p  33.3  11:43p  25.1   0.0  0.00   0.4   7.0  12:36p   WNW
21  38.3  46.0   2:25p  31.4   6:16a  26.7   0.0  0.00   0.0   3.0   4:06a   WNW
22  45.1  48.3   2:48p  41.4  12:04a  19.9   0.0  0.04   0.0   3.0   1:15p   ESE
23  50.5  54.0  11:21p  48.0  12:31a  14.5   0.0  0.11   0.4  11.0   8:58p   ENE
24  54.9  58.0   4:17p  52.9   2:03a  10.1   0.0  0.00   0.1   8.0   3:45p   ESE
25  53.2  63.6   2:46p  46.7   9:46p  11.8   0.0  0.00   0.2   6.0   2:48p   WSW
26  49.5  59.5   3:01p  43.7   3:45a  15.5   0.0  0.00   0.0   5.0   1:31p     S
27  49.1  50.8   2:29a  46.1  11:28p  15.9   0.0  0.08   0.1   6.0   5:58p    NW
28  45.2  53.0   3:34p  38.6  11:23p  19.8   0.0  0.00   0.1   5.0   3:34p     W
29  42.1  51.7   2:42p  36.2  11:31p  22.9   0.0  0.00   0.6   9.0  12:29p     W
30  40.1  50.4   3:52p  33.3   8:20a  24.9   0.0  0.00   0.2   5.0   1:36p     W
31  39.8  44.3   3:02p  34.1   3:13a  25.2   0.0  0.00   0.3   5.0  11:23p     W
----------------------------------------------------------------------------------
    43.3  63.6    25    25.1     1   668.8   0.0  1.89   0.2  22.0    18       W

Max >=  80.0:  0
Max <=  32.0:  0
Min <=  32.0:  4
Min <=   0.0:  0
Max Rain: 0.47 on day 5
Days of Rain: 13 (>= 0.01 in)  6 (>= 0.10 in)  0 (>= 1.00 in)
Heat Base: 65.0  Cool Base: 65.0  Method: Integration
:Now::Gauges::Today::Yesterday::This Month::Monthly Records::This Year::Data Summary::Records::Trends::System Info: