Brier Weather Station

:Now::Gauges::Today::Yesterday::This Month::Monthly Records::This Year::Data Summary::Records::Trends::System Info:

 Latitude N 47° 46' 49"    Longitude W 122° 16' 48"    Elevation 341 ft

Select a Year or Month report

Report for 2014 Nov
                   Monthly Climatological Summary for Nov 2014

Name: Brierweather   City: Brier   State: Wa
Elevation: 341 ft  Lat: N 47 46' 49"   Lon: W 122 16' 48"

                  Temperature (F), Rain (in), Wind Speed (mph)

                                      Heat  Cool        Avg
    Mean                              Deg   Deg         Wind                 Dom
Day Temp  High   Time   Low    Time   Days  Days  Rain  Speed High   Time    Dir
----------------------------------------------------------------------------------
 1  48.3  51.5   1:53p  45.9   3:36a  16.7   0.0  0.00   0.2   8.0   2:14p    NW
 2  50.0  54.4   1:18p  43.1   2:49a  15.6   0.0  0.16   0.0   5.0   8:14a   ESE
 3  54.0  55.7   1:34p  51.9  12:01a  11.0   0.0  0.23   0.0   7.0   1:55p     E
 4  53.2  55.5  10:08a  49.0  10:16p  11.8   0.0  0.22   0.2  11.0  10:51a    SW
 5  53.5  56.2   3:46p  50.0  12:00a  11.5   0.0  0.25   0.0   3.0   6:20p   ESE
 6  54.6  57.4  12:13p  47.5  11:48p  10.4   0.0  0.35   1.0  17.0  12:06p   NNW
 7  48.0  55.2   2:38p  40.7  11:16p  17.0   0.0  0.00   0.2   7.0  11:36a    NW
 8  44.9  54.5   2:20p  37.9   7:23a  20.1   0.0  0.00   0.1   5.0  11:50a     W
 9  47.8  51.9   2:25p  44.0   8:39p  17.2   0.0  0.29   0.1   7.0   9:09a    NW
10  43.5  49.6   2:32p  36.0  10:46p  21.5   0.0  0.00   0.6  11.0  10:21a     N
11  36.4  44.6  11:47a  27.8  11:58p  28.6   0.0  0.00   1.0  17.0   1:58p     E
12  29.8  39.7   3:06p  23.5   7:26a  35.2   0.0  0.00   0.0   4.0  10:35a    NE
13  30.2  42.6   2:55p  22.7   6:12a  34.8   0.0  0.00   0.2   6.0  12:54p     W
14  31.0  42.3   1:58p  24.0   6:31a  34.0   0.0  0.00   0.4  10.0   2:15p   WNW
15  30.6  42.7   3:04p  23.3   7:11a  34.4   0.0  0.00   0.2   7.0   2:06p   WNW
16  33.4  45.0   1:57p  25.7   4:38a  31.6   0.0  0.00   0.3   7.0  12:02p     W
17  35.1  47.2   1:47p  27.7   6:44a  29.9   0.0  0.00   0.0   4.0  11:21a   WSW
18  35.5  46.6   2:04p  29.5   3:01a  29.5   0.0  0.00   0.0   2.0  12:24a   ---
19  41.8  53.7   1:40p  31.2  12:00a  23.2   0.0  0.00   0.2   5.0   2:32p     W
20  46.6  50.6   3:14p  42.1  12:00a  18.4   0.0  0.06   0.0   3.0  12:36a   WSW
21  47.7  49.8   8:53p  45.9  12:13a  17.3   0.0  0.45   0.1   7.0   8:41p   SSE
22  44.3  48.0   1:14p  40.6   7:03p  20.7   0.0  0.04   0.1   8.0  12:42a    SW
23  45.8  51.3   1:37p  40.0  11:55p  19.2   0.0  0.56   0.3  11.0   6:45a    NW
24  43.7  50.8  11:59p  38.2   1:50a  21.3   0.0  0.02   0.1   9.0   6:47p     E
25  50.1  56.0  11:45p  47.3   4:07p  14.9   0.0  0.32   0.4  13.0   8:01p   WSW
26  56.0  57.8  11:32a  55.0   6:09a   9.0   0.0  0.01   0.7  12.0   1:39a   WNW
27  55.1  57.1   1:26a  53.0   6:29a   9.9   0.0  0.02   1.4  15.0   2:48a   WNW
28  44.2  54.1  12:00a  36.2   4:47p  20.8   0.0  1.33   1.0  15.0  12:16a     N
29  30.0  37.8  12:11a  21.9  11:56p  35.0   0.0  0.00   1.9  21.0  10:36a     W
30  26.3  33.9   2:24p  19.4   7:20a  38.7   0.0  0.00   0.4   7.0  10:47a   NNW
----------------------------------------------------------------------------------
    43.0  57.8    26    19.4    30   659.2   0.0  4.31   0.4  21.0    29      NW

Max >=  80.0:  0
Max <=  32.0:  0
Min <=  32.0: 11
Min <=   0.0:  0
Max Rain: 1.33 on day 28
Days of Rain: 15 (>= 0.01 in)  10 (>= 0.10 in)  1 (>= 1.00 in)
Heat Base: 65.0  Cool Base: 65.0  Method: Integration
:Now::Gauges::Today::Yesterday::This Month::Monthly Records::This Year::Data Summary::Records::Trends::System Info: