Brier Weather Station

:Now::Gauges::Today::Yesterday::This Month::Monthly Records::This Year::Data Summary::Records::Trends::System Info:

 Latitude N 47° 46' 49"    Longitude W 122° 16' 48"    Elevation 341 ft

Select a Year or Month report

Report for 2014 Oct
                   Monthly Climatological Summary for Oct 2014

Name: Brierweather   City: Brier   State: Wa
Elevation: 341 ft  Lat: N 47 46' 49"   Lon: W 122 16' 48"

                  Temperature (F), Rain (in), Wind Speed (mph)

                                      Heat  Cool        Avg
    Mean                              Deg   Deg         Wind                 Dom
Day Temp  High   Time   Low    Time   Days  Days  Rain  Speed High   Time    Dir
----------------------------------------------------------------------------------
 1  55.6  63.5   3:19p  48.6   2:25a   9.4   0.0  0.00   0.4   7.0   2:00p     W
 2  55.0  65.4   1:03p  47.3   7:30a  10.0   0.0  0.00   0.5   9.0   3:16p     W
 3  55.5  69.4   2:30p  44.8   7:37a  10.1   0.6  0.00   0.2   6.0   2:45p   WSW
 4  59.4  68.9   3:48p  52.1   7:19a   6.1   0.5  0.00   0.1   5.0   5:40p     W
 5  59.8  71.9   3:24p  51.1   6:38a   6.4   1.2  0.00   0.6  10.0   4:53p     W
 6  62.0  75.7   3:24p  52.8   6:12a   5.0   2.0  0.00   0.5  10.0   5:13p     W
 7  60.0  66.5   2:51p  55.0   3:37a   5.0   0.1  0.00   0.3   6.0   2:56p   WSW
 8  58.7  65.9   2:55p  52.1  11:33p   6.3   0.0  0.00   0.4   7.0   2:27p     W
 9  56.9  65.0   1:01p  51.3   1:27a   8.1   0.0  0.00   0.4   7.0   3:16p   WSW
10  57.0  62.5   4:28p  50.0   1:55a   8.0   0.0  0.01   0.1   7.0  10:35a    SW
11  57.8  63.7   3:24p  50.6   8:41p   7.2   0.0  0.21   0.5  15.0   2:31p     W
12  56.0  62.1   2:49p  49.8   7:50a   9.0   0.0  0.01   0.0   5.0   1:34p    SW
13  58.0  66.7  12:47p  48.8   7:01a   7.1   0.1  0.16   0.3  10.0   9:50p   WSW
14  55.2  59.9   2:51p  52.1  11:42p   9.8   0.0  0.52   0.1   6.0  12:24a   NNE
15  54.2  57.9   4:04p  52.2  12:00a  10.8   0.0  0.30   0.5  15.0   3:55p     N
16  54.2  63.6   3:13p  49.2   4:14a  10.8   0.0  0.01   0.1   5.0   1:11p   SSW
17  55.6  61.3   1:07p  50.1  12:49a   9.4   0.0  0.15   0.0   4.0  10:51a   SSW
18  59.4  64.0   2:33p  56.2  12:02a   5.6   0.0  0.17   0.0   7.0   2:12p   ESE
19  60.7  69.1   4:38p  54.8   7:15a   4.9   0.7  0.00   0.4  10.0   2:31p    SW
20  58.0  61.5   3:07p  53.8  11:17p   7.0   0.0  0.44   0.0   7.0   7:23p   WNW
21  56.2  59.2  12:35p  52.6   1:11a   8.8   0.0  0.07   0.3  12.0  12:20p     W
22  54.9  56.5  11:32a  53.4   9:32p  10.1   0.0  1.19   0.1   9.0  11:15p    NE
23  51.3  55.2  12:34p  47.6  10:51p  13.7   0.0  0.10   0.3   9.0   3:18p   NNE
24  51.2  57.3   2:07p  45.9   8:00a  13.8   0.0  0.15   0.1   5.0   5:28p   WNW
25  52.4  58.1  12:35p  47.2   6:30a  12.6   0.0  0.54   0.5  18.0   8:05p   WSW
26  48.7  53.2   1:59p  42.3  11:30p  16.3   0.0  0.03   0.7  16.0   3:12p   WSW
27  49.2  56.7   4:01p  42.3   3:56a  15.8   0.0  0.01   0.0   6.0   1:18p   SSW
28  52.8  57.1   2:18p  48.8   3:14a  12.2   0.0  0.55   0.0   6.0   9:55p     E
29  55.3  60.4   3:13p  48.8  10:33p   9.7   0.0  0.07   0.2   9.0   6:32a    SW
30  54.5  58.7  11:36a  49.6  12:00a  10.5   0.0  0.60   0.1   5.0  11:20a   SSE
31  51.5  54.5  12:00a  48.7  11:57p  13.5   0.0  0.72   0.2   7.0   8:33a   WSW
----------------------------------------------------------------------------------
    55.7  75.7     6    42.3    26   293.0   5.2  6.01   0.3  18.0    25       W

Max >=  80.0:  0
Max <=  32.0:  0
Min <=  32.0:  0
Min <=   0.0:  0
Max Rain: 1.19 on day 22
Days of Rain: 21 (>= 0.01 in)  14 (>= 0.10 in)  1 (>= 1.00 in)
Heat Base: 65.0  Cool Base: 65.0  Method: Integration
:Now::Gauges::Today::Yesterday::This Month::Monthly Records::This Year::Data Summary::Records::Trends::System Info: