Brier Weather Station

:Now::Gauges::Today::Yesterday::This Month::Monthly Records::This Year::Data Summary::Records::Trends::System Info:

 Latitude N 47° 46' 49"    Longitude W 122° 16' 48"    Elevation 341 ft

Select a Year or Month report

Report for 2014 Sep
                   Monthly Climatological Summary for Sep 2014

Name: Brierweather   City: Brier   State: Wa
Elevation: 341 ft  Lat: N 47 46' 49"   Lon: W 122 16' 48"

                  Temperature (F), Rain (in), Wind Speed (mph)

                                      Heat  Cool        Avg
    Mean                              Deg   Deg         Wind                 Dom
Day Temp  High   Time   Low    Time   Days  Days  Rain  Speed High   Time    Dir
----------------------------------------------------------------------------------
 1  62.9  74.5   3:08p  54.1   3:41a   3.8   1.7  0.00   0.4   7.0  11:21a     W
 2  60.5  67.3   3:38p  55.7   9:23p   4.6   0.1  0.11   0.6  16.0   7:45p   WSW
 3  58.5  68.8   3:03p  51.4  11:50p   6.9   0.3  0.08   0.5   7.0   3:17p   WSW
 4  59.2  73.1   2:20p  47.9   6:21a   7.2   1.4  0.00   1.1  12.0  12:32p   WNW
 5  63.8  78.2   2:48p  52.0   5:37a   4.4   3.2  0.00   1.0  10.0   9:35a   WNW
 6  66.6  84.7   3:18p  52.4   6:16a   4.2   5.8  0.00   0.7   9.0   5:05p     W
 7  65.6  84.5   2:52p  51.3   6:50a   4.4   5.0  0.00   0.3   7.0   3:51p   WSW
 8  61.1  69.0   3:01p  55.7   2:09a   4.3   0.3  0.00   0.3   7.0   2:08p   WSW
 9  60.7  69.3   3:02p  54.5  11:58p   4.8   0.5  0.02   0.3   7.0   1:19p    SW
10  59.1  70.4   3:14p  50.9  11:59p   6.4   0.5  0.00   1.2  12.0   2:53p   WSW
11  58.0  74.8   2:09p  44.6   6:47a   8.7   1.6  0.00   0.6  10.0   2:32p     W
12  57.8  72.8   2:14p  43.6   6:29a   8.7   1.5  0.00   1.3  12.0  12:24p     W
13  61.4  80.8   2:00p  45.4   7:04a   7.3   3.7  0.00   0.8   8.0   2:03p     W
14  63.6  82.7   3:18p  47.9   6:49a   6.1   4.6  0.00   0.8   9.0   1:51p     W
15  65.7  86.3   2:30p  50.0   6:55a   5.1   5.8  0.00   0.6   7.0   3:25p   WSW
16  63.1  74.2   3:11p  54.3   3:57a   3.6   1.8  0.00   0.4   7.0  10:00a   WSW
17  63.0  72.2  12:57p  58.1   7:01a   2.8   0.8  0.01   0.5  10.0   2:20p     W
18  62.3  66.2   5:29p  59.6   4:26a   2.7   0.0  0.08   0.2   6.0  11:02a   WSW
19  66.4  74.8   3:17p  61.7   4:40a   0.9   2.4  0.00   0.4   7.0   6:42a    SW
20  63.2  72.3   5:06p  57.0   3:23a   3.4   1.6  0.00   1.0  10.0   7:49a   WNW
21  65.7  81.4   3:24p  53.7   7:09a   3.6   4.3  0.00   0.1   6.0  10:03p   WSW
22  63.6  69.3   4:45p  58.2  12:00a   2.2   0.8  0.02   0.1   7.0   2:12a    SE
23  61.8  66.7   1:00p  56.2   1:29a   3.3   0.2  0.27   0.1   7.0   3:55a   WSW
24  61.1  63.9   4:30p  57.1  11:51p   3.9   0.0  0.37   0.1   7.0   8:03a    SE
25  59.8  67.2   3:26p  56.4  11:42p   5.3   0.1  0.07   0.1  11.0   7:24p   SSW
26  59.2  66.7   2:55p  56.2  12:28a   5.8   0.0  0.56   0.3  10.0   2:12p   WSW
27  58.1  66.1  12:55p  52.5  11:58p   7.0   0.0  0.00   0.9  15.0   1:18p     W
28  55.7  65.6   4:45p  50.2  11:58p   9.3   0.0  0.00   0.3   6.0   1:07p   WNW
29  55.7  61.3   2:39p  49.9   1:57a   9.3   0.0  0.37   0.1   6.0   5:51p   SSE
30  56.1  63.0   4:32p  52.4   2:41a   8.9   0.0  0.01   0.2   7.0   4:48p   WNW
----------------------------------------------------------------------------------
    61.3  86.3    15    43.6    12   158.9  48.0  1.97   0.5  16.0     2       W

Max >=  80.0:  6
Max <=  32.0:  0
Min <=  32.0:  0
Min <=   0.0:  0
Max Rain: 0.56 on day 26
Days of Rain: 12 (>= 0.01 in)  5 (>= 0.10 in)  0 (>= 1.00 in)
Heat Base: 65.0  Cool Base: 65.0  Method: Integration
:Now::Gauges::Today::Yesterday::This Month::Monthly Records::This Year::Data Summary::Records::Trends::System Info: