Brier Weather Station

:Now::Gauges::Today::Yesterday::This Month::Monthly Records::This Year::Data Summary::Records::Trends::System Info:

 Latitude N 47° 46' 49"    Longitude W 122° 16' 48"    Elevation 341 ft

Select a Year or Month report

Report for 2014 Aug
                   Monthly Climatological Summary for Aug 2014

Name: Brierweather   City: Brier   State: Wa
Elevation: 341 ft  Lat: N 47 46' 49"   Lon: W 122 16' 48"

                  Temperature (F), Rain (in), Wind Speed (mph)

                                      Heat  Cool        Avg
    Mean                              Deg   Deg         Wind                 Dom
Day Temp  High   Time   Low    Time   Days  Days  Rain  Speed High   Time    Dir
----------------------------------------------------------------------------------
 1  67.9  81.9   4:32p  54.9   5:29a   2.6   5.5  0.00   0.9  12.0   3:31p     W
 2  66.7  80.3   5:24p  55.9   6:06a   2.4   4.2  0.04   0.2   7.0  11:07a   WSW
 3  69.9  83.8   1:49p  57.1   6:04a   0.0   4.9  0.00   1.0   9.0   3:00p   WSW
 4  70.4  86.8   1:53p  54.9   6:02a   0.0   5.4  0.00   1.0   9.0   5:47p     W
 5  64.8  77.0   4:39p  54.9   5:40a   3.2   3.0  0.00   0.7   9.0  12:27p   WSW
 6  66.2  78.4   4:11p  56.1   5:19a   2.3   3.5  0.00   0.5   7.0   4:47p   WSW
 7  66.0  80.1   3:05p  55.4   4:35a   2.8   3.9  0.00   0.8   9.0   7:03p   WSW
 8  64.7  77.5   3:08p  55.0   6:49a   3.3   3.0  0.00   0.9   9.0   4:35p     W
 9  64.4  79.5   2:39p  51.2   6:01a   4.1   3.5  0.00   1.3  10.0   2:39p     W
10  67.7  83.7   3:07p  52.1   5:40a   3.6   6.3  0.00   1.1  13.0   2:45p   WNW
11  74.9  94.6   3:00p  58.2   6:14a   1.5  11.4  0.01   0.9   8.0   8:31a   WSW
12  70.0  78.5   3:17p  65.6  10:26a   0.0   5.0  0.10   0.6  13.0   2:57p   WNW
13  64.1  72.2   2:30p  59.9  10:39p   1.9   1.0  0.82   0.2   6.0   1:16a    SW
14  63.0  68.3   4:02p  56.4   5:45a   2.7   0.7  0.01   0.2   5.0   6:51a   WSW
15  65.2  70.5   4:18p  63.2   6:16a   0.6   0.9  0.09   0.1   6.0  11:35p   WNW
16  66.9  76.2   2:00p  61.8   6:58a   1.0   2.9  0.00   1.0  11.0   3:57p     W
17  67.4  79.1   2:10p  57.4   6:34a   1.7   4.1  0.00   1.1  11.0   1:21p     W
18  69.0  83.0   3:21p  56.6   6:27a   1.9   5.9  0.00   0.9  11.0  11:04a     W
19  69.5  84.2   2:33p  60.2   6:19a   1.0   5.5  0.00   0.8  10.0   6:26p     W
20  63.5  72.7   1:49p  58.5  11:08p   2.8   1.3  0.00   0.6  13.0   4:14p    SW
21  61.1  71.7   2:58p  52.6   5:13a   5.0   1.1  0.00   0.5   8.0   3:50p   WSW
22  61.7  74.7   2:08p  50.4   6:25a   5.4   2.1  0.00   1.1  12.0  12:30p   WNW
23  65.5  81.6   2:11p  53.8   6:18a   3.7   4.3  0.00   0.7  10.0   4:00p     W
24  64.4  77.0   2:53p  55.5   2:59a   3.5   2.9  0.00   0.8   9.0   3:31p     W
25  67.0  83.5   3:04p  54.1   6:17a   3.2   5.1  0.00   0.8   8.0   3:24p     W
26  70.1  87.2   1:57p  56.3   6:33a   2.2   7.3  0.00   0.6   8.0  11:25p     W
27  70.4  85.8   2:58p  58.6   6:37a   1.4   6.8  0.00   0.7   7.0  11:47a     W
28  64.5  73.1   3:19p  57.0   4:58a   2.0   1.6  0.00   0.3   5.0   6:49a    SW
29  62.9  69.6   5:09p  58.2   7:50a   3.0   0.9  0.00   0.1   5.0   1:43p    SW
30  61.8  65.7   5:23p  57.8  11:55p   3.3   0.0  0.10   0.2   8.0   5:34p     W
31  61.1  70.4   2:25p  55.2   6:38a   4.8   0.9  0.28   0.2   8.0  11:24a   WSW
----------------------------------------------------------------------------------
    66.2  94.6    11    50.4    22    76.9 114.9  1.45   0.7  13.0    10       W

Max >=  80.0: 13
Max <=  32.0:  0
Min <=  32.0:  0
Min <=   0.0:  0
Max Rain: 0.82 on day 13
Days of Rain: 8 (>= 0.01 in)  4 (>= 0.10 in)  0 (>= 1.00 in)
Heat Base: 65.0  Cool Base: 65.0  Method: Integration
:Now::Gauges::Today::Yesterday::This Month::Monthly Records::This Year::Data Summary::Records::Trends::System Info: