Brier Weather Station

:Now::Gauges::Today::Yesterday::This Month::Monthly Records::This Year::Data Summary::Records::Trends::System Info:

 Latitude N 47° 46' 49"    Longitude W 122° 16' 48"    Elevation 341 ft

Select a Year or Month report

Report for 2014 Jul
                   Monthly Climatological Summary for Jul 2014

Name: Brierweather   City: Brier   State: Wa
Elevation: 341 ft  Lat: N 47 46' 49"   Lon: W 122 16' 48"

                  Temperature (F), Rain (in), Wind Speed (mph)

                                      Heat  Cool        Avg
    Mean                              Deg   Deg         Wind                 Dom
Day Temp  High   Time   Low    Time   Days  Days  Rain  Speed High   Time    Dir
----------------------------------------------------------------------------------
 1  72.2  88.6   3:21p  55.3   5:23a   2.0   9.2  0.00   1.4   9.0  12:15p   WSW
 2  66.6  79.9   3:48p  55.7  11:54p   1.5   3.1  0.00   1.0  10.0   6:12p     W
 3  61.0  67.2   4:43p  55.2  12:11a   4.1   0.1  0.00   0.7   9.0   6:31p     W
 4  61.7  74.3   2:20p  51.9   5:45a   4.5   1.2  0.01   1.0  10.0   5:54p     W
 5  63.3  72.8  12:10p  54.6   1:58a   3.5   1.8  0.00   0.7   6.0   1:51p   WSW
 6  69.1  84.3   2:34p  58.8   5:24a   1.4   5.6  0.00   1.1  12.0   4:33p   WSW
 7  68.7  79.8   3:07p  61.5   3:13a   0.8   4.5  0.00   1.4  11.0   1:50p    NW
 8  68.8  82.6   4:16p  55.8   5:17a   2.2   6.1  0.00   1.5  12.0  11:27a     W
 9  66.7  80.4   2:35p  54.2   5:45a   2.8   4.6  0.00   1.0   8.0   3:01p     W
10  67.3  80.8   3:27p  53.9   5:55a   2.9   5.3  0.00   1.1  11.0   4:55p     W
11  69.8  85.5   3:40p  53.5   5:30a   2.9   7.7  0.00   1.1   9.0   1:08p     W
12  72.3  87.6   2:51p  58.4   5:24a   1.3   8.6  0.00   0.9   9.0   4:52p     W
13  71.2  85.9   3:14p  56.6   5:27a   1.7   8.0  0.00   1.1   9.0   1:55p     W
14  71.0  84.4   3:53p  61.4   5:47a   0.5   6.5  0.00   0.9   9.0   1:57p   WSW
15  70.4  84.1   3:58p  57.1   5:36a   1.6   7.0  0.00   1.0  10.0   3:38p   WSW
16  71.2  88.4   3:16p  55.8   5:35a   1.8   8.0  0.00   1.0   9.0   4:33p   WSW
17  65.8  77.5   4:07p  57.9   4:17a   2.4   3.2  0.00   0.7   9.0  11:00a    SW
18  64.9  75.9   3:52p  54.1   5:08a   3.2   3.1  0.00   0.7  10.0  12:28p   WSW
19  65.5  75.0   2:00p  58.8  11:58p   1.6   2.2  0.00   0.7   9.0   2:15p   WNW
20  58.4  63.3   1:23p  55.8  11:44p   6.6   0.0  0.11   0.3   8.0   8:26p    NW
21  62.4  73.6   4:31p  55.3   5:27a   4.3   1.8  0.00   0.6   7.0  10:24a   WSW
22  60.5  68.9   5:54p  51.4   4:07a   5.1   0.5  0.01   0.0   4.0   1:13p   SSW
23  59.6  62.1  10:47a  55.2  10:45p   5.4   0.0  1.19   0.1   6.0  11:23a   WSW
24  56.8  61.9  12:47p  55.0   5:09a   8.2   0.0  0.23   0.1   7.0   2:36a   NNE
25  61.4  72.1   4:28p  54.8   5:32a   4.8   1.2  0.01   0.9  10.0   5:19p     W
26  62.9  77.0   2:50p  50.1   5:28a   5.1   3.0  0.00   1.0  10.0   3:45p     W
27  65.7  79.0   4:39p  51.6   5:51a   3.7   4.4  0.00   1.6  11.0   2:46p     W
28  68.4  84.7   4:31p  52.7   5:45a   3.2   6.6  0.00   1.2  10.0   2:23p     W
29  67.6  82.2   3:13p  53.7   6:06a   2.8   5.4  0.00   1.1  12.0   1:09p   WNW
30  67.4  80.3   4:18p  55.5   6:11a   2.6   5.1  0.00   1.1  14.0   3:33p     W
31  67.6  83.5   4:16p  52.6   5:30a   3.4   6.0  0.00   1.2  11.0   5:34p     W
----------------------------------------------------------------------------------
    66.0  88.6     1    50.1    26    97.9 129.8  1.56   0.9  14.0    30       W

Max >=  80.0: 15
Max <=  32.0:  0
Min <=  32.0:  0
Min <=   0.0:  0
Max Rain: 1.19 on day 23
Days of Rain: 6 (>= 0.01 in)  3 (>= 0.10 in)  1 (>= 1.00 in)
Heat Base: 65.0  Cool Base: 65.0  Method: Integration
:Now::Gauges::Today::Yesterday::This Month::Monthly Records::This Year::Data Summary::Records::Trends::System Info: