Brier Weather Station

:Now::Gauges::Today::Yesterday::This Month::Monthly Records::This Year::Data Summary::Records::Trends::System Info:

 Latitude N 47° 46' 49"    Longitude W 122° 16' 48"    Elevation 341 ft

Select a Year or Month report

Report for 2014 May
                   Monthly Climatological Summary for May 2014

Name: Brierweather   City: Brier   State: Wa
Elevation: 341 ft  Lat: N 47 46' 49"   Lon: W 122 16' 48"

                  Temperature (F), Rain (in), Wind Speed (mph)

                                      Heat  Cool        Avg
    Mean                              Deg   Deg         Wind                 Dom
Day Temp  High   Time   Low    Time   Days  Days  Rain  Speed High   Time    Dir
----------------------------------------------------------------------------------
 1  66.4  86.9   4:24p  48.7   6:02a   4.7   6.1  0.00   0.7  10.0   4:07p   WSW
 2  61.3  70.4   3:55p  54.0  11:59p   4.3   0.7  0.03   0.7   8.0  12:45p    SW
 3  53.0  61.7   1:16p  50.0  11:59p  12.0   0.0  0.66   0.6  14.0   4:02p   WSW
 4  51.4  55.2  12:10p  48.5   4:20a  13.6   0.0  0.53   0.1  17.0   4:10p   SSW
 5  53.1  61.1   4:34p  48.9  11:40p  11.9   0.0  0.02   0.6   8.0   4:40p    SW
 6  52.8  60.4   4:44p  45.0  11:59p  12.2   0.0  0.04   0.5   7.0  12:16p   WSW
 7  54.1  67.0   2:42p  43.7   1:44a  10.9   0.0  0.00   0.7   9.0   3:10p   WSW
 8  51.6  57.3  10:45a  45.8   4:45a  13.4   0.0  0.41   0.4   8.0   9:51a   WSW
 9  51.5  57.6   1:07p  48.0  11:42p  13.5   0.0  0.01   1.3  12.0   9:07a   WSW
10  50.9  57.8   3:27p  44.8  11:57p  14.1   0.0  0.02   0.2   6.0   4:28p   WSW
11  52.9  65.6   2:22p  41.0   5:32a  12.1   0.0  0.00   0.8   8.0   1:09p     W
12  60.7  78.2   2:30p  45.2   5:44a   7.4   3.1  0.00   0.7   9.0   1:19p    SW
13  64.4  77.0   3:15p  52.6   6:24a   3.9   3.3  0.00   1.3  12.0   1:52p     W
14  65.3  79.9   2:11p  51.6   5:43a   4.2   4.6  0.00   1.1  11.0   3:55p     W
15  66.9  80.5   1:36p  53.7   5:42a   2.9   4.8  0.00   0.6   6.0   9:21a     W
16  60.2  68.4   3:03p  53.5  11:57p   5.1   0.3  0.00   0.8  13.0  11:50a    SW
17  58.2  67.0   1:56p  51.9   1:03a   6.8   0.0  0.01   0.5   9.0   5:00p   WSW
18  57.5  71.5   2:53p  46.5   4:43a   8.1   0.5  0.00   0.9  16.0   4:28p   WSW
19  59.0  69.4   4:17p  51.0  11:55p   6.3   0.3  0.01   0.9  10.0   6:20p   WSW
20  57.9  71.3   2:36p  46.9   5:41a   7.9   0.8  0.00   1.4  10.0   3:19p   WNW
21  57.4  68.4   2:50p  49.3   5:29a   7.8   0.2  0.00   0.5   7.0  12:12a   WSW
22  62.9  76.0   2:59p  51.7   4:55a   4.3   2.2  0.00   0.9   9.0   2:24p     W
23  59.4  65.1   5:37p  54.8   3:50a   5.6   0.0  0.20   0.5  10.0   2:15p   WNW
24  57.8  64.3   3:31p  53.3   6:52a   7.2   0.0  0.00   0.6   7.0   3:36p   WSW
25  55.5  59.9   1:07p  52.1   5:11a   9.5   0.0  0.13   0.0   4.0  10:07a    SW
26  57.2  67.4   2:47p  51.9  11:24p   7.8   0.0  0.01   1.0  12.0   2:21p     W
27  56.9  67.2   2:32p  46.8   5:55a   8.2   0.1  0.00   1.2  10.0   4:50p     W
28  56.4  67.9   3:10p  47.3   2:43a   8.6   0.0  0.00   0.6   8.0  12:14p   WSW
29  55.8  61.7   4:37p  50.8  11:55p   9.2   0.0  0.00   0.5   7.0   6:58p     W
30  56.3  68.5   4:15p  43.3   5:44a   9.1   0.4  0.00   1.6  13.0   1:17p     W
31  60.3  74.9   3:18p  45.6   5:55a   6.8   2.1  0.00   1.0   9.0   2:24p   WSW
----------------------------------------------------------------------------------
    57.6  86.9     1    41.0    11   259.4  29.5  2.08   0.7  17.0     4     WSW

Max >=  80.0:  2
Max <=  32.0:  0
Min <=  32.0:  0
Min <=   0.0:  0
Max Rain: 0.66 on day 3
Days of Rain: 13 (>= 0.01 in)  5 (>= 0.10 in)  0 (>= 1.00 in)
Heat Base: 65.0  Cool Base: 65.0  Method: Integration
:Now::Gauges::Today::Yesterday::This Month::Monthly Records::This Year::Data Summary::Records::Trends::System Info: